{"id":941,"date":"2012-09-06T12:49:00","date_gmt":"2012-09-06T10:49:00","guid":{"rendered":"https:\/\/estiu.es\/?post_type=proyecto&#038;p=941"},"modified":"2025-02-04T12:51:18","modified_gmt":"2025-02-04T11:51:18","slug":"proyecto-matraz","status":"publish","type":"proyecto","link":"https:\/\/estiu.es\/en\/proyecto\/proyecto-matraz\/","title":{"rendered":"Proyecto Matraz"},"content":{"rendered":"\n<p>Proyecto Matraz es una asociaci\u00f3n cultural ubicada el &nbsp;coraz\u00f3n del barrio del Grao de Valencia que&nbsp;tiene como objetivo fundamental promover el desarrollo de la cultura y la creatividad, en sus distintos \u00e1mbitos: art\u00edsticos, gastron\u00f3micos, t\u00e9cnicos, etc.<\/p>\n\n\n\n<p>Hemos apoyado esta asociaci\u00f3n realizando su imagen corporativa y las diferentes aplicaciones que se han realizado para promocionar las actividades que desarrollan, que incluyen talleres, conferencias, cursos, debates, un club de lectura e, incluso, alg\u00fan que otro concierto.<\/p>\n\n\n\n<figure class=\"wp-block-image size-full\"><img loading=\"lazy\" decoding=\"async\" width=\"1000\" height=\"669\" src=\"https:\/\/estiu.es\/wp-content\/uploads\/2025\/02\/5_ProyectoMatraz.jpeg\" alt=\"\" class=\"wp-image-946\" srcset=\"https:\/\/estiu.es\/wp-content\/uploads\/2025\/02\/5_ProyectoMatraz.jpeg 1000w, https:\/\/estiu.es\/wp-content\/uploads\/2025\/02\/5_ProyectoMatraz-300x201.jpeg 300w, https:\/\/estiu.es\/wp-content\/uploads\/2025\/02\/5_ProyectoMatraz-768x514.jpeg 768w\" sizes=\"auto, (max-width: 1000px) 100vw, 1000px\" \/><\/figure>\n\n\n\n<figure class=\"wp-block-image size-full\"><img loading=\"lazy\" decoding=\"async\" width=\"1000\" height=\"669\" src=\"https:\/\/estiu.es\/wp-content\/uploads\/2025\/02\/2_ProyectoMatraz.jpeg\" alt=\"\" class=\"wp-image-943\" srcset=\"https:\/\/estiu.es\/wp-content\/uploads\/2025\/02\/2_ProyectoMatraz.jpeg 1000w, https:\/\/estiu.es\/wp-content\/uploads\/2025\/02\/2_ProyectoMatraz-300x201.jpeg 300w, https:\/\/estiu.es\/wp-content\/uploads\/2025\/02\/2_ProyectoMatraz-768x514.jpeg 768w\" sizes=\"auto, (max-width: 1000px) 100vw, 1000px\" \/><\/figure>\n\n\n\n<figure class=\"wp-block-image size-full\"><img loading=\"lazy\" decoding=\"async\" width=\"1000\" height=\"669\" src=\"https:\/\/estiu.es\/wp-content\/uploads\/2025\/02\/3_ProyectoMatraz.png\" alt=\"\" class=\"wp-image-944\" srcset=\"https:\/\/estiu.es\/wp-content\/uploads\/2025\/02\/3_ProyectoMatraz.png 1000w, https:\/\/estiu.es\/wp-content\/uploads\/2025\/02\/3_ProyectoMatraz-300x201.png 300w, https:\/\/estiu.es\/wp-content\/uploads\/2025\/02\/3_ProyectoMatraz-768x514.png 768w\" sizes=\"auto, (max-width: 1000px) 100vw, 1000px\" \/><\/figure>\n\n\n\n<figure class=\"wp-block-image size-full\"><img loading=\"lazy\" decoding=\"async\" width=\"1000\" height=\"669\" src=\"https:\/\/estiu.es\/wp-content\/uploads\/2025\/02\/4_ProyectoMatraz.jpeg\" alt=\"\" class=\"wp-image-945\" srcset=\"https:\/\/estiu.es\/wp-content\/uploads\/2025\/02\/4_ProyectoMatraz.jpeg 1000w, https:\/\/estiu.es\/wp-content\/uploads\/2025\/02\/4_ProyectoMatraz-300x201.jpeg 300w, https:\/\/estiu.es\/wp-content\/uploads\/2025\/02\/4_ProyectoMatraz-768x514.jpeg 768w\" sizes=\"auto, (max-width: 1000px) 100vw, 1000px\" \/><\/figure>\n","protected":false},"featured_media":942,"template":"","meta":{"_acf_changed":false,"_coblocks_attr":"","_coblocks_dimensions":"","_coblocks_responsive_height":"","_coblocks_accordion_ie_support":""},"categoria-de-proyecto":[8,4],"class_list":["post-941","proyecto","type-proyecto","status-publish","has-post-thumbnail","hentry","categoria-de-proyecto-grafico","categoria-de-proyecto-identidad"],"acf":[],"_links":{"self":[{"href":"https:\/\/estiu.es\/en\/wp-json\/wp\/v2\/proyecto\/941","targetHints":{"allow":["GET"]}}],"collection":[{"href":"https:\/\/estiu.es\/en\/wp-json\/wp\/v2\/proyecto"}],"about":[{"href":"https:\/\/estiu.es\/en\/wp-json\/wp\/v2\/types\/proyecto"}],"wp:featuredmedia":[{"embeddable":true,"href":"https:\/\/estiu.es\/en\/wp-json\/wp\/v2\/media\/942"}],"wp:attachment":[{"href":"https:\/\/estiu.es\/en\/wp-json\/wp\/v2\/media?parent=941"}],"wp:term":[{"taxonomy":"categoria-de-proyecto","embeddable":true,"href":"https:\/\/estiu.es\/en\/wp-json\/wp\/v2\/categoria-de-proyecto?post=941"}],"curies":[{"name":"wp","href":"https:\/\/api.w.org\/{rel}","templated":true}]}}

<p>Proyecto Matraz es una asociación cultural ubicada el &nbsp;corazón del barrio del Grao de Valencia que&nbsp;tiene como objetivo fundamental promover el desarrollo de la cultura y la creatividad, en sus distintos ámbitos: artísticos, gastronómicos, técnicos, etc.</p>



<p>Hemos apoyado esta asociación realizando su imagen corporativa y las diferentes aplicaciones que se han realizado para promocionar las actividades que desarrollan, que incluyen talleres, conferencias, cursos, debates, un club de lectura e, incluso, algún que otro concierto.</p>



<figure class="wp-block-image size-full"><img loading="lazy" decoding="async" width="1000" height="669" src="https://estiu.es/wp-content/uploads/2025/02/5_ProyectoMatraz.jpeg" alt="" class="wp-image-946" srcset="https://estiu.es/wp-content/uploads/2025/02/5_ProyectoMatraz.jpeg 1000w, https://estiu.es/wp-content/uploads/2025/02/5_ProyectoMatraz-300x201.jpeg 300w, https://estiu.es/wp-content/uploads/2025/02/5_ProyectoMatraz-768x514.jpeg 768w" sizes="auto, (max-width: 1000px) 100vw, 1000px" /></figure>



<figure class="wp-block-image size-full"><img loading="lazy" decoding="async" width="1000" height="669" src="https://estiu.es/wp-content/uploads/2025/02/2_ProyectoMatraz.jpeg" alt="" class="wp-image-943" srcset="https://estiu.es/wp-content/uploads/2025/02/2_ProyectoMatraz.jpeg 1000w, https://estiu.es/wp-content/uploads/2025/02/2_ProyectoMatraz-300x201.jpeg 300w, https://estiu.es/wp-content/uploads/2025/02/2_ProyectoMatraz-768x514.jpeg 768w" sizes="auto, (max-width: 1000px) 100vw, 1000px" /></figure>



<figure class="wp-block-image size-full"><img loading="lazy" decoding="async" width="1000" height="669" src="https://estiu.es/wp-content/uploads/2025/02/3_ProyectoMatraz.png" alt="" class="wp-image-944" srcset="https://estiu.es/wp-content/uploads/2025/02/3_ProyectoMatraz.png 1000w, https://estiu.es/wp-content/uploads/2025/02/3_ProyectoMatraz-300x201.png 300w, https://estiu.es/wp-content/uploads/2025/02/3_ProyectoMatraz-768x514.png 768w" sizes="auto, (max-width: 1000px) 100vw, 1000px" /></figure>



<figure class="wp-block-image size-full"><img loading="lazy" decoding="async" width="1000" height="669" src="https://estiu.es/wp-content/uploads/2025/02/4_ProyectoMatraz.jpeg" alt="" class="wp-image-945" srcset="https://estiu.es/wp-content/uploads/2025/02/4_ProyectoMatraz.jpeg 1000w, https://estiu.es/wp-content/uploads/2025/02/4_ProyectoMatraz-300x201.jpeg 300w, https://estiu.es/wp-content/uploads/2025/02/4_ProyectoMatraz-768x514.jpeg 768w" sizes="auto, (max-width: 1000px) 100vw, 1000px" /></figure>
