{"id":924,"date":"2013-04-03T12:44:00","date_gmt":"2013-04-03T10:44:00","guid":{"rendered":"https:\/\/estiu.es\/?post_type=proyecto&#038;p=924"},"modified":"2025-02-04T12:45:23","modified_gmt":"2025-02-04T11:45:23","slug":"fotoagencia-valencia","status":"publish","type":"proyecto","link":"https:\/\/estiu.es\/en\/proyecto\/fotoagencia-valencia\/","title":{"rendered":"Fotoagencia Valencia"},"content":{"rendered":"\n<p>Desarrollo de la marca y aplicaciones b\u00e1sicas Fotoagencia Valencia, empresa\u00a0de servicios profesionales de fotograf\u00eda integrada por Eva M\u00e1\u00f1ez y Biel Ali\u00f1o. Adem\u00e1s, \u00a0nos encargamos de la renovaci\u00f3n de su p\u00e1gina web.<\/p>\n\n\n\n<figure class=\"wp-block-image size-large\"><img loading=\"lazy\" decoding=\"async\" width=\"1024\" height=\"685\" src=\"https:\/\/estiu.es\/wp-content\/uploads\/2025\/02\/2_FotoAgenciaValencia-1024x685.jpeg\" alt=\"\" class=\"wp-image-926\" srcset=\"https:\/\/estiu.es\/wp-content\/uploads\/2025\/02\/2_FotoAgenciaValencia-1024x685.jpeg 1024w, https:\/\/estiu.es\/wp-content\/uploads\/2025\/02\/2_FotoAgenciaValencia-300x201.jpeg 300w, https:\/\/estiu.es\/wp-content\/uploads\/2025\/02\/2_FotoAgenciaValencia-768x514.jpeg 768w, https:\/\/estiu.es\/wp-content\/uploads\/2025\/02\/2_FotoAgenciaValencia.jpeg 1045w\" sizes=\"auto, (max-width: 1024px) 100vw, 1024px\" \/><\/figure>\n\n\n\n<figure class=\"wp-block-image size-full\"><img loading=\"lazy\" decoding=\"async\" width=\"1000\" height=\"669\" src=\"https:\/\/estiu.es\/wp-content\/uploads\/2025\/02\/1_FotoAgenciaValencia.jpeg\" alt=\"\" class=\"wp-image-927\" srcset=\"https:\/\/estiu.es\/wp-content\/uploads\/2025\/02\/1_FotoAgenciaValencia.jpeg 1000w, https:\/\/estiu.es\/wp-content\/uploads\/2025\/02\/1_FotoAgenciaValencia-300x201.jpeg 300w, https:\/\/estiu.es\/wp-content\/uploads\/2025\/02\/1_FotoAgenciaValencia-768x514.jpeg 768w\" sizes=\"auto, (max-width: 1000px) 100vw, 1000px\" \/><\/figure>\n\n\n\n<figure class=\"wp-block-image size-full\"><img loading=\"lazy\" decoding=\"async\" width=\"1000\" height=\"699\" src=\"https:\/\/estiu.es\/wp-content\/uploads\/2025\/02\/3_FotoAgenciaValencia.jpeg\" alt=\"\" class=\"wp-image-928\" srcset=\"https:\/\/estiu.es\/wp-content\/uploads\/2025\/02\/3_FotoAgenciaValencia.jpeg 1000w, https:\/\/estiu.es\/wp-content\/uploads\/2025\/02\/3_FotoAgenciaValencia-300x210.jpeg 300w, https:\/\/estiu.es\/wp-content\/uploads\/2025\/02\/3_FotoAgenciaValencia-768x537.jpeg 768w\" sizes=\"auto, (max-width: 1000px) 100vw, 1000px\" \/><\/figure>\n\n\n\n<p><\/p>\n","protected":false},"featured_media":925,"template":"","meta":{"_acf_changed":false,"_coblocks_attr":"","_coblocks_dimensions":"","_coblocks_responsive_height":"","_coblocks_accordion_ie_support":""},"categoria-de-proyecto":[4,6],"class_list":["post-924","proyecto","type-proyecto","status-publish","has-post-thumbnail","hentry","categoria-de-proyecto-identidad","categoria-de-proyecto-web"],"acf":[],"_links":{"self":[{"href":"https:\/\/estiu.es\/en\/wp-json\/wp\/v2\/proyecto\/924","targetHints":{"allow":["GET"]}}],"collection":[{"href":"https:\/\/estiu.es\/en\/wp-json\/wp\/v2\/proyecto"}],"about":[{"href":"https:\/\/estiu.es\/en\/wp-json\/wp\/v2\/types\/proyecto"}],"wp:featuredmedia":[{"embeddable":true,"href":"https:\/\/estiu.es\/en\/wp-json\/wp\/v2\/media\/925"}],"wp:attachment":[{"href":"https:\/\/estiu.es\/en\/wp-json\/wp\/v2\/media?parent=924"}],"wp:term":[{"taxonomy":"categoria-de-proyecto","embeddable":true,"href":"https:\/\/estiu.es\/en\/wp-json\/wp\/v2\/categoria-de-proyecto?post=924"}],"curies":[{"name":"wp","href":"https:\/\/api.w.org\/{rel}","templated":true}]}}

<p>Desarrollo de la marca y aplicaciones básicas Fotoagencia Valencia, empresa de servicios profesionales de fotografía integrada por Eva Máñez y Biel Aliño. Además,  nos encargamos de la renovación de su página web.</p>



<figure class="wp-block-image size-large"><img loading="lazy" decoding="async" width="1024" height="685" src="https://estiu.es/wp-content/uploads/2025/02/2_FotoAgenciaValencia-1024x685.jpeg" alt="" class="wp-image-926" srcset="https://estiu.es/wp-content/uploads/2025/02/2_FotoAgenciaValencia-1024x685.jpeg 1024w, https://estiu.es/wp-content/uploads/2025/02/2_FotoAgenciaValencia-300x201.jpeg 300w, https://estiu.es/wp-content/uploads/2025/02/2_FotoAgenciaValencia-768x514.jpeg 768w, https://estiu.es/wp-content/uploads/2025/02/2_FotoAgenciaValencia.jpeg 1045w" sizes="auto, (max-width: 1024px) 100vw, 1024px" /></figure>



<figure class="wp-block-image size-full"><img loading="lazy" decoding="async" width="1000" height="669" src="https://estiu.es/wp-content/uploads/2025/02/1_FotoAgenciaValencia.jpeg" alt="" class="wp-image-927" srcset="https://estiu.es/wp-content/uploads/2025/02/1_FotoAgenciaValencia.jpeg 1000w, https://estiu.es/wp-content/uploads/2025/02/1_FotoAgenciaValencia-300x201.jpeg 300w, https://estiu.es/wp-content/uploads/2025/02/1_FotoAgenciaValencia-768x514.jpeg 768w" sizes="auto, (max-width: 1000px) 100vw, 1000px" /></figure>



<figure class="wp-block-image size-full"><img loading="lazy" decoding="async" width="1000" height="699" src="https://estiu.es/wp-content/uploads/2025/02/3_FotoAgenciaValencia.jpeg" alt="" class="wp-image-928" srcset="https://estiu.es/wp-content/uploads/2025/02/3_FotoAgenciaValencia.jpeg 1000w, https://estiu.es/wp-content/uploads/2025/02/3_FotoAgenciaValencia-300x210.jpeg 300w, https://estiu.es/wp-content/uploads/2025/02/3_FotoAgenciaValencia-768x537.jpeg 768w" sizes="auto, (max-width: 1000px) 100vw, 1000px" /></figure>



<p></p>
