{"id":900,"date":"2013-07-15T12:33:00","date_gmt":"2013-07-15T10:33:00","guid":{"rendered":"https:\/\/estiu.es\/?post_type=proyecto&#038;p=900"},"modified":"2025-02-04T12:35:45","modified_gmt":"2025-02-04T11:35:45","slug":"guia-para-la-internacionalizacion","status":"publish","type":"proyecto","link":"https:\/\/estiu.es\/en\/proyecto\/guia-para-la-internacionalizacion\/","title":{"rendered":"Gui\u0301a para la internacionalizacio\u0301n"},"content":{"rendered":"\n<p>Dise\u00f1o de la Gu\u00eda de la Internacionalizaci\u00f3n de Valencia Plaza. Una publicaci\u00f3n de 84 p\u00e1ginas planteada como una herramienta de consulta para las empresas, en el desarrollo de sus actividades, fuera de los mercados que constituyen su entorno geogr\u00e1fico natural.&nbsp;<\/p>\n\n\n\n<figure class=\"wp-block-image size-full\"><img loading=\"lazy\" decoding=\"async\" width=\"1000\" height=\"669\" src=\"https:\/\/estiu.es\/wp-content\/uploads\/2025\/02\/2_GuiaParaLaInternalizacion.jpeg\" alt=\"\" class=\"wp-image-902\" srcset=\"https:\/\/estiu.es\/wp-content\/uploads\/2025\/02\/2_GuiaParaLaInternalizacion.jpeg 1000w, https:\/\/estiu.es\/wp-content\/uploads\/2025\/02\/2_GuiaParaLaInternalizacion-300x201.jpeg 300w, https:\/\/estiu.es\/wp-content\/uploads\/2025\/02\/2_GuiaParaLaInternalizacion-768x514.jpeg 768w\" sizes=\"auto, (max-width: 1000px) 100vw, 1000px\" \/><\/figure>\n\n\n\n<figure class=\"wp-block-image size-full\"><img loading=\"lazy\" decoding=\"async\" width=\"1000\" height=\"669\" src=\"https:\/\/estiu.es\/wp-content\/uploads\/2025\/02\/5_GuiaParaLaInternalizacion.jpeg\" alt=\"\" class=\"wp-image-903\" srcset=\"https:\/\/estiu.es\/wp-content\/uploads\/2025\/02\/5_GuiaParaLaInternalizacion.jpeg 1000w, https:\/\/estiu.es\/wp-content\/uploads\/2025\/02\/5_GuiaParaLaInternalizacion-300x201.jpeg 300w, https:\/\/estiu.es\/wp-content\/uploads\/2025\/02\/5_GuiaParaLaInternalizacion-768x514.jpeg 768w\" sizes=\"auto, (max-width: 1000px) 100vw, 1000px\" \/><\/figure>\n\n\n\n<figure class=\"wp-block-image size-full\"><img loading=\"lazy\" decoding=\"async\" width=\"1000\" height=\"669\" src=\"https:\/\/estiu.es\/wp-content\/uploads\/2025\/02\/4_GuiaParaLaInternalizacion.jpeg\" alt=\"\" class=\"wp-image-904\" srcset=\"https:\/\/estiu.es\/wp-content\/uploads\/2025\/02\/4_GuiaParaLaInternalizacion.jpeg 1000w, https:\/\/estiu.es\/wp-content\/uploads\/2025\/02\/4_GuiaParaLaInternalizacion-300x201.jpeg 300w, https:\/\/estiu.es\/wp-content\/uploads\/2025\/02\/4_GuiaParaLaInternalizacion-768x514.jpeg 768w\" sizes=\"auto, (max-width: 1000px) 100vw, 1000px\" \/><\/figure>\n\n\n\n<figure class=\"wp-block-image size-full\"><img loading=\"lazy\" decoding=\"async\" width=\"1000\" height=\"669\" src=\"https:\/\/estiu.es\/wp-content\/uploads\/2025\/02\/3_GuiaParaLaInternalizacion.jpeg\" alt=\"\" class=\"wp-image-905\" srcset=\"https:\/\/estiu.es\/wp-content\/uploads\/2025\/02\/3_GuiaParaLaInternalizacion.jpeg 1000w, https:\/\/estiu.es\/wp-content\/uploads\/2025\/02\/3_GuiaParaLaInternalizacion-300x201.jpeg 300w, https:\/\/estiu.es\/wp-content\/uploads\/2025\/02\/3_GuiaParaLaInternalizacion-768x514.jpeg 768w\" sizes=\"auto, (max-width: 1000px) 100vw, 1000px\" \/><\/figure>\n\n\n\n<p>\u2014<\/p>\n\n\n\n<p>Mas info:\u00a0<a href=\"http:\/\/issuu.com\/valencia-plaza\">http:\/\/issuu.com\/valencia-plaza<\/a><\/p>\n","protected":false},"featured_media":901,"template":"","meta":{"_acf_changed":false,"_coblocks_attr":"","_coblocks_dimensions":"","_coblocks_responsive_height":"","_coblocks_accordion_ie_support":""},"categoria-de-proyecto":[3,9],"class_list":["post-900","proyecto","type-proyecto","status-publish","has-post-thumbnail","hentry","categoria-de-proyecto-editorial","categoria-de-proyecto-ilustracion"],"acf":[],"_links":{"self":[{"href":"https:\/\/estiu.es\/en\/wp-json\/wp\/v2\/proyecto\/900","targetHints":{"allow":["GET"]}}],"collection":[{"href":"https:\/\/estiu.es\/en\/wp-json\/wp\/v2\/proyecto"}],"about":[{"href":"https:\/\/estiu.es\/en\/wp-json\/wp\/v2\/types\/proyecto"}],"wp:featuredmedia":[{"embeddable":true,"href":"https:\/\/estiu.es\/en\/wp-json\/wp\/v2\/media\/901"}],"wp:attachment":[{"href":"https:\/\/estiu.es\/en\/wp-json\/wp\/v2\/media?parent=900"}],"wp:term":[{"taxonomy":"categoria-de-proyecto","embeddable":true,"href":"https:\/\/estiu.es\/en\/wp-json\/wp\/v2\/categoria-de-proyecto?post=900"}],"curies":[{"name":"wp","href":"https:\/\/api.w.org\/{rel}","templated":true}]}}

<p>Diseño de la Guía de la Internacionalización de Valencia Plaza. Una publicación de 84 páginas planteada como una herramienta de consulta para las empresas, en el desarrollo de sus actividades, fuera de los mercados que constituyen su entorno geográfico natural.&nbsp;</p>



<figure class="wp-block-image size-full"><img loading="lazy" decoding="async" width="1000" height="669" src="https://estiu.es/wp-content/uploads/2025/02/2_GuiaParaLaInternalizacion.jpeg" alt="" class="wp-image-902" srcset="https://estiu.es/wp-content/uploads/2025/02/2_GuiaParaLaInternalizacion.jpeg 1000w, https://estiu.es/wp-content/uploads/2025/02/2_GuiaParaLaInternalizacion-300x201.jpeg 300w, https://estiu.es/wp-content/uploads/2025/02/2_GuiaParaLaInternalizacion-768x514.jpeg 768w" sizes="auto, (max-width: 1000px) 100vw, 1000px" /></figure>



<figure class="wp-block-image size-full"><img loading="lazy" decoding="async" width="1000" height="669" src="https://estiu.es/wp-content/uploads/2025/02/5_GuiaParaLaInternalizacion.jpeg" alt="" class="wp-image-903" srcset="https://estiu.es/wp-content/uploads/2025/02/5_GuiaParaLaInternalizacion.jpeg 1000w, https://estiu.es/wp-content/uploads/2025/02/5_GuiaParaLaInternalizacion-300x201.jpeg 300w, https://estiu.es/wp-content/uploads/2025/02/5_GuiaParaLaInternalizacion-768x514.jpeg 768w" sizes="auto, (max-width: 1000px) 100vw, 1000px" /></figure>



<figure class="wp-block-image size-full"><img loading="lazy" decoding="async" width="1000" height="669" src="https://estiu.es/wp-content/uploads/2025/02/4_GuiaParaLaInternalizacion.jpeg" alt="" class="wp-image-904" srcset="https://estiu.es/wp-content/uploads/2025/02/4_GuiaParaLaInternalizacion.jpeg 1000w, https://estiu.es/wp-content/uploads/2025/02/4_GuiaParaLaInternalizacion-300x201.jpeg 300w, https://estiu.es/wp-content/uploads/2025/02/4_GuiaParaLaInternalizacion-768x514.jpeg 768w" sizes="auto, (max-width: 1000px) 100vw, 1000px" /></figure>



<figure class="wp-block-image size-full"><img loading="lazy" decoding="async" width="1000" height="669" src="https://estiu.es/wp-content/uploads/2025/02/3_GuiaParaLaInternalizacion.jpeg" alt="" class="wp-image-905" srcset="https://estiu.es/wp-content/uploads/2025/02/3_GuiaParaLaInternalizacion.jpeg 1000w, https://estiu.es/wp-content/uploads/2025/02/3_GuiaParaLaInternalizacion-300x201.jpeg 300w, https://estiu.es/wp-content/uploads/2025/02/3_GuiaParaLaInternalizacion-768x514.jpeg 768w" sizes="auto, (max-width: 1000px) 100vw, 1000px" /></figure>



<p>—</p>



<p>Mas info: <a href="http://issuu.com/valencia-plaza">http://issuu.com/valencia-plaza</a></p>
