{"id":821,"date":"2015-02-09T11:22:00","date_gmt":"2015-02-09T10:22:00","guid":{"rendered":"https:\/\/estiu.es\/?post_type=proyecto&#038;p=821"},"modified":"2025-02-04T11:27:56","modified_gmt":"2025-02-04T10:27:56","slug":"ayuntament-de-benlloch","status":"publish","type":"proyecto","link":"https:\/\/estiu.es\/en\/proyecto\/ayuntament-de-benlloch\/","title":{"rendered":"Ayuntament de Benlloch"},"content":{"rendered":"\n<p>Redise\u00f1o completo de su marca corporativa\u00a0y\u00a0se\u00f1al\u00e9tica b\u00e1sica del Ayuntamiento de Benlloch. El proyecto incluy\u00f3 el dise\u00f1o y desarrollo de su nueva web, as\u00ed como la realizaci\u00f3n de fotograf\u00edas y la personalizaci\u00f3n de las redes sociales.<\/p>\n\n\n\n<figure class=\"wp-block-image size-full\"><img loading=\"lazy\" decoding=\"async\" width=\"1000\" height=\"669\" src=\"https:\/\/estiu.es\/wp-content\/uploads\/2025\/02\/6_AjuntamentDeBenlloch.jpeg\" alt=\"\" class=\"wp-image-825\" srcset=\"https:\/\/estiu.es\/wp-content\/uploads\/2025\/02\/6_AjuntamentDeBenlloch.jpeg 1000w, https:\/\/estiu.es\/wp-content\/uploads\/2025\/02\/6_AjuntamentDeBenlloch-300x201.jpeg 300w, https:\/\/estiu.es\/wp-content\/uploads\/2025\/02\/6_AjuntamentDeBenlloch-768x514.jpeg 768w\" sizes=\"auto, (max-width: 1000px) 100vw, 1000px\" \/><\/figure>\n\n\n\n<figure class=\"wp-block-image size-full\"><img loading=\"lazy\" decoding=\"async\" width=\"992\" height=\"650\" src=\"https:\/\/estiu.es\/wp-content\/uploads\/2025\/02\/2_AjuntamentDeBenlloch.jpeg\" alt=\"\" class=\"wp-image-823\" srcset=\"https:\/\/estiu.es\/wp-content\/uploads\/2025\/02\/2_AjuntamentDeBenlloch.jpeg 992w, https:\/\/estiu.es\/wp-content\/uploads\/2025\/02\/2_AjuntamentDeBenlloch-300x197.jpeg 300w, https:\/\/estiu.es\/wp-content\/uploads\/2025\/02\/2_AjuntamentDeBenlloch-768x503.jpeg 768w\" sizes=\"auto, (max-width: 992px) 100vw, 992px\" \/><\/figure>\n\n\n\n<figure class=\"wp-block-image size-full\"><img loading=\"lazy\" decoding=\"async\" width=\"1000\" height=\"700\" src=\"https:\/\/estiu.es\/wp-content\/uploads\/2025\/02\/3_AjuntamentDeBenlloch.jpeg\" alt=\"\" class=\"wp-image-824\" srcset=\"https:\/\/estiu.es\/wp-content\/uploads\/2025\/02\/3_AjuntamentDeBenlloch.jpeg 1000w, https:\/\/estiu.es\/wp-content\/uploads\/2025\/02\/3_AjuntamentDeBenlloch-300x210.jpeg 300w, https:\/\/estiu.es\/wp-content\/uploads\/2025\/02\/3_AjuntamentDeBenlloch-768x538.jpeg 768w\" sizes=\"auto, (max-width: 1000px) 100vw, 1000px\" \/><\/figure>\n\n\n\n<figure class=\"wp-block-image size-full is-resized\"><img loading=\"lazy\" decoding=\"async\" width=\"800\" height=\"535\" src=\"https:\/\/estiu.es\/wp-content\/uploads\/2025\/02\/8_AjuntamentDeBenlloch.jpeg\" alt=\"\" class=\"wp-image-826\" style=\"width:840px;height:auto\" srcset=\"https:\/\/estiu.es\/wp-content\/uploads\/2025\/02\/8_AjuntamentDeBenlloch.jpeg 800w, https:\/\/estiu.es\/wp-content\/uploads\/2025\/02\/8_AjuntamentDeBenlloch-300x201.jpeg 300w, https:\/\/estiu.es\/wp-content\/uploads\/2025\/02\/8_AjuntamentDeBenlloch-768x514.jpeg 768w\" sizes=\"auto, (max-width: 800px) 100vw, 800px\" \/><\/figure>\n\n\n\n<figure class=\"wp-block-image size-large\"><img loading=\"lazy\" decoding=\"async\" width=\"1024\" height=\"683\" src=\"https:\/\/estiu.es\/wp-content\/uploads\/2025\/02\/4_AjuntamentDeBenlloch-1024x683.jpeg\" alt=\"\" class=\"wp-image-827\" srcset=\"https:\/\/estiu.es\/wp-content\/uploads\/2025\/02\/4_AjuntamentDeBenlloch-1024x683.jpeg 1024w, https:\/\/estiu.es\/wp-content\/uploads\/2025\/02\/4_AjuntamentDeBenlloch-300x200.jpeg 300w, https:\/\/estiu.es\/wp-content\/uploads\/2025\/02\/4_AjuntamentDeBenlloch-768x512.jpeg 768w, https:\/\/estiu.es\/wp-content\/uploads\/2025\/02\/4_AjuntamentDeBenlloch.jpeg 1200w\" sizes=\"auto, (max-width: 1024px) 100vw, 1024px\" \/><\/figure>\n\n\n\n<figure class=\"wp-block-image size-full\"><img loading=\"lazy\" decoding=\"async\" width=\"1000\" height=\"669\" src=\"https:\/\/estiu.es\/wp-content\/uploads\/2025\/02\/5_AjuntamentDeBenlloch.jpeg\" alt=\"\" class=\"wp-image-828\" srcset=\"https:\/\/estiu.es\/wp-content\/uploads\/2025\/02\/5_AjuntamentDeBenlloch.jpeg 1000w, https:\/\/estiu.es\/wp-content\/uploads\/2025\/02\/5_AjuntamentDeBenlloch-300x201.jpeg 300w, https:\/\/estiu.es\/wp-content\/uploads\/2025\/02\/5_AjuntamentDeBenlloch-768x514.jpeg 768w\" sizes=\"auto, (max-width: 1000px) 100vw, 1000px\" \/><\/figure>\n","protected":false},"featured_media":822,"template":"","meta":{"_acf_changed":false,"_coblocks_attr":"","_coblocks_dimensions":"","_coblocks_responsive_height":"","_coblocks_accordion_ie_support":""},"categoria-de-proyecto":[8,4,6],"class_list":["post-821","proyecto","type-proyecto","status-publish","has-post-thumbnail","hentry","categoria-de-proyecto-grafico","categoria-de-proyecto-identidad","categoria-de-proyecto-web"],"acf":[],"_links":{"self":[{"href":"https:\/\/estiu.es\/en\/wp-json\/wp\/v2\/proyecto\/821","targetHints":{"allow":["GET"]}}],"collection":[{"href":"https:\/\/estiu.es\/en\/wp-json\/wp\/v2\/proyecto"}],"about":[{"href":"https:\/\/estiu.es\/en\/wp-json\/wp\/v2\/types\/proyecto"}],"wp:featuredmedia":[{"embeddable":true,"href":"https:\/\/estiu.es\/en\/wp-json\/wp\/v2\/media\/822"}],"wp:attachment":[{"href":"https:\/\/estiu.es\/en\/wp-json\/wp\/v2\/media?parent=821"}],"wp:term":[{"taxonomy":"categoria-de-proyecto","embeddable":true,"href":"https:\/\/estiu.es\/en\/wp-json\/wp\/v2\/categoria-de-proyecto?post=821"}],"curies":[{"name":"wp","href":"https:\/\/api.w.org\/{rel}","templated":true}]}}

<p>Rediseño completo de su marca corporativa y señalética básica del Ayuntamiento de Benlloch. El proyecto incluyó el diseño y desarrollo de su nueva web, así como la realización de fotografías y la personalización de las redes sociales.</p>



<figure class="wp-block-image size-full"><img loading="lazy" decoding="async" width="1000" height="669" src="https://estiu.es/wp-content/uploads/2025/02/6_AjuntamentDeBenlloch.jpeg" alt="" class="wp-image-825" srcset="https://estiu.es/wp-content/uploads/2025/02/6_AjuntamentDeBenlloch.jpeg 1000w, https://estiu.es/wp-content/uploads/2025/02/6_AjuntamentDeBenlloch-300x201.jpeg 300w, https://estiu.es/wp-content/uploads/2025/02/6_AjuntamentDeBenlloch-768x514.jpeg 768w" sizes="auto, (max-width: 1000px) 100vw, 1000px" /></figure>



<figure class="wp-block-image size-full"><img loading="lazy" decoding="async" width="992" height="650" src="https://estiu.es/wp-content/uploads/2025/02/2_AjuntamentDeBenlloch.jpeg" alt="" class="wp-image-823" srcset="https://estiu.es/wp-content/uploads/2025/02/2_AjuntamentDeBenlloch.jpeg 992w, https://estiu.es/wp-content/uploads/2025/02/2_AjuntamentDeBenlloch-300x197.jpeg 300w, https://estiu.es/wp-content/uploads/2025/02/2_AjuntamentDeBenlloch-768x503.jpeg 768w" sizes="auto, (max-width: 992px) 100vw, 992px" /></figure>



<figure class="wp-block-image size-full"><img loading="lazy" decoding="async" width="1000" height="700" src="https://estiu.es/wp-content/uploads/2025/02/3_AjuntamentDeBenlloch.jpeg" alt="" class="wp-image-824" srcset="https://estiu.es/wp-content/uploads/2025/02/3_AjuntamentDeBenlloch.jpeg 1000w, https://estiu.es/wp-content/uploads/2025/02/3_AjuntamentDeBenlloch-300x210.jpeg 300w, https://estiu.es/wp-content/uploads/2025/02/3_AjuntamentDeBenlloch-768x538.jpeg 768w" sizes="auto, (max-width: 1000px) 100vw, 1000px" /></figure>



<figure class="wp-block-image size-full is-resized"><img loading="lazy" decoding="async" width="800" height="535" src="https://estiu.es/wp-content/uploads/2025/02/8_AjuntamentDeBenlloch.jpeg" alt="" class="wp-image-826" style="width:840px;height:auto" srcset="https://estiu.es/wp-content/uploads/2025/02/8_AjuntamentDeBenlloch.jpeg 800w, https://estiu.es/wp-content/uploads/2025/02/8_AjuntamentDeBenlloch-300x201.jpeg 300w, https://estiu.es/wp-content/uploads/2025/02/8_AjuntamentDeBenlloch-768x514.jpeg 768w" sizes="auto, (max-width: 800px) 100vw, 800px" /></figure>



<figure class="wp-block-image size-large"><img loading="lazy" decoding="async" width="1024" height="683" src="https://estiu.es/wp-content/uploads/2025/02/4_AjuntamentDeBenlloch-1024x683.jpeg" alt="" class="wp-image-827" srcset="https://estiu.es/wp-content/uploads/2025/02/4_AjuntamentDeBenlloch-1024x683.jpeg 1024w, https://estiu.es/wp-content/uploads/2025/02/4_AjuntamentDeBenlloch-300x200.jpeg 300w, https://estiu.es/wp-content/uploads/2025/02/4_AjuntamentDeBenlloch-768x512.jpeg 768w, https://estiu.es/wp-content/uploads/2025/02/4_AjuntamentDeBenlloch.jpeg 1200w" sizes="auto, (max-width: 1024px) 100vw, 1024px" /></figure>



<figure class="wp-block-image size-full"><img loading="lazy" decoding="async" width="1000" height="669" src="https://estiu.es/wp-content/uploads/2025/02/5_AjuntamentDeBenlloch.jpeg" alt="" class="wp-image-828" srcset="https://estiu.es/wp-content/uploads/2025/02/5_AjuntamentDeBenlloch.jpeg 1000w, https://estiu.es/wp-content/uploads/2025/02/5_AjuntamentDeBenlloch-300x201.jpeg 300w, https://estiu.es/wp-content/uploads/2025/02/5_AjuntamentDeBenlloch-768x514.jpeg 768w" sizes="auto, (max-width: 1000px) 100vw, 1000px" /></figure>
