{"id":808,"date":"2015-05-08T11:11:00","date_gmt":"2015-05-08T09:11:00","guid":{"rendered":"https:\/\/estiu.es\/?post_type=proyecto&#038;p=808"},"modified":"2025-02-04T11:19:15","modified_gmt":"2025-02-04T10:19:15","slug":"colegio-fundacion-estudio","status":"publish","type":"proyecto","link":"https:\/\/estiu.es\/en\/proyecto\/colegio-fundacion-estudio\/","title":{"rendered":"Colegio Fundacio\u0301n Estudio"},"content":{"rendered":"\n<p>Dise\u00f1o y desarrollo de la web de&nbsp;Colegio \u201cEstudio\u201d es una instituci\u00f3n educativa privada, laica, y sin \u00e1nimo de lucro, creada en 1940 por Jimena Men\u00e9ndez-Pidal, Carmen Garc\u00eda del Diestro y \u00c1ngeles Gasset, con el prop\u00f3sito de&nbsp; preservar y difundir la filosof\u00eda de la Instituci\u00f3n Libre de Ense\u00f1anza.&nbsp;<\/p>\n\n\n\n<figure class=\"wp-block-image size-full\"><img loading=\"lazy\" decoding=\"async\" width=\"1000\" height=\"669\" src=\"https:\/\/estiu.es\/wp-content\/uploads\/2025\/02\/2_ColegioFundacionEstudio.jpeg\" alt=\"\" class=\"wp-image-812\" srcset=\"https:\/\/estiu.es\/wp-content\/uploads\/2025\/02\/2_ColegioFundacionEstudio.jpeg 1000w, https:\/\/estiu.es\/wp-content\/uploads\/2025\/02\/2_ColegioFundacionEstudio-300x201.jpeg 300w, https:\/\/estiu.es\/wp-content\/uploads\/2025\/02\/2_ColegioFundacionEstudio-768x514.jpeg 768w\" sizes=\"auto, (max-width: 1000px) 100vw, 1000px\" \/><\/figure>\n\n\n\n<figure class=\"wp-block-image size-full\"><img loading=\"lazy\" decoding=\"async\" width=\"1000\" height=\"669\" src=\"https:\/\/estiu.es\/wp-content\/uploads\/2025\/02\/3_ColegioFundacionEstudio.jpeg\" alt=\"\" class=\"wp-image-813\" srcset=\"https:\/\/estiu.es\/wp-content\/uploads\/2025\/02\/3_ColegioFundacionEstudio.jpeg 1000w, https:\/\/estiu.es\/wp-content\/uploads\/2025\/02\/3_ColegioFundacionEstudio-300x201.jpeg 300w, https:\/\/estiu.es\/wp-content\/uploads\/2025\/02\/3_ColegioFundacionEstudio-768x514.jpeg 768w\" sizes=\"auto, (max-width: 1000px) 100vw, 1000px\" \/><\/figure>\n\n\n\n<p>\u2014&nbsp;<\/p>\n\n\n\n<p><a href=\"https:\/\/colegio-estudio.es\/\">colegio-estudio.es<\/a><\/p>\n\n\n\n<p><\/p>\n","protected":false},"featured_media":811,"template":"","meta":{"_acf_changed":false,"_coblocks_attr":"","_coblocks_dimensions":"","_coblocks_responsive_height":"","_coblocks_accordion_ie_support":""},"categoria-de-proyecto":[6],"class_list":["post-808","proyecto","type-proyecto","status-publish","has-post-thumbnail","hentry","categoria-de-proyecto-web"],"acf":[],"_links":{"self":[{"href":"https:\/\/estiu.es\/en\/wp-json\/wp\/v2\/proyecto\/808","targetHints":{"allow":["GET"]}}],"collection":[{"href":"https:\/\/estiu.es\/en\/wp-json\/wp\/v2\/proyecto"}],"about":[{"href":"https:\/\/estiu.es\/en\/wp-json\/wp\/v2\/types\/proyecto"}],"wp:featuredmedia":[{"embeddable":true,"href":"https:\/\/estiu.es\/en\/wp-json\/wp\/v2\/media\/811"}],"wp:attachment":[{"href":"https:\/\/estiu.es\/en\/wp-json\/wp\/v2\/media?parent=808"}],"wp:term":[{"taxonomy":"categoria-de-proyecto","embeddable":true,"href":"https:\/\/estiu.es\/en\/wp-json\/wp\/v2\/categoria-de-proyecto?post=808"}],"curies":[{"name":"wp","href":"https:\/\/api.w.org\/{rel}","templated":true}]}}

<p>Diseño y desarrollo de la web de&nbsp;Colegio “Estudio” es una institución educativa privada, laica, y sin ánimo de lucro, creada en 1940 por Jimena Menéndez-Pidal, Carmen García del Diestro y Ángeles Gasset, con el propósito de&nbsp; preservar y difundir la filosofía de la Institución Libre de Enseñanza.&nbsp;</p>



<figure class="wp-block-image size-full"><img loading="lazy" decoding="async" width="1000" height="669" src="https://estiu.es/wp-content/uploads/2025/02/2_ColegioFundacionEstudio.jpeg" alt="" class="wp-image-812" srcset="https://estiu.es/wp-content/uploads/2025/02/2_ColegioFundacionEstudio.jpeg 1000w, https://estiu.es/wp-content/uploads/2025/02/2_ColegioFundacionEstudio-300x201.jpeg 300w, https://estiu.es/wp-content/uploads/2025/02/2_ColegioFundacionEstudio-768x514.jpeg 768w" sizes="auto, (max-width: 1000px) 100vw, 1000px" /></figure>



<figure class="wp-block-image size-full"><img loading="lazy" decoding="async" width="1000" height="669" src="https://estiu.es/wp-content/uploads/2025/02/3_ColegioFundacionEstudio.jpeg" alt="" class="wp-image-813" srcset="https://estiu.es/wp-content/uploads/2025/02/3_ColegioFundacionEstudio.jpeg 1000w, https://estiu.es/wp-content/uploads/2025/02/3_ColegioFundacionEstudio-300x201.jpeg 300w, https://estiu.es/wp-content/uploads/2025/02/3_ColegioFundacionEstudio-768x514.jpeg 768w" sizes="auto, (max-width: 1000px) 100vw, 1000px" /></figure>



<p>—&nbsp;</p>



<p><a href="https://colegio-estudio.es/">colegio-estudio.es</a></p>



<p></p>
