{"id":796,"date":"2015-07-07T11:05:00","date_gmt":"2015-07-07T09:05:00","guid":{"rendered":"https:\/\/estiu.es\/?post_type=proyecto&#038;p=796"},"modified":"2025-02-04T11:07:32","modified_gmt":"2025-02-04T10:07:32","slug":"mostra-belloquina-2015","status":"publish","type":"proyecto","link":"https:\/\/estiu.es\/en\/proyecto\/mostra-belloquina-2015\/","title":{"rendered":"Mostra Belloquina 2015"},"content":{"rendered":"\n<p>Desarrollo de la imagen gr\u00e1fica de la Mostra Belloquina y adaptaciones de carteler\u00eda para la XIV edici\u00f3n de esta muestra de\u00a0vinos y productos organizada por el Ayuntamiento de Benlloch.\u00a0La almendra fue\u00a0el eje central de las actividades programadas para\u00a0esta\u00a0edici\u00f3n, celebrada entre los d\u00edas 28 y 29 de marzo en la localidad de Benlloch. Este trabajo fue realizado en colaboraci\u00f3n con Baptiste Pons.<\/p>\n\n\n<div class=\"wp-block-image\">\n<figure class=\"aligncenter size-large is-resized\"><img loading=\"lazy\" decoding=\"async\" width=\"844\" height=\"1024\" src=\"https:\/\/estiu.es\/wp-content\/uploads\/2025\/02\/2_MostraBelloquina-844x1024.jpeg\" alt=\"\" class=\"wp-image-798\" style=\"width:507px;height:auto\" srcset=\"https:\/\/estiu.es\/wp-content\/uploads\/2025\/02\/2_MostraBelloquina-844x1024.jpeg 844w, https:\/\/estiu.es\/wp-content\/uploads\/2025\/02\/2_MostraBelloquina-247x300.jpeg 247w, https:\/\/estiu.es\/wp-content\/uploads\/2025\/02\/2_MostraBelloquina-768x932.jpeg 768w, https:\/\/estiu.es\/wp-content\/uploads\/2025\/02\/2_MostraBelloquina.jpeg 1000w\" sizes=\"auto, (max-width: 844px) 100vw, 844px\" \/><\/figure>\n<\/div>\n\n\n<figure class=\"wp-block-image size-full\"><img loading=\"lazy\" decoding=\"async\" width=\"1000\" height=\"669\" src=\"https:\/\/estiu.es\/wp-content\/uploads\/2025\/02\/3_MostraBelloquina.jpeg\" alt=\"\" class=\"wp-image-799\" srcset=\"https:\/\/estiu.es\/wp-content\/uploads\/2025\/02\/3_MostraBelloquina.jpeg 1000w, https:\/\/estiu.es\/wp-content\/uploads\/2025\/02\/3_MostraBelloquina-300x201.jpeg 300w, https:\/\/estiu.es\/wp-content\/uploads\/2025\/02\/3_MostraBelloquina-768x514.jpeg 768w\" sizes=\"auto, (max-width: 1000px) 100vw, 1000px\" \/><\/figure>\n\n\n\n<figure class=\"wp-block-image size-full\"><img loading=\"lazy\" decoding=\"async\" width=\"1000\" height=\"669\" src=\"https:\/\/estiu.es\/wp-content\/uploads\/2025\/02\/1_MostraBelloquina.jpeg\" alt=\"\" class=\"wp-image-800\" srcset=\"https:\/\/estiu.es\/wp-content\/uploads\/2025\/02\/1_MostraBelloquina.jpeg 1000w, https:\/\/estiu.es\/wp-content\/uploads\/2025\/02\/1_MostraBelloquina-300x201.jpeg 300w, https:\/\/estiu.es\/wp-content\/uploads\/2025\/02\/1_MostraBelloquina-768x514.jpeg 768w\" sizes=\"auto, (max-width: 1000px) 100vw, 1000px\" \/><\/figure>\n","protected":false},"featured_media":797,"template":"","meta":{"_acf_changed":false,"_coblocks_attr":"","_coblocks_dimensions":"","_coblocks_responsive_height":"","_coblocks_accordion_ie_support":""},"categoria-de-proyecto":[8,4],"class_list":["post-796","proyecto","type-proyecto","status-publish","has-post-thumbnail","hentry","categoria-de-proyecto-grafico","categoria-de-proyecto-identidad"],"acf":[],"_links":{"self":[{"href":"https:\/\/estiu.es\/en\/wp-json\/wp\/v2\/proyecto\/796","targetHints":{"allow":["GET"]}}],"collection":[{"href":"https:\/\/estiu.es\/en\/wp-json\/wp\/v2\/proyecto"}],"about":[{"href":"https:\/\/estiu.es\/en\/wp-json\/wp\/v2\/types\/proyecto"}],"wp:featuredmedia":[{"embeddable":true,"href":"https:\/\/estiu.es\/en\/wp-json\/wp\/v2\/media\/797"}],"wp:attachment":[{"href":"https:\/\/estiu.es\/en\/wp-json\/wp\/v2\/media?parent=796"}],"wp:term":[{"taxonomy":"categoria-de-proyecto","embeddable":true,"href":"https:\/\/estiu.es\/en\/wp-json\/wp\/v2\/categoria-de-proyecto?post=796"}],"curies":[{"name":"wp","href":"https:\/\/api.w.org\/{rel}","templated":true}]}}

<p>Desarrollo de la imagen gráfica de la Mostra Belloquina y adaptaciones de cartelería para la XIV edición de esta muestra de vinos y productos organizada por el Ayuntamiento de Benlloch. La almendra fue el eje central de las actividades programadas para esta edición, celebrada entre los días 28 y 29 de marzo en la localidad de Benlloch. Este trabajo fue realizado en colaboración con Baptiste Pons.</p>


<div class="wp-block-image">
<figure class="aligncenter size-large is-resized"><img loading="lazy" decoding="async" width="844" height="1024" src="https://estiu.es/wp-content/uploads/2025/02/2_MostraBelloquina-844x1024.jpeg" alt="" class="wp-image-798" style="width:507px;height:auto" srcset="https://estiu.es/wp-content/uploads/2025/02/2_MostraBelloquina-844x1024.jpeg 844w, https://estiu.es/wp-content/uploads/2025/02/2_MostraBelloquina-247x300.jpeg 247w, https://estiu.es/wp-content/uploads/2025/02/2_MostraBelloquina-768x932.jpeg 768w, https://estiu.es/wp-content/uploads/2025/02/2_MostraBelloquina.jpeg 1000w" sizes="auto, (max-width: 844px) 100vw, 844px" /></figure>
</div>


<figure class="wp-block-image size-full"><img loading="lazy" decoding="async" width="1000" height="669" src="https://estiu.es/wp-content/uploads/2025/02/3_MostraBelloquina.jpeg" alt="" class="wp-image-799" srcset="https://estiu.es/wp-content/uploads/2025/02/3_MostraBelloquina.jpeg 1000w, https://estiu.es/wp-content/uploads/2025/02/3_MostraBelloquina-300x201.jpeg 300w, https://estiu.es/wp-content/uploads/2025/02/3_MostraBelloquina-768x514.jpeg 768w" sizes="auto, (max-width: 1000px) 100vw, 1000px" /></figure>



<figure class="wp-block-image size-full"><img loading="lazy" decoding="async" width="1000" height="669" src="https://estiu.es/wp-content/uploads/2025/02/1_MostraBelloquina.jpeg" alt="" class="wp-image-800" srcset="https://estiu.es/wp-content/uploads/2025/02/1_MostraBelloquina.jpeg 1000w, https://estiu.es/wp-content/uploads/2025/02/1_MostraBelloquina-300x201.jpeg 300w, https://estiu.es/wp-content/uploads/2025/02/1_MostraBelloquina-768x514.jpeg 768w" sizes="auto, (max-width: 1000px) 100vw, 1000px" /></figure>
