{"id":675,"date":"2018-08-21T10:00:00","date_gmt":"2018-08-21T08:00:00","guid":{"rendered":"https:\/\/estiu.es\/?post_type=proyecto&#038;p=675"},"modified":"2025-02-04T10:03:01","modified_gmt":"2025-02-04T09:03:01","slug":"incultura-fest","status":"publish","type":"proyecto","link":"https:\/\/estiu.es\/en\/proyecto\/incultura-fest\/","title":{"rendered":"InCultura Fest"},"content":{"rendered":"\n<p>El&nbsp;InCultura Fest&nbsp;nace con la intenci\u00f3n de reivindicar la cultura desde un punto de vista l\u00fadico, que no superficial. En \u00e9l se dan cabida&nbsp;todo tipo de disciplinas culturales, en distintos formatos, a lo largo de&nbsp;una jornada.&nbsp;Para la primera edici\u00f3n de este&nbsp;festival, celebrado en abril de 2016&nbsp;en el centro cultural&nbsp;Las Naves, desarrollamos su&nbsp;imagen gr\u00e1fica&nbsp;as\u00ed como la campa\u00f1a de difusi\u00f3n en redes sociales.<\/p>\n\n\n\n<p>La tipograf\u00eda Bw Stretch&nbsp;de Alberto Romanos y Chivo de OmnibusType fueron las protagonistas&nbsp;junto una paleta crom\u00e1tica f\u00e1cilmente reconocible en sus diversos usos.<\/p>\n\n\n\n<figure class=\"wp-block-image size-large\"><img loading=\"lazy\" decoding=\"async\" width=\"1024\" height=\"517\" src=\"https:\/\/estiu.es\/wp-content\/uploads\/2025\/02\/3_InculturaFest-1024x517.jpeg\" alt=\"\" class=\"wp-image-676\" srcset=\"https:\/\/estiu.es\/wp-content\/uploads\/2025\/02\/3_InculturaFest-1024x517.jpeg 1024w, https:\/\/estiu.es\/wp-content\/uploads\/2025\/02\/3_InculturaFest-300x151.jpeg 300w, https:\/\/estiu.es\/wp-content\/uploads\/2025\/02\/3_InculturaFest-768x388.jpeg 768w, https:\/\/estiu.es\/wp-content\/uploads\/2025\/02\/3_InculturaFest.jpeg 1387w\" sizes=\"auto, (max-width: 1024px) 100vw, 1024px\" \/><\/figure>\n\n\n\n<figure class=\"wp-block-image size-full\"><img loading=\"lazy\" decoding=\"async\" width=\"1024\" height=\"768\" src=\"https:\/\/estiu.es\/wp-content\/uploads\/2025\/02\/2_InculturaFest.gif\" alt=\"\" class=\"wp-image-678\"\/><\/figure>\n\n\n\n<figure class=\"wp-block-image size-full\"><img loading=\"lazy\" decoding=\"async\" width=\"1000\" height=\"667\" src=\"https:\/\/estiu.es\/wp-content\/uploads\/2025\/02\/1_InculturaFest.jpeg\" alt=\"\" class=\"wp-image-679\" srcset=\"https:\/\/estiu.es\/wp-content\/uploads\/2025\/02\/1_InculturaFest.jpeg 1000w, https:\/\/estiu.es\/wp-content\/uploads\/2025\/02\/1_InculturaFest-300x200.jpeg 300w, https:\/\/estiu.es\/wp-content\/uploads\/2025\/02\/1_InculturaFest-768x512.jpeg 768w\" sizes=\"auto, (max-width: 1000px) 100vw, 1000px\" \/><\/figure>\n","protected":false},"featured_media":677,"template":"","meta":{"_acf_changed":false,"_coblocks_attr":"","_coblocks_dimensions":"","_coblocks_responsive_height":"","_coblocks_accordion_ie_support":""},"categoria-de-proyecto":[8],"class_list":["post-675","proyecto","type-proyecto","status-publish","has-post-thumbnail","hentry","categoria-de-proyecto-grafico"],"acf":[],"_links":{"self":[{"href":"https:\/\/estiu.es\/en\/wp-json\/wp\/v2\/proyecto\/675","targetHints":{"allow":["GET"]}}],"collection":[{"href":"https:\/\/estiu.es\/en\/wp-json\/wp\/v2\/proyecto"}],"about":[{"href":"https:\/\/estiu.es\/en\/wp-json\/wp\/v2\/types\/proyecto"}],"wp:featuredmedia":[{"embeddable":true,"href":"https:\/\/estiu.es\/en\/wp-json\/wp\/v2\/media\/677"}],"wp:attachment":[{"href":"https:\/\/estiu.es\/en\/wp-json\/wp\/v2\/media?parent=675"}],"wp:term":[{"taxonomy":"categoria-de-proyecto","embeddable":true,"href":"https:\/\/estiu.es\/en\/wp-json\/wp\/v2\/categoria-de-proyecto?post=675"}],"curies":[{"name":"wp","href":"https:\/\/api.w.org\/{rel}","templated":true}]}}

<p>El&nbsp;InCultura Fest&nbsp;nace con la intención de reivindicar la cultura desde un punto de vista lúdico, que no superficial. En él se dan cabida&nbsp;todo tipo de disciplinas culturales, en distintos formatos, a lo largo de&nbsp;una jornada.&nbsp;Para la primera edición de este&nbsp;festival, celebrado en abril de 2016&nbsp;en el centro cultural&nbsp;Las Naves, desarrollamos su&nbsp;imagen gráfica&nbsp;así como la campaña de difusión en redes sociales.</p>



<p>La tipografía Bw Stretch&nbsp;de Alberto Romanos y Chivo de OmnibusType fueron las protagonistas&nbsp;junto una paleta cromática fácilmente reconocible en sus diversos usos.</p>



<figure class="wp-block-image size-large"><img loading="lazy" decoding="async" width="1024" height="517" src="https://estiu.es/wp-content/uploads/2025/02/3_InculturaFest-1024x517.jpeg" alt="" class="wp-image-676" srcset="https://estiu.es/wp-content/uploads/2025/02/3_InculturaFest-1024x517.jpeg 1024w, https://estiu.es/wp-content/uploads/2025/02/3_InculturaFest-300x151.jpeg 300w, https://estiu.es/wp-content/uploads/2025/02/3_InculturaFest-768x388.jpeg 768w, https://estiu.es/wp-content/uploads/2025/02/3_InculturaFest.jpeg 1387w" sizes="auto, (max-width: 1024px) 100vw, 1024px" /></figure>



<figure class="wp-block-image size-full"><img loading="lazy" decoding="async" width="1024" height="768" src="https://estiu.es/wp-content/uploads/2025/02/2_InculturaFest.gif" alt="" class="wp-image-678"/></figure>



<figure class="wp-block-image size-full"><img loading="lazy" decoding="async" width="1000" height="667" src="https://estiu.es/wp-content/uploads/2025/02/1_InculturaFest.jpeg" alt="" class="wp-image-679" srcset="https://estiu.es/wp-content/uploads/2025/02/1_InculturaFest.jpeg 1000w, https://estiu.es/wp-content/uploads/2025/02/1_InculturaFest-300x200.jpeg 300w, https://estiu.es/wp-content/uploads/2025/02/1_InculturaFest-768x512.jpeg 768w" sizes="auto, (max-width: 1000px) 100vw, 1000px" /></figure>
