{"id":657,"date":"2018-08-03T09:35:00","date_gmt":"2018-08-03T07:35:00","guid":{"rendered":"https:\/\/estiu.es\/?post_type=proyecto&#038;p=657"},"modified":"2025-02-04T09:43:09","modified_gmt":"2025-02-04T08:43:09","slug":"anuario-valencia-plaza-2015","status":"publish","type":"proyecto","link":"https:\/\/estiu.es\/en\/proyecto\/anuario-valencia-plaza-2015\/","title":{"rendered":"Anuario Valencia Plaza 2015"},"content":{"rendered":"\n<p>Dise\u00f1o y maquetaci\u00f3n del Anuario 2015 de\u00a0Valencia Plaza, una publicaci\u00f3n de 136 p\u00e1ginas que edita como\u00a0resumen de los contenidos m\u00e1s destacados publicados por este diario digital durante el a\u00f1o anterior. Para la doble p\u00e1gina infogr\u00e1fica contamos con la colaboraci\u00f3n de Alicia Andreu.<\/p>\n\n\n\n<figure class=\"wp-block-image size-full is-resized\"><img loading=\"lazy\" decoding=\"async\" width=\"768\" height=\"514\" src=\"https:\/\/estiu.es\/wp-content\/uploads\/2025\/02\/4_AnuarioValenciaPlaza2015.jpeg\" alt=\"\" class=\"wp-image-659\" style=\"width:840px;height:auto\" srcset=\"https:\/\/estiu.es\/wp-content\/uploads\/2025\/02\/4_AnuarioValenciaPlaza2015.jpeg 768w, https:\/\/estiu.es\/wp-content\/uploads\/2025\/02\/4_AnuarioValenciaPlaza2015-300x201.jpeg 300w\" sizes=\"auto, (max-width: 768px) 100vw, 768px\" \/><\/figure>\n\n\n\n<figure class=\"wp-block-image size-full\"><img loading=\"lazy\" decoding=\"async\" width=\"1000\" height=\"700\" src=\"https:\/\/estiu.es\/wp-content\/uploads\/2025\/02\/2_AnuarioValenciaPlaza2015.jpeg\" alt=\"\" class=\"wp-image-660\" srcset=\"https:\/\/estiu.es\/wp-content\/uploads\/2025\/02\/2_AnuarioValenciaPlaza2015.jpeg 1000w, https:\/\/estiu.es\/wp-content\/uploads\/2025\/02\/2_AnuarioValenciaPlaza2015-300x210.jpeg 300w, https:\/\/estiu.es\/wp-content\/uploads\/2025\/02\/2_AnuarioValenciaPlaza2015-768x538.jpeg 768w\" sizes=\"auto, (max-width: 1000px) 100vw, 1000px\" \/><\/figure>\n\n\n\n<figure class=\"wp-block-image size-full\"><img loading=\"lazy\" decoding=\"async\" width=\"1000\" height=\"700\" src=\"https:\/\/estiu.es\/wp-content\/uploads\/2025\/02\/3_AnuarioValenciaPlaza2015.jpeg\" alt=\"\" class=\"wp-image-661\" srcset=\"https:\/\/estiu.es\/wp-content\/uploads\/2025\/02\/3_AnuarioValenciaPlaza2015.jpeg 1000w, https:\/\/estiu.es\/wp-content\/uploads\/2025\/02\/3_AnuarioValenciaPlaza2015-300x210.jpeg 300w, https:\/\/estiu.es\/wp-content\/uploads\/2025\/02\/3_AnuarioValenciaPlaza2015-768x538.jpeg 768w\" sizes=\"auto, (max-width: 1000px) 100vw, 1000px\" \/><\/figure>\n","protected":false},"featured_media":658,"template":"","meta":{"_acf_changed":false,"_coblocks_attr":"","_coblocks_dimensions":"","_coblocks_responsive_height":"","_coblocks_accordion_ie_support":""},"categoria-de-proyecto":[3],"class_list":["post-657","proyecto","type-proyecto","status-publish","has-post-thumbnail","hentry","categoria-de-proyecto-editorial"],"acf":[],"_links":{"self":[{"href":"https:\/\/estiu.es\/en\/wp-json\/wp\/v2\/proyecto\/657","targetHints":{"allow":["GET"]}}],"collection":[{"href":"https:\/\/estiu.es\/en\/wp-json\/wp\/v2\/proyecto"}],"about":[{"href":"https:\/\/estiu.es\/en\/wp-json\/wp\/v2\/types\/proyecto"}],"wp:featuredmedia":[{"embeddable":true,"href":"https:\/\/estiu.es\/en\/wp-json\/wp\/v2\/media\/658"}],"wp:attachment":[{"href":"https:\/\/estiu.es\/en\/wp-json\/wp\/v2\/media?parent=657"}],"wp:term":[{"taxonomy":"categoria-de-proyecto","embeddable":true,"href":"https:\/\/estiu.es\/en\/wp-json\/wp\/v2\/categoria-de-proyecto?post=657"}],"curies":[{"name":"wp","href":"https:\/\/api.w.org\/{rel}","templated":true}]}}

<p>Diseño y maquetación del Anuario 2015 de Valencia Plaza, una publicación de 136 páginas que edita como resumen de los contenidos más destacados publicados por este diario digital durante el año anterior. Para la doble página infográfica contamos con la colaboración de Alicia Andreu.</p>



<figure class="wp-block-image size-full is-resized"><img loading="lazy" decoding="async" width="768" height="514" src="https://estiu.es/wp-content/uploads/2025/02/4_AnuarioValenciaPlaza2015.jpeg" alt="" class="wp-image-659" style="width:840px;height:auto" srcset="https://estiu.es/wp-content/uploads/2025/02/4_AnuarioValenciaPlaza2015.jpeg 768w, https://estiu.es/wp-content/uploads/2025/02/4_AnuarioValenciaPlaza2015-300x201.jpeg 300w" sizes="auto, (max-width: 768px) 100vw, 768px" /></figure>



<figure class="wp-block-image size-full"><img loading="lazy" decoding="async" width="1000" height="700" src="https://estiu.es/wp-content/uploads/2025/02/2_AnuarioValenciaPlaza2015.jpeg" alt="" class="wp-image-660" srcset="https://estiu.es/wp-content/uploads/2025/02/2_AnuarioValenciaPlaza2015.jpeg 1000w, https://estiu.es/wp-content/uploads/2025/02/2_AnuarioValenciaPlaza2015-300x210.jpeg 300w, https://estiu.es/wp-content/uploads/2025/02/2_AnuarioValenciaPlaza2015-768x538.jpeg 768w" sizes="auto, (max-width: 1000px) 100vw, 1000px" /></figure>



<figure class="wp-block-image size-full"><img loading="lazy" decoding="async" width="1000" height="700" src="https://estiu.es/wp-content/uploads/2025/02/3_AnuarioValenciaPlaza2015.jpeg" alt="" class="wp-image-661" srcset="https://estiu.es/wp-content/uploads/2025/02/3_AnuarioValenciaPlaza2015.jpeg 1000w, https://estiu.es/wp-content/uploads/2025/02/3_AnuarioValenciaPlaza2015-300x210.jpeg 300w, https://estiu.es/wp-content/uploads/2025/02/3_AnuarioValenciaPlaza2015-768x538.jpeg 768w" sizes="auto, (max-width: 1000px) 100vw, 1000px" /></figure>
