{"id":578,"date":"2019-11-05T12:36:00","date_gmt":"2019-11-05T11:36:00","guid":{"rendered":"https:\/\/estiu.es\/?post_type=proyecto&#038;p=578"},"modified":"2025-02-03T12:44:23","modified_gmt":"2025-02-03T11:44:23","slug":"toni-canet-el-hijo-de-calero","status":"publish","type":"proyecto","link":"https:\/\/estiu.es\/en\/proyecto\/toni-canet-el-hijo-de-calero\/","title":{"rendered":"Toni Canet, el hijo de calero"},"content":{"rendered":"\n<p>Dise\u00f1o y maquetaci\u00f3n&nbsp;de Toni Canet, el hijo del calero. Un libro de&nbsp;Carlos Aimeur editado en dos idiomas por Mostra de Val\u00e8ncia con el que se rinde homenaje al cineasta valenciano.&nbsp;<\/p>\n\n\n\n<figure class=\"wp-block-image size-large\"><img loading=\"lazy\" decoding=\"async\" width=\"1024\" height=\"683\" src=\"https:\/\/estiu.es\/wp-content\/uploads\/2025\/02\/10_ToniCanet-1024x683.jpeg\" alt=\"\" class=\"wp-image-580\" srcset=\"https:\/\/estiu.es\/wp-content\/uploads\/2025\/02\/10_ToniCanet-1024x683.jpeg 1024w, https:\/\/estiu.es\/wp-content\/uploads\/2025\/02\/10_ToniCanet-300x200.jpeg 300w, https:\/\/estiu.es\/wp-content\/uploads\/2025\/02\/10_ToniCanet-768x512.jpeg 768w, https:\/\/estiu.es\/wp-content\/uploads\/2025\/02\/10_ToniCanet-1536x1024.jpeg 1536w, https:\/\/estiu.es\/wp-content\/uploads\/2025\/02\/10_ToniCanet-2048x1365.jpeg 2048w\" sizes=\"auto, (max-width: 1024px) 100vw, 1024px\" \/><\/figure>\n\n\n\n<figure class=\"wp-block-image size-full\"><img loading=\"lazy\" decoding=\"async\" width=\"1000\" height=\"667\" src=\"https:\/\/estiu.es\/wp-content\/uploads\/2025\/02\/6_ToniCanet.jpeg\" alt=\"\" class=\"wp-image-586\" srcset=\"https:\/\/estiu.es\/wp-content\/uploads\/2025\/02\/6_ToniCanet.jpeg 1000w, https:\/\/estiu.es\/wp-content\/uploads\/2025\/02\/6_ToniCanet-300x200.jpeg 300w, https:\/\/estiu.es\/wp-content\/uploads\/2025\/02\/6_ToniCanet-768x512.jpeg 768w\" sizes=\"auto, (max-width: 1000px) 100vw, 1000px\" \/><\/figure>\n\n\n\n<figure class=\"wp-block-image size-full\"><img loading=\"lazy\" decoding=\"async\" width=\"1000\" height=\"667\" src=\"https:\/\/estiu.es\/wp-content\/uploads\/2025\/02\/3_ToniCanet.jpeg\" alt=\"\" class=\"wp-image-582\" srcset=\"https:\/\/estiu.es\/wp-content\/uploads\/2025\/02\/3_ToniCanet.jpeg 1000w, https:\/\/estiu.es\/wp-content\/uploads\/2025\/02\/3_ToniCanet-300x200.jpeg 300w, https:\/\/estiu.es\/wp-content\/uploads\/2025\/02\/3_ToniCanet-768x512.jpeg 768w\" sizes=\"auto, (max-width: 1000px) 100vw, 1000px\" \/><\/figure>\n\n\n\n<figure class=\"wp-block-image size-full\"><img loading=\"lazy\" decoding=\"async\" width=\"1000\" height=\"667\" src=\"https:\/\/estiu.es\/wp-content\/uploads\/2025\/02\/2_ToniCanet.jpeg\" alt=\"\" class=\"wp-image-583\" srcset=\"https:\/\/estiu.es\/wp-content\/uploads\/2025\/02\/2_ToniCanet.jpeg 1000w, https:\/\/estiu.es\/wp-content\/uploads\/2025\/02\/2_ToniCanet-300x200.jpeg 300w, https:\/\/estiu.es\/wp-content\/uploads\/2025\/02\/2_ToniCanet-768x512.jpeg 768w\" sizes=\"auto, (max-width: 1000px) 100vw, 1000px\" \/><\/figure>\n\n\n\n<figure class=\"wp-block-image size-full\"><img loading=\"lazy\" decoding=\"async\" width=\"1000\" height=\"667\" src=\"https:\/\/estiu.es\/wp-content\/uploads\/2025\/02\/8_ToniCanet.jpeg\" alt=\"\" class=\"wp-image-584\" srcset=\"https:\/\/estiu.es\/wp-content\/uploads\/2025\/02\/8_ToniCanet.jpeg 1000w, https:\/\/estiu.es\/wp-content\/uploads\/2025\/02\/8_ToniCanet-300x200.jpeg 300w, https:\/\/estiu.es\/wp-content\/uploads\/2025\/02\/8_ToniCanet-768x512.jpeg 768w\" sizes=\"auto, (max-width: 1000px) 100vw, 1000px\" \/><\/figure>\n\n\n\n<figure class=\"wp-block-image size-full\"><img loading=\"lazy\" decoding=\"async\" width=\"1000\" height=\"667\" src=\"https:\/\/estiu.es\/wp-content\/uploads\/2025\/02\/5_ToniCanet.jpeg\" alt=\"\" class=\"wp-image-581\" srcset=\"https:\/\/estiu.es\/wp-content\/uploads\/2025\/02\/5_ToniCanet.jpeg 1000w, https:\/\/estiu.es\/wp-content\/uploads\/2025\/02\/5_ToniCanet-300x200.jpeg 300w, https:\/\/estiu.es\/wp-content\/uploads\/2025\/02\/5_ToniCanet-768x512.jpeg 768w\" sizes=\"auto, (max-width: 1000px) 100vw, 1000px\" \/><\/figure>\n\n\n\n<figure class=\"wp-block-image size-full\"><img loading=\"lazy\" decoding=\"async\" width=\"1000\" height=\"667\" src=\"https:\/\/estiu.es\/wp-content\/uploads\/2025\/02\/4_ToniCanet.jpeg\" alt=\"\" class=\"wp-image-585\" srcset=\"https:\/\/estiu.es\/wp-content\/uploads\/2025\/02\/4_ToniCanet.jpeg 1000w, https:\/\/estiu.es\/wp-content\/uploads\/2025\/02\/4_ToniCanet-300x200.jpeg 300w, https:\/\/estiu.es\/wp-content\/uploads\/2025\/02\/4_ToniCanet-768x512.jpeg 768w\" sizes=\"auto, (max-width: 1000px) 100vw, 1000px\" \/><\/figure>\n\n\n\n<p>\u2014<\/p>\n\n\n\n<p>Fotos del proyecto:&nbsp;Mar\u00eda Mira<\/p>\n","protected":false},"featured_media":579,"template":"","meta":{"_acf_changed":false,"_coblocks_attr":"","_coblocks_dimensions":"","_coblocks_responsive_height":"","_coblocks_accordion_ie_support":""},"categoria-de-proyecto":[3],"class_list":["post-578","proyecto","type-proyecto","status-publish","has-post-thumbnail","hentry","categoria-de-proyecto-editorial"],"acf":[],"_links":{"self":[{"href":"https:\/\/estiu.es\/en\/wp-json\/wp\/v2\/proyecto\/578","targetHints":{"allow":["GET"]}}],"collection":[{"href":"https:\/\/estiu.es\/en\/wp-json\/wp\/v2\/proyecto"}],"about":[{"href":"https:\/\/estiu.es\/en\/wp-json\/wp\/v2\/types\/proyecto"}],"wp:featuredmedia":[{"embeddable":true,"href":"https:\/\/estiu.es\/en\/wp-json\/wp\/v2\/media\/579"}],"wp:attachment":[{"href":"https:\/\/estiu.es\/en\/wp-json\/wp\/v2\/media?parent=578"}],"wp:term":[{"taxonomy":"categoria-de-proyecto","embeddable":true,"href":"https:\/\/estiu.es\/en\/wp-json\/wp\/v2\/categoria-de-proyecto?post=578"}],"curies":[{"name":"wp","href":"https:\/\/api.w.org\/{rel}","templated":true}]}}

<p>Diseño y maquetación&nbsp;de Toni Canet, el hijo del calero. Un libro de&nbsp;Carlos Aimeur editado en dos idiomas por Mostra de València con el que se rinde homenaje al cineasta valenciano.&nbsp;</p>



<figure class="wp-block-image size-large"><img loading="lazy" decoding="async" width="1024" height="683" src="https://estiu.es/wp-content/uploads/2025/02/10_ToniCanet-1024x683.jpeg" alt="" class="wp-image-580" srcset="https://estiu.es/wp-content/uploads/2025/02/10_ToniCanet-1024x683.jpeg 1024w, https://estiu.es/wp-content/uploads/2025/02/10_ToniCanet-300x200.jpeg 300w, https://estiu.es/wp-content/uploads/2025/02/10_ToniCanet-768x512.jpeg 768w, https://estiu.es/wp-content/uploads/2025/02/10_ToniCanet-1536x1024.jpeg 1536w, https://estiu.es/wp-content/uploads/2025/02/10_ToniCanet-2048x1365.jpeg 2048w" sizes="auto, (max-width: 1024px) 100vw, 1024px" /></figure>



<figure class="wp-block-image size-full"><img loading="lazy" decoding="async" width="1000" height="667" src="https://estiu.es/wp-content/uploads/2025/02/6_ToniCanet.jpeg" alt="" class="wp-image-586" srcset="https://estiu.es/wp-content/uploads/2025/02/6_ToniCanet.jpeg 1000w, https://estiu.es/wp-content/uploads/2025/02/6_ToniCanet-300x200.jpeg 300w, https://estiu.es/wp-content/uploads/2025/02/6_ToniCanet-768x512.jpeg 768w" sizes="auto, (max-width: 1000px) 100vw, 1000px" /></figure>



<figure class="wp-block-image size-full"><img loading="lazy" decoding="async" width="1000" height="667" src="https://estiu.es/wp-content/uploads/2025/02/3_ToniCanet.jpeg" alt="" class="wp-image-582" srcset="https://estiu.es/wp-content/uploads/2025/02/3_ToniCanet.jpeg 1000w, https://estiu.es/wp-content/uploads/2025/02/3_ToniCanet-300x200.jpeg 300w, https://estiu.es/wp-content/uploads/2025/02/3_ToniCanet-768x512.jpeg 768w" sizes="auto, (max-width: 1000px) 100vw, 1000px" /></figure>



<figure class="wp-block-image size-full"><img loading="lazy" decoding="async" width="1000" height="667" src="https://estiu.es/wp-content/uploads/2025/02/2_ToniCanet.jpeg" alt="" class="wp-image-583" srcset="https://estiu.es/wp-content/uploads/2025/02/2_ToniCanet.jpeg 1000w, https://estiu.es/wp-content/uploads/2025/02/2_ToniCanet-300x200.jpeg 300w, https://estiu.es/wp-content/uploads/2025/02/2_ToniCanet-768x512.jpeg 768w" sizes="auto, (max-width: 1000px) 100vw, 1000px" /></figure>



<figure class="wp-block-image size-full"><img loading="lazy" decoding="async" width="1000" height="667" src="https://estiu.es/wp-content/uploads/2025/02/8_ToniCanet.jpeg" alt="" class="wp-image-584" srcset="https://estiu.es/wp-content/uploads/2025/02/8_ToniCanet.jpeg 1000w, https://estiu.es/wp-content/uploads/2025/02/8_ToniCanet-300x200.jpeg 300w, https://estiu.es/wp-content/uploads/2025/02/8_ToniCanet-768x512.jpeg 768w" sizes="auto, (max-width: 1000px) 100vw, 1000px" /></figure>



<figure class="wp-block-image size-full"><img loading="lazy" decoding="async" width="1000" height="667" src="https://estiu.es/wp-content/uploads/2025/02/5_ToniCanet.jpeg" alt="" class="wp-image-581" srcset="https://estiu.es/wp-content/uploads/2025/02/5_ToniCanet.jpeg 1000w, https://estiu.es/wp-content/uploads/2025/02/5_ToniCanet-300x200.jpeg 300w, https://estiu.es/wp-content/uploads/2025/02/5_ToniCanet-768x512.jpeg 768w" sizes="auto, (max-width: 1000px) 100vw, 1000px" /></figure>



<figure class="wp-block-image size-full"><img loading="lazy" decoding="async" width="1000" height="667" src="https://estiu.es/wp-content/uploads/2025/02/4_ToniCanet.jpeg" alt="" class="wp-image-585" srcset="https://estiu.es/wp-content/uploads/2025/02/4_ToniCanet.jpeg 1000w, https://estiu.es/wp-content/uploads/2025/02/4_ToniCanet-300x200.jpeg 300w, https://estiu.es/wp-content/uploads/2025/02/4_ToniCanet-768x512.jpeg 768w" sizes="auto, (max-width: 1000px) 100vw, 1000px" /></figure>



<p>—</p>



<p>Fotos del proyecto:&nbsp;María Mira</p>
