{"id":502,"date":"2024-06-18T14:42:00","date_gmt":"2024-06-18T12:42:00","guid":{"rendered":"https:\/\/estiu.es\/?post_type=proyecto&#038;p=502"},"modified":"2025-05-09T11:49:20","modified_gmt":"2025-05-09T09:49:20","slug":"teatro-la-estrella-45-anos-de-historia","status":"publish","type":"proyecto","link":"https:\/\/estiu.es\/en\/proyecto\/teatro-la-estrella-45-anos-de-historia\/","title":{"rendered":"Exposici\u00f3n Teatro La Estrella"},"content":{"rendered":"\n<p>Dise\u00f1o de la gr\u00e1fica expositiva de <em>Teatro La Estrella, 45 a\u00f1os de historia<\/em>, que pudo verse en el  CCCC Centre del Carme del 15 de marzo al 23 de junio de 2024.<\/p>\n\n\n\n<p>La exposici\u00f3n, centrada en la historia de la familia Fariza-Miralles y el origen de Teatro la Estrella combinaba objetos personales, obras pict\u00f3ricas y elementos teatrales para narrar la trayectoria de esta compa\u00f1\u00eda valenciana referente en el \u00e1mbito de los t\u00edteres. <\/p>\n\n\n\n<p>A lo largo de cuatro salas el trabajo de dise\u00f1o expositivo combin\u00f3 tanto la tematizaci\u00f3n de cada una de las salas as\u00ed como el dise\u00f1o de la pancarta, hoja de sala, r\u00f3tulos, cr\u00e9ditos y disposici\u00f3n de elementos en sala. Adem\u00e1s, dise\u00f1amos elementos como la cronolog\u00eda de los dos grandes protagonistas de esta muestra, adem\u00e1s de guiar en el recorrido por los grandes hitos de la compa\u00f1\u00eda, desde sus inicios en el teatro callejero de la Transici\u00f3n madrile\u00f1a hasta su consolidaci\u00f3n en Val\u00e8ncia como teatro de t\u00edteres, primero en el Cabanyal y, m\u00e1s tarde, en el otro local en La Petxina.<\/p>\n\n\n\n<figure class=\"wp-block-image size-large\"><img loading=\"lazy\" decoding=\"async\" width=\"1024\" height=\"683\" src=\"https:\/\/estiu.es\/wp-content\/uploads\/2025\/01\/470197801_18362999281189192_5310123813255991821_n-1024x683.jpg\" alt=\"\" class=\"wp-image-509\" srcset=\"https:\/\/estiu.es\/wp-content\/uploads\/2025\/01\/470197801_18362999281189192_5310123813255991821_n-1024x683.jpg 1024w, https:\/\/estiu.es\/wp-content\/uploads\/2025\/01\/470197801_18362999281189192_5310123813255991821_n-300x200.jpg 300w, https:\/\/estiu.es\/wp-content\/uploads\/2025\/01\/470197801_18362999281189192_5310123813255991821_n-768x512.jpg 768w, https:\/\/estiu.es\/wp-content\/uploads\/2025\/01\/470197801_18362999281189192_5310123813255991821_n.jpg 1080w\" sizes=\"auto, (max-width: 1024px) 100vw, 1024px\" \/><\/figure>\n\n\n\n<figure class=\"wp-block-image size-large\"><img loading=\"lazy\" decoding=\"async\" width=\"1024\" height=\"683\" src=\"https:\/\/estiu.es\/wp-content\/uploads\/2025\/01\/470141027_18362999575189192_178778478787102776_n-1-1024x683.jpg\" alt=\"\" class=\"wp-image-507\" srcset=\"https:\/\/estiu.es\/wp-content\/uploads\/2025\/01\/470141027_18362999575189192_178778478787102776_n-1-1024x683.jpg 1024w, https:\/\/estiu.es\/wp-content\/uploads\/2025\/01\/470141027_18362999575189192_178778478787102776_n-1-300x200.jpg 300w, https:\/\/estiu.es\/wp-content\/uploads\/2025\/01\/470141027_18362999575189192_178778478787102776_n-1-768x512.jpg 768w, https:\/\/estiu.es\/wp-content\/uploads\/2025\/01\/470141027_18362999575189192_178778478787102776_n-1.jpg 1080w\" sizes=\"auto, (max-width: 1024px) 100vw, 1024px\" \/><\/figure>\n\n\n\n<figure class=\"wp-block-image size-large\"><img loading=\"lazy\" decoding=\"async\" width=\"1024\" height=\"683\" src=\"https:\/\/estiu.es\/wp-content\/uploads\/2025\/01\/470174790_18362999401189192_7329141761708133053_n-1024x683.jpg\" alt=\"\" class=\"wp-image-506\" srcset=\"https:\/\/estiu.es\/wp-content\/uploads\/2025\/01\/470174790_18362999401189192_7329141761708133053_n-1024x683.jpg 1024w, https:\/\/estiu.es\/wp-content\/uploads\/2025\/01\/470174790_18362999401189192_7329141761708133053_n-300x200.jpg 300w, https:\/\/estiu.es\/wp-content\/uploads\/2025\/01\/470174790_18362999401189192_7329141761708133053_n-768x512.jpg 768w, https:\/\/estiu.es\/wp-content\/uploads\/2025\/01\/470174790_18362999401189192_7329141761708133053_n.jpg 1080w\" sizes=\"auto, (max-width: 1024px) 100vw, 1024px\" \/><\/figure>\n\n\n\n<figure class=\"wp-block-image size-large\"><img loading=\"lazy\" decoding=\"async\" width=\"1024\" height=\"683\" src=\"https:\/\/estiu.es\/wp-content\/uploads\/2025\/01\/470193203_18362999488189192_8487733060126408342_n-1024x683.jpg\" alt=\"\" class=\"wp-image-505\" srcset=\"https:\/\/estiu.es\/wp-content\/uploads\/2025\/01\/470193203_18362999488189192_8487733060126408342_n-1024x683.jpg 1024w, https:\/\/estiu.es\/wp-content\/uploads\/2025\/01\/470193203_18362999488189192_8487733060126408342_n-300x200.jpg 300w, https:\/\/estiu.es\/wp-content\/uploads\/2025\/01\/470193203_18362999488189192_8487733060126408342_n-768x512.jpg 768w, https:\/\/estiu.es\/wp-content\/uploads\/2025\/01\/470193203_18362999488189192_8487733060126408342_n.jpg 1080w\" sizes=\"auto, (max-width: 1024px) 100vw, 1024px\" \/><\/figure>\n\n\n\n<figure class=\"wp-block-image size-large\"><img loading=\"lazy\" decoding=\"async\" width=\"1024\" height=\"683\" src=\"https:\/\/estiu.es\/wp-content\/uploads\/2025\/01\/470188919_18362999458189192_8056758465107420644_n-1-1024x683.jpg\" alt=\"\" class=\"wp-image-520\" srcset=\"https:\/\/estiu.es\/wp-content\/uploads\/2025\/01\/470188919_18362999458189192_8056758465107420644_n-1-1024x683.jpg 1024w, https:\/\/estiu.es\/wp-content\/uploads\/2025\/01\/470188919_18362999458189192_8056758465107420644_n-1-300x200.jpg 300w, https:\/\/estiu.es\/wp-content\/uploads\/2025\/01\/470188919_18362999458189192_8056758465107420644_n-1-768x512.jpg 768w, https:\/\/estiu.es\/wp-content\/uploads\/2025\/01\/470188919_18362999458189192_8056758465107420644_n-1.jpg 1440w\" sizes=\"auto, (max-width: 1024px) 100vw, 1024px\" \/><\/figure>\n\n\n\n<figure class=\"wp-block-image size-large\"><img loading=\"lazy\" decoding=\"async\" width=\"1024\" height=\"685\" src=\"https:\/\/estiu.es\/wp-content\/uploads\/2025\/01\/470175917_18362999374189192_498990495192966374_n-1024x685.jpg\" alt=\"\" class=\"wp-image-519\" srcset=\"https:\/\/estiu.es\/wp-content\/uploads\/2025\/01\/470175917_18362999374189192_498990495192966374_n-1024x685.jpg 1024w, https:\/\/estiu.es\/wp-content\/uploads\/2025\/01\/470175917_18362999374189192_498990495192966374_n-300x201.jpg 300w, https:\/\/estiu.es\/wp-content\/uploads\/2025\/01\/470175917_18362999374189192_498990495192966374_n-768x514.jpg 768w, https:\/\/estiu.es\/wp-content\/uploads\/2025\/01\/470175917_18362999374189192_498990495192966374_n.jpg 1440w\" sizes=\"auto, (max-width: 1024px) 100vw, 1024px\" \/><\/figure>\n\n\n\n<p>\u2014<\/p>\n\n\n\n<p>Comisariado:&nbsp;Trisah Mir\u00f3<br>Montaje:&nbsp;Articlar<br>Fotograf\u00eda:&nbsp;Juan R. Peir\u00f3<\/p>\n\n\n\n<p><\/p>\n","protected":false},"featured_media":508,"template":"","meta":{"_acf_changed":false,"_coblocks_attr":"","_coblocks_dimensions":"","_coblocks_responsive_height":"","_coblocks_accordion_ie_support":""},"categoria-de-proyecto":[8,4],"class_list":["post-502","proyecto","type-proyecto","status-publish","has-post-thumbnail","hentry","categoria-de-proyecto-grafico","categoria-de-proyecto-identidad"],"acf":[],"_links":{"self":[{"href":"https:\/\/estiu.es\/en\/wp-json\/wp\/v2\/proyecto\/502","targetHints":{"allow":["GET"]}}],"collection":[{"href":"https:\/\/estiu.es\/en\/wp-json\/wp\/v2\/proyecto"}],"about":[{"href":"https:\/\/estiu.es\/en\/wp-json\/wp\/v2\/types\/proyecto"}],"wp:featuredmedia":[{"embeddable":true,"href":"https:\/\/estiu.es\/en\/wp-json\/wp\/v2\/media\/508"}],"wp:attachment":[{"href":"https:\/\/estiu.es\/en\/wp-json\/wp\/v2\/media?parent=502"}],"wp:term":[{"taxonomy":"categoria-de-proyecto","embeddable":true,"href":"https:\/\/estiu.es\/en\/wp-json\/wp\/v2\/categoria-de-proyecto?post=502"}],"curies":[{"name":"wp","href":"https:\/\/api.w.org\/{rel}","templated":true}]}}

Exposición Teatro La Estrella

<p>Diseño de la gráfica expositiva de <em>Teatro La Estrella, 45 años de historia</em>, que pudo verse en el  CCCC Centre del Carme del 15 de marzo al 23 de junio de 2024.</p>



<p>La exposición, centrada en la historia de la familia Fariza-Miralles y el origen de Teatro la Estrella combinaba objetos personales, obras pictóricas y elementos teatrales para narrar la trayectoria de esta compañía valenciana referente en el ámbito de los títeres. </p>



<p>A lo largo de cuatro salas el trabajo de diseño expositivo combinó tanto la tematización de cada una de las salas así como el diseño de la pancarta, hoja de sala, rótulos, créditos y disposición de elementos en sala. Además, diseñamos elementos como la cronología de los dos grandes protagonistas de esta muestra, además de guiar en el recorrido por los grandes hitos de la compañía, desde sus inicios en el teatro callejero de la Transición madrileña hasta su consolidación en València como teatro de títeres, primero en el Cabanyal y, más tarde, en el otro local en La Petxina.</p>



<figure class="wp-block-image size-large"><img loading="lazy" decoding="async" width="1024" height="683" src="https://estiu.es/wp-content/uploads/2025/01/470197801_18362999281189192_5310123813255991821_n-1024x683.jpg" alt="" class="wp-image-509" srcset="https://estiu.es/wp-content/uploads/2025/01/470197801_18362999281189192_5310123813255991821_n-1024x683.jpg 1024w, https://estiu.es/wp-content/uploads/2025/01/470197801_18362999281189192_5310123813255991821_n-300x200.jpg 300w, https://estiu.es/wp-content/uploads/2025/01/470197801_18362999281189192_5310123813255991821_n-768x512.jpg 768w, https://estiu.es/wp-content/uploads/2025/01/470197801_18362999281189192_5310123813255991821_n.jpg 1080w" sizes="auto, (max-width: 1024px) 100vw, 1024px" /></figure>



<figure class="wp-block-image size-large"><img loading="lazy" decoding="async" width="1024" height="683" src="https://estiu.es/wp-content/uploads/2025/01/470141027_18362999575189192_178778478787102776_n-1-1024x683.jpg" alt="" class="wp-image-507" srcset="https://estiu.es/wp-content/uploads/2025/01/470141027_18362999575189192_178778478787102776_n-1-1024x683.jpg 1024w, https://estiu.es/wp-content/uploads/2025/01/470141027_18362999575189192_178778478787102776_n-1-300x200.jpg 300w, https://estiu.es/wp-content/uploads/2025/01/470141027_18362999575189192_178778478787102776_n-1-768x512.jpg 768w, https://estiu.es/wp-content/uploads/2025/01/470141027_18362999575189192_178778478787102776_n-1.jpg 1080w" sizes="auto, (max-width: 1024px) 100vw, 1024px" /></figure>



<figure class="wp-block-image size-large"><img loading="lazy" decoding="async" width="1024" height="683" src="https://estiu.es/wp-content/uploads/2025/01/470174790_18362999401189192_7329141761708133053_n-1024x683.jpg" alt="" class="wp-image-506" srcset="https://estiu.es/wp-content/uploads/2025/01/470174790_18362999401189192_7329141761708133053_n-1024x683.jpg 1024w, https://estiu.es/wp-content/uploads/2025/01/470174790_18362999401189192_7329141761708133053_n-300x200.jpg 300w, https://estiu.es/wp-content/uploads/2025/01/470174790_18362999401189192_7329141761708133053_n-768x512.jpg 768w, https://estiu.es/wp-content/uploads/2025/01/470174790_18362999401189192_7329141761708133053_n.jpg 1080w" sizes="auto, (max-width: 1024px) 100vw, 1024px" /></figure>



<figure class="wp-block-image size-large"><img loading="lazy" decoding="async" width="1024" height="683" src="https://estiu.es/wp-content/uploads/2025/01/470193203_18362999488189192_8487733060126408342_n-1024x683.jpg" alt="" class="wp-image-505" srcset="https://estiu.es/wp-content/uploads/2025/01/470193203_18362999488189192_8487733060126408342_n-1024x683.jpg 1024w, https://estiu.es/wp-content/uploads/2025/01/470193203_18362999488189192_8487733060126408342_n-300x200.jpg 300w, https://estiu.es/wp-content/uploads/2025/01/470193203_18362999488189192_8487733060126408342_n-768x512.jpg 768w, https://estiu.es/wp-content/uploads/2025/01/470193203_18362999488189192_8487733060126408342_n.jpg 1080w" sizes="auto, (max-width: 1024px) 100vw, 1024px" /></figure>



<figure class="wp-block-image size-large"><img loading="lazy" decoding="async" width="1024" height="683" src="https://estiu.es/wp-content/uploads/2025/01/470188919_18362999458189192_8056758465107420644_n-1-1024x683.jpg" alt="" class="wp-image-520" srcset="https://estiu.es/wp-content/uploads/2025/01/470188919_18362999458189192_8056758465107420644_n-1-1024x683.jpg 1024w, https://estiu.es/wp-content/uploads/2025/01/470188919_18362999458189192_8056758465107420644_n-1-300x200.jpg 300w, https://estiu.es/wp-content/uploads/2025/01/470188919_18362999458189192_8056758465107420644_n-1-768x512.jpg 768w, https://estiu.es/wp-content/uploads/2025/01/470188919_18362999458189192_8056758465107420644_n-1.jpg 1440w" sizes="auto, (max-width: 1024px) 100vw, 1024px" /></figure>



<figure class="wp-block-image size-large"><img loading="lazy" decoding="async" width="1024" height="685" src="https://estiu.es/wp-content/uploads/2025/01/470175917_18362999374189192_498990495192966374_n-1024x685.jpg" alt="" class="wp-image-519" srcset="https://estiu.es/wp-content/uploads/2025/01/470175917_18362999374189192_498990495192966374_n-1024x685.jpg 1024w, https://estiu.es/wp-content/uploads/2025/01/470175917_18362999374189192_498990495192966374_n-300x201.jpg 300w, https://estiu.es/wp-content/uploads/2025/01/470175917_18362999374189192_498990495192966374_n-768x514.jpg 768w, https://estiu.es/wp-content/uploads/2025/01/470175917_18362999374189192_498990495192966374_n.jpg 1440w" sizes="auto, (max-width: 1024px) 100vw, 1024px" /></figure>



<p>—</p>



<p>Comisariado:&nbsp;Trisah Miró<br>Montaje:&nbsp;Articlar<br>Fotografía:&nbsp;Juan R. Peiró</p>



<p></p>
