{"id":495,"date":"2021-01-31T17:55:00","date_gmt":"2021-01-31T16:55:00","guid":{"rendered":"https:\/\/estiu.es\/?post_type=proyecto&#038;p=495"},"modified":"2025-02-03T12:08:50","modified_gmt":"2025-02-03T11:08:50","slug":"print-noprint","status":"publish","type":"proyecto","link":"https:\/\/estiu.es\/en\/proyecto\/print-noprint\/","title":{"rendered":"PRINT\/NOPRINT"},"content":{"rendered":"\n<p>Dise\u00f1o y coordinaci\u00f3n editorial de PRINT, la publicaci\u00f3n trimestral en papel de Impresum. Un peque\u00f1o bolet\u00edn que nace con motivo del 25 aniversario de esta imprenta en 2020 y que se env\u00eda gratuitamente por suscripci\u00f3n.&nbsp;<\/p>\n\n\n\n<p>Cada n\u00famero tiene un profesional invitado \u2014en el \u00faltimo n\u00famero, Juli\u00e1n Mart\u00ednez (Letsornot)\u2014 y sirve de excusa para poder tratar todo lo que rodea al mundo de la tipograf\u00eda, los papeles, las tintas y los acabados. Un punto de encuentro &#8216;en papel&#8217; donde reunir las recomendaciones y las tendencias del sector de las artes gr\u00e1ficas y ofrecerlas a sus clientes.<\/p>\n\n\n\n<p>Esta publicaci\u00f3n peri\u00f3dica en papel se complementa con NOPRINT, una edici\u00f3n digital que llega cada mes v\u00eda mail con contenidos propios a los suscriptores y clientes de esta imprenta online.<\/p>\n\n\n\n<figure class=\"wp-block-image size-large\"><img loading=\"lazy\" decoding=\"async\" width=\"1024\" height=\"683\" src=\"https:\/\/estiu.es\/wp-content\/uploads\/2021\/01\/2_PrintNoprint-1024x683.jpeg\" alt=\"\" class=\"wp-image-522\" srcset=\"https:\/\/estiu.es\/wp-content\/uploads\/2021\/01\/2_PrintNoprint-1024x683.jpeg 1024w, https:\/\/estiu.es\/wp-content\/uploads\/2021\/01\/2_PrintNoprint-300x200.jpeg 300w, https:\/\/estiu.es\/wp-content\/uploads\/2021\/01\/2_PrintNoprint-768x512.jpeg 768w, https:\/\/estiu.es\/wp-content\/uploads\/2021\/01\/2_PrintNoprint-1536x1025.jpeg 1536w, https:\/\/estiu.es\/wp-content\/uploads\/2021\/01\/2_PrintNoprint.jpeg 1920w\" sizes=\"auto, (max-width: 1024px) 100vw, 1024px\" \/><\/figure>\n\n\n\n<figure class=\"wp-block-image size-large\"><img loading=\"lazy\" decoding=\"async\" width=\"1024\" height=\"683\" src=\"https:\/\/estiu.es\/wp-content\/uploads\/2021\/01\/19_PrintNoprint-1024x683.jpeg\" alt=\"\" class=\"wp-image-529\" srcset=\"https:\/\/estiu.es\/wp-content\/uploads\/2021\/01\/19_PrintNoprint-1024x683.jpeg 1024w, https:\/\/estiu.es\/wp-content\/uploads\/2021\/01\/19_PrintNoprint-300x200.jpeg 300w, https:\/\/estiu.es\/wp-content\/uploads\/2021\/01\/19_PrintNoprint-768x512.jpeg 768w, https:\/\/estiu.es\/wp-content\/uploads\/2021\/01\/19_PrintNoprint-1536x1025.jpeg 1536w, https:\/\/estiu.es\/wp-content\/uploads\/2021\/01\/19_PrintNoprint.jpeg 1920w\" sizes=\"auto, (max-width: 1024px) 100vw, 1024px\" \/><\/figure>\n\n\n\n<figure class=\"wp-block-image size-large\"><img loading=\"lazy\" decoding=\"async\" width=\"1024\" height=\"683\" src=\"https:\/\/estiu.es\/wp-content\/uploads\/2021\/01\/5_PrintNoprint-1024x683.jpeg\" alt=\"\" class=\"wp-image-523\" srcset=\"https:\/\/estiu.es\/wp-content\/uploads\/2021\/01\/5_PrintNoprint-1024x683.jpeg 1024w, https:\/\/estiu.es\/wp-content\/uploads\/2021\/01\/5_PrintNoprint-300x200.jpeg 300w, https:\/\/estiu.es\/wp-content\/uploads\/2021\/01\/5_PrintNoprint-768x512.jpeg 768w, https:\/\/estiu.es\/wp-content\/uploads\/2021\/01\/5_PrintNoprint-1536x1025.jpeg 1536w, https:\/\/estiu.es\/wp-content\/uploads\/2021\/01\/5_PrintNoprint.jpeg 1920w\" sizes=\"auto, (max-width: 1024px) 100vw, 1024px\" \/><\/figure>\n\n\n\n<figure class=\"wp-block-image size-large\"><img loading=\"lazy\" decoding=\"async\" width=\"1024\" height=\"683\" src=\"https:\/\/estiu.es\/wp-content\/uploads\/2021\/01\/8_PrintNoprint-1024x683.jpeg\" alt=\"\" class=\"wp-image-524\" srcset=\"https:\/\/estiu.es\/wp-content\/uploads\/2021\/01\/8_PrintNoprint-1024x683.jpeg 1024w, https:\/\/estiu.es\/wp-content\/uploads\/2021\/01\/8_PrintNoprint-300x200.jpeg 300w, https:\/\/estiu.es\/wp-content\/uploads\/2021\/01\/8_PrintNoprint-768x512.jpeg 768w, https:\/\/estiu.es\/wp-content\/uploads\/2021\/01\/8_PrintNoprint-1536x1025.jpeg 1536w, https:\/\/estiu.es\/wp-content\/uploads\/2021\/01\/8_PrintNoprint.jpeg 1920w\" sizes=\"auto, (max-width: 1024px) 100vw, 1024px\" \/><\/figure>\n\n\n\n<figure class=\"wp-block-image size-large\"><img loading=\"lazy\" decoding=\"async\" width=\"1024\" height=\"683\" src=\"https:\/\/estiu.es\/wp-content\/uploads\/2021\/01\/14_PrintNoprint-1024x683.jpeg\" alt=\"\" class=\"wp-image-530\" srcset=\"https:\/\/estiu.es\/wp-content\/uploads\/2021\/01\/14_PrintNoprint-1024x683.jpeg 1024w, https:\/\/estiu.es\/wp-content\/uploads\/2021\/01\/14_PrintNoprint-300x200.jpeg 300w, https:\/\/estiu.es\/wp-content\/uploads\/2021\/01\/14_PrintNoprint-768x512.jpeg 768w, https:\/\/estiu.es\/wp-content\/uploads\/2021\/01\/14_PrintNoprint-1536x1025.jpeg 1536w, https:\/\/estiu.es\/wp-content\/uploads\/2021\/01\/14_PrintNoprint.jpeg 1920w\" sizes=\"auto, (max-width: 1024px) 100vw, 1024px\" \/><\/figure>\n\n\n\n<figure class=\"wp-block-image size-large\"><img loading=\"lazy\" decoding=\"async\" width=\"1024\" height=\"683\" src=\"https:\/\/estiu.es\/wp-content\/uploads\/2021\/01\/9_PrintNoprint-1024x683.jpeg\" alt=\"\" class=\"wp-image-525\" srcset=\"https:\/\/estiu.es\/wp-content\/uploads\/2021\/01\/9_PrintNoprint-1024x683.jpeg 1024w, https:\/\/estiu.es\/wp-content\/uploads\/2021\/01\/9_PrintNoprint-300x200.jpeg 300w, https:\/\/estiu.es\/wp-content\/uploads\/2021\/01\/9_PrintNoprint-768x512.jpeg 768w, https:\/\/estiu.es\/wp-content\/uploads\/2021\/01\/9_PrintNoprint-1536x1025.jpeg 1536w, https:\/\/estiu.es\/wp-content\/uploads\/2021\/01\/9_PrintNoprint.jpeg 1920w\" sizes=\"auto, (max-width: 1024px) 100vw, 1024px\" \/><\/figure>\n\n\n\n<figure class=\"wp-block-image size-large\"><img loading=\"lazy\" decoding=\"async\" width=\"1024\" height=\"683\" src=\"https:\/\/estiu.es\/wp-content\/uploads\/2021\/01\/21_PrintNoprint-1024x683.jpeg\" alt=\"\" class=\"wp-image-531\" srcset=\"https:\/\/estiu.es\/wp-content\/uploads\/2021\/01\/21_PrintNoprint-1024x683.jpeg 1024w, https:\/\/estiu.es\/wp-content\/uploads\/2021\/01\/21_PrintNoprint-300x200.jpeg 300w, https:\/\/estiu.es\/wp-content\/uploads\/2021\/01\/21_PrintNoprint-768x512.jpeg 768w, https:\/\/estiu.es\/wp-content\/uploads\/2021\/01\/21_PrintNoprint-1536x1025.jpeg 1536w, https:\/\/estiu.es\/wp-content\/uploads\/2021\/01\/21_PrintNoprint.jpeg 1920w\" sizes=\"auto, (max-width: 1024px) 100vw, 1024px\" \/><\/figure>\n\n\n\n<figure class=\"wp-block-image size-large\"><img loading=\"lazy\" decoding=\"async\" width=\"1024\" height=\"683\" src=\"https:\/\/estiu.es\/wp-content\/uploads\/2021\/01\/6_PrintNoprint-1024x683.jpeg\" alt=\"\" class=\"wp-image-526\" srcset=\"https:\/\/estiu.es\/wp-content\/uploads\/2021\/01\/6_PrintNoprint-1024x683.jpeg 1024w, https:\/\/estiu.es\/wp-content\/uploads\/2021\/01\/6_PrintNoprint-300x200.jpeg 300w, https:\/\/estiu.es\/wp-content\/uploads\/2021\/01\/6_PrintNoprint-768x512.jpeg 768w, https:\/\/estiu.es\/wp-content\/uploads\/2021\/01\/6_PrintNoprint-1536x1025.jpeg 1536w, https:\/\/estiu.es\/wp-content\/uploads\/2021\/01\/6_PrintNoprint.jpeg 1920w\" sizes=\"auto, (max-width: 1024px) 100vw, 1024px\" \/><\/figure>\n\n\n\n<figure class=\"wp-block-image size-large\"><img loading=\"lazy\" decoding=\"async\" width=\"1024\" height=\"683\" src=\"https:\/\/estiu.es\/wp-content\/uploads\/2021\/01\/10_PrintNoprint-1024x683.jpeg\" alt=\"\" class=\"wp-image-533\" srcset=\"https:\/\/estiu.es\/wp-content\/uploads\/2021\/01\/10_PrintNoprint-1024x683.jpeg 1024w, https:\/\/estiu.es\/wp-content\/uploads\/2021\/01\/10_PrintNoprint-300x200.jpeg 300w, https:\/\/estiu.es\/wp-content\/uploads\/2021\/01\/10_PrintNoprint-768x512.jpeg 768w, https:\/\/estiu.es\/wp-content\/uploads\/2021\/01\/10_PrintNoprint-1536x1025.jpeg 1536w, https:\/\/estiu.es\/wp-content\/uploads\/2021\/01\/10_PrintNoprint.jpeg 1920w\" sizes=\"auto, (max-width: 1024px) 100vw, 1024px\" \/><\/figure>\n\n\n\n<p>\u2014&nbsp;<\/p>\n\n\n\n<p>Proyecto realizado en colaboraci\u00f3n con Pablo Ejarque, Rafa Rodr\u00edguez&nbsp;(redacci\u00f3n), Marta Salvador (correcci\u00f3n de textos) y Mar\u00eda Mira (fotograf\u00eda). Fotos del proyecto: Vicente Lara<\/p>\n","protected":false},"featured_media":496,"template":"","meta":{"_acf_changed":false,"_coblocks_attr":"","_coblocks_dimensions":"","_coblocks_responsive_height":"","_coblocks_accordion_ie_support":""},"categoria-de-proyecto":[5,3],"class_list":["post-495","proyecto","type-proyecto","status-publish","has-post-thumbnail","hentry","categoria-de-proyecto-contenidos","categoria-de-proyecto-editorial"],"acf":[],"_links":{"self":[{"href":"https:\/\/estiu.es\/en\/wp-json\/wp\/v2\/proyecto\/495","targetHints":{"allow":["GET"]}}],"collection":[{"href":"https:\/\/estiu.es\/en\/wp-json\/wp\/v2\/proyecto"}],"about":[{"href":"https:\/\/estiu.es\/en\/wp-json\/wp\/v2\/types\/proyecto"}],"wp:featuredmedia":[{"embeddable":true,"href":"https:\/\/estiu.es\/en\/wp-json\/wp\/v2\/media\/496"}],"wp:attachment":[{"href":"https:\/\/estiu.es\/en\/wp-json\/wp\/v2\/media?parent=495"}],"wp:term":[{"taxonomy":"categoria-de-proyecto","embeddable":true,"href":"https:\/\/estiu.es\/en\/wp-json\/wp\/v2\/categoria-de-proyecto?post=495"}],"curies":[{"name":"wp","href":"https:\/\/api.w.org\/{rel}","templated":true}]}}

<p>Diseño y coordinación editorial de PRINT, la publicación trimestral en papel de Impresum. Un pequeño boletín que nace con motivo del 25 aniversario de esta imprenta en 2020 y que se envía gratuitamente por suscripción.&nbsp;</p>



<p>Cada número tiene un profesional invitado —en el último número, Julián Martínez (Letsornot)— y sirve de excusa para poder tratar todo lo que rodea al mundo de la tipografía, los papeles, las tintas y los acabados. Un punto de encuentro &#8216;en papel&#8217; donde reunir las recomendaciones y las tendencias del sector de las artes gráficas y ofrecerlas a sus clientes.</p>



<p>Esta publicación periódica en papel se complementa con NOPRINT, una edición digital que llega cada mes vía mail con contenidos propios a los suscriptores y clientes de esta imprenta online.</p>



<figure class="wp-block-image size-large"><img loading="lazy" decoding="async" width="1024" height="683" src="https://estiu.es/wp-content/uploads/2021/01/2_PrintNoprint-1024x683.jpeg" alt="" class="wp-image-522" srcset="https://estiu.es/wp-content/uploads/2021/01/2_PrintNoprint-1024x683.jpeg 1024w, https://estiu.es/wp-content/uploads/2021/01/2_PrintNoprint-300x200.jpeg 300w, https://estiu.es/wp-content/uploads/2021/01/2_PrintNoprint-768x512.jpeg 768w, https://estiu.es/wp-content/uploads/2021/01/2_PrintNoprint-1536x1025.jpeg 1536w, https://estiu.es/wp-content/uploads/2021/01/2_PrintNoprint.jpeg 1920w" sizes="auto, (max-width: 1024px) 100vw, 1024px" /></figure>



<figure class="wp-block-image size-large"><img loading="lazy" decoding="async" width="1024" height="683" src="https://estiu.es/wp-content/uploads/2021/01/19_PrintNoprint-1024x683.jpeg" alt="" class="wp-image-529" srcset="https://estiu.es/wp-content/uploads/2021/01/19_PrintNoprint-1024x683.jpeg 1024w, https://estiu.es/wp-content/uploads/2021/01/19_PrintNoprint-300x200.jpeg 300w, https://estiu.es/wp-content/uploads/2021/01/19_PrintNoprint-768x512.jpeg 768w, https://estiu.es/wp-content/uploads/2021/01/19_PrintNoprint-1536x1025.jpeg 1536w, https://estiu.es/wp-content/uploads/2021/01/19_PrintNoprint.jpeg 1920w" sizes="auto, (max-width: 1024px) 100vw, 1024px" /></figure>



<figure class="wp-block-image size-large"><img loading="lazy" decoding="async" width="1024" height="683" src="https://estiu.es/wp-content/uploads/2021/01/5_PrintNoprint-1024x683.jpeg" alt="" class="wp-image-523" srcset="https://estiu.es/wp-content/uploads/2021/01/5_PrintNoprint-1024x683.jpeg 1024w, https://estiu.es/wp-content/uploads/2021/01/5_PrintNoprint-300x200.jpeg 300w, https://estiu.es/wp-content/uploads/2021/01/5_PrintNoprint-768x512.jpeg 768w, https://estiu.es/wp-content/uploads/2021/01/5_PrintNoprint-1536x1025.jpeg 1536w, https://estiu.es/wp-content/uploads/2021/01/5_PrintNoprint.jpeg 1920w" sizes="auto, (max-width: 1024px) 100vw, 1024px" /></figure>



<figure class="wp-block-image size-large"><img loading="lazy" decoding="async" width="1024" height="683" src="https://estiu.es/wp-content/uploads/2021/01/8_PrintNoprint-1024x683.jpeg" alt="" class="wp-image-524" srcset="https://estiu.es/wp-content/uploads/2021/01/8_PrintNoprint-1024x683.jpeg 1024w, https://estiu.es/wp-content/uploads/2021/01/8_PrintNoprint-300x200.jpeg 300w, https://estiu.es/wp-content/uploads/2021/01/8_PrintNoprint-768x512.jpeg 768w, https://estiu.es/wp-content/uploads/2021/01/8_PrintNoprint-1536x1025.jpeg 1536w, https://estiu.es/wp-content/uploads/2021/01/8_PrintNoprint.jpeg 1920w" sizes="auto, (max-width: 1024px) 100vw, 1024px" /></figure>



<figure class="wp-block-image size-large"><img loading="lazy" decoding="async" width="1024" height="683" src="https://estiu.es/wp-content/uploads/2021/01/14_PrintNoprint-1024x683.jpeg" alt="" class="wp-image-530" srcset="https://estiu.es/wp-content/uploads/2021/01/14_PrintNoprint-1024x683.jpeg 1024w, https://estiu.es/wp-content/uploads/2021/01/14_PrintNoprint-300x200.jpeg 300w, https://estiu.es/wp-content/uploads/2021/01/14_PrintNoprint-768x512.jpeg 768w, https://estiu.es/wp-content/uploads/2021/01/14_PrintNoprint-1536x1025.jpeg 1536w, https://estiu.es/wp-content/uploads/2021/01/14_PrintNoprint.jpeg 1920w" sizes="auto, (max-width: 1024px) 100vw, 1024px" /></figure>



<figure class="wp-block-image size-large"><img loading="lazy" decoding="async" width="1024" height="683" src="https://estiu.es/wp-content/uploads/2021/01/9_PrintNoprint-1024x683.jpeg" alt="" class="wp-image-525" srcset="https://estiu.es/wp-content/uploads/2021/01/9_PrintNoprint-1024x683.jpeg 1024w, https://estiu.es/wp-content/uploads/2021/01/9_PrintNoprint-300x200.jpeg 300w, https://estiu.es/wp-content/uploads/2021/01/9_PrintNoprint-768x512.jpeg 768w, https://estiu.es/wp-content/uploads/2021/01/9_PrintNoprint-1536x1025.jpeg 1536w, https://estiu.es/wp-content/uploads/2021/01/9_PrintNoprint.jpeg 1920w" sizes="auto, (max-width: 1024px) 100vw, 1024px" /></figure>



<figure class="wp-block-image size-large"><img loading="lazy" decoding="async" width="1024" height="683" src="https://estiu.es/wp-content/uploads/2021/01/21_PrintNoprint-1024x683.jpeg" alt="" class="wp-image-531" srcset="https://estiu.es/wp-content/uploads/2021/01/21_PrintNoprint-1024x683.jpeg 1024w, https://estiu.es/wp-content/uploads/2021/01/21_PrintNoprint-300x200.jpeg 300w, https://estiu.es/wp-content/uploads/2021/01/21_PrintNoprint-768x512.jpeg 768w, https://estiu.es/wp-content/uploads/2021/01/21_PrintNoprint-1536x1025.jpeg 1536w, https://estiu.es/wp-content/uploads/2021/01/21_PrintNoprint.jpeg 1920w" sizes="auto, (max-width: 1024px) 100vw, 1024px" /></figure>



<figure class="wp-block-image size-large"><img loading="lazy" decoding="async" width="1024" height="683" src="https://estiu.es/wp-content/uploads/2021/01/6_PrintNoprint-1024x683.jpeg" alt="" class="wp-image-526" srcset="https://estiu.es/wp-content/uploads/2021/01/6_PrintNoprint-1024x683.jpeg 1024w, https://estiu.es/wp-content/uploads/2021/01/6_PrintNoprint-300x200.jpeg 300w, https://estiu.es/wp-content/uploads/2021/01/6_PrintNoprint-768x512.jpeg 768w, https://estiu.es/wp-content/uploads/2021/01/6_PrintNoprint-1536x1025.jpeg 1536w, https://estiu.es/wp-content/uploads/2021/01/6_PrintNoprint.jpeg 1920w" sizes="auto, (max-width: 1024px) 100vw, 1024px" /></figure>



<figure class="wp-block-image size-large"><img loading="lazy" decoding="async" width="1024" height="683" src="https://estiu.es/wp-content/uploads/2021/01/10_PrintNoprint-1024x683.jpeg" alt="" class="wp-image-533" srcset="https://estiu.es/wp-content/uploads/2021/01/10_PrintNoprint-1024x683.jpeg 1024w, https://estiu.es/wp-content/uploads/2021/01/10_PrintNoprint-300x200.jpeg 300w, https://estiu.es/wp-content/uploads/2021/01/10_PrintNoprint-768x512.jpeg 768w, https://estiu.es/wp-content/uploads/2021/01/10_PrintNoprint-1536x1025.jpeg 1536w, https://estiu.es/wp-content/uploads/2021/01/10_PrintNoprint.jpeg 1920w" sizes="auto, (max-width: 1024px) 100vw, 1024px" /></figure>



<p>—&nbsp;</p>



<p>Proyecto realizado en colaboración con Pablo Ejarque, Rafa Rodríguez&nbsp;(redacción), Marta Salvador (corrección de textos) y María Mira (fotografía). Fotos del proyecto: Vicente Lara</p>
