{"id":425,"date":"2022-02-09T11:58:00","date_gmt":"2022-02-09T10:58:00","guid":{"rendered":"https:\/\/estiu.es\/?post_type=proyecto&#038;p=425"},"modified":"2025-01-23T12:03:33","modified_gmt":"2025-01-23T11:03:33","slug":"visit-gandia","status":"publish","type":"proyecto","link":"https:\/\/estiu.es\/en\/proyecto\/visit-gandia\/","title":{"rendered":"Visit Gandia"},"content":{"rendered":"\n<p>Dise\u00f1o y maquetaci\u00f3n de Visit Gandia. Una publicaci\u00f3n editada por departamento de Turismo de Ajuntament de Gandia a\u00a0que escapa del concepto tradicional de gu\u00eda tur\u00edstica. Una publicaci\u00f3n en la que tanto la calidad formal, como de los textos, selecci\u00f3n tipogr\u00e1fica, fotograf\u00edas e ilustraciones, la convirtieran en un objeto. As\u00ed, se han cuidado las calidades y los acabados que ponen en valor las ilustraciones de Marta Sevilla que recorren la publicaci\u00f3n.<\/p>\n\n\n\n<p>Su formato reducido la convierte en un publicaci\u00f3n coleccionable y \u2018llevable\u2019. Porque pensamos que Visit Gandia, adem\u00e1s de una publicaci\u00f3n editorial de calidad, no debe dejar de ser una oportunidad de invitar a recorrer la ciudad y sus playas.<\/p>\n\n\n\n<p>Con la portada hemos querido recuperar la est\u00e9tica tradicional de los carteles tur\u00edsticos, y la ilustraci\u00f3n de Marta Sevilla recoge todos los valores que ofrece Gandia a modo de resumen de todo lo que podremos encontrar en el interior de esta edici\u00f3n 2022.<\/p>\n\n\n\n<p>La publicaci\u00f3n ha sido coordinada por la periodista\u00a0Olga Briasco\u00a0y ha sido impresa en Impresum con papeles Arena Natural Rough.<\/p>\n\n\n\n<figure class=\"wp-block-image size-large\"><img loading=\"lazy\" decoding=\"async\" width=\"1024\" height=\"684\" src=\"https:\/\/estiu.es\/wp-content\/uploads\/2025\/01\/14_VisitGandia-1024x684.jpeg\" alt=\"\" class=\"wp-image-427\" srcset=\"https:\/\/estiu.es\/wp-content\/uploads\/2025\/01\/14_VisitGandia-1024x684.jpeg 1024w, https:\/\/estiu.es\/wp-content\/uploads\/2025\/01\/14_VisitGandia-300x200.jpeg 300w, https:\/\/estiu.es\/wp-content\/uploads\/2025\/01\/14_VisitGandia-768x513.jpeg 768w, https:\/\/estiu.es\/wp-content\/uploads\/2025\/01\/14_VisitGandia.jpeg 1200w\" sizes=\"auto, (max-width: 1024px) 100vw, 1024px\" \/><\/figure>\n\n\n\n<figure class=\"wp-block-image size-large\"><img loading=\"lazy\" decoding=\"async\" width=\"1024\" height=\"684\" src=\"https:\/\/estiu.es\/wp-content\/uploads\/2025\/01\/12_VisitGandia-1024x684.jpeg\" alt=\"\" class=\"wp-image-428\" srcset=\"https:\/\/estiu.es\/wp-content\/uploads\/2025\/01\/12_VisitGandia-1024x684.jpeg 1024w, https:\/\/estiu.es\/wp-content\/uploads\/2025\/01\/12_VisitGandia-300x200.jpeg 300w, https:\/\/estiu.es\/wp-content\/uploads\/2025\/01\/12_VisitGandia-768x513.jpeg 768w, https:\/\/estiu.es\/wp-content\/uploads\/2025\/01\/12_VisitGandia.jpeg 1200w\" sizes=\"auto, (max-width: 1024px) 100vw, 1024px\" \/><\/figure>\n\n\n\n<figure class=\"wp-block-image size-large\"><img loading=\"lazy\" decoding=\"async\" width=\"1024\" height=\"684\" src=\"https:\/\/estiu.es\/wp-content\/uploads\/2025\/01\/5_VisitGandia-1024x684.jpeg\" alt=\"\" class=\"wp-image-429\" srcset=\"https:\/\/estiu.es\/wp-content\/uploads\/2025\/01\/5_VisitGandia-1024x684.jpeg 1024w, https:\/\/estiu.es\/wp-content\/uploads\/2025\/01\/5_VisitGandia-300x200.jpeg 300w, https:\/\/estiu.es\/wp-content\/uploads\/2025\/01\/5_VisitGandia-768x513.jpeg 768w, https:\/\/estiu.es\/wp-content\/uploads\/2025\/01\/5_VisitGandia.jpeg 1200w\" sizes=\"auto, (max-width: 1024px) 100vw, 1024px\" \/><\/figure>\n\n\n\n<figure class=\"wp-block-image size-large\"><img loading=\"lazy\" decoding=\"async\" width=\"1024\" height=\"684\" src=\"https:\/\/estiu.es\/wp-content\/uploads\/2025\/01\/20_VisitGandia-1024x684.jpeg\" alt=\"\" class=\"wp-image-431\" srcset=\"https:\/\/estiu.es\/wp-content\/uploads\/2025\/01\/20_VisitGandia-1024x684.jpeg 1024w, https:\/\/estiu.es\/wp-content\/uploads\/2025\/01\/20_VisitGandia-300x200.jpeg 300w, https:\/\/estiu.es\/wp-content\/uploads\/2025\/01\/20_VisitGandia-768x513.jpeg 768w, https:\/\/estiu.es\/wp-content\/uploads\/2025\/01\/20_VisitGandia.jpeg 1200w\" sizes=\"auto, (max-width: 1024px) 100vw, 1024px\" \/><\/figure>\n\n\n\n<figure class=\"wp-block-image size-large\"><img loading=\"lazy\" decoding=\"async\" width=\"1024\" height=\"684\" src=\"https:\/\/estiu.es\/wp-content\/uploads\/2025\/01\/16_VisitGandia-1024x684.jpeg\" alt=\"\" class=\"wp-image-430\" srcset=\"https:\/\/estiu.es\/wp-content\/uploads\/2025\/01\/16_VisitGandia-1024x684.jpeg 1024w, https:\/\/estiu.es\/wp-content\/uploads\/2025\/01\/16_VisitGandia-300x200.jpeg 300w, https:\/\/estiu.es\/wp-content\/uploads\/2025\/01\/16_VisitGandia-768x513.jpeg 768w, https:\/\/estiu.es\/wp-content\/uploads\/2025\/01\/16_VisitGandia.jpeg 1200w\" sizes=\"auto, (max-width: 1024px) 100vw, 1024px\" \/><\/figure>\n\n\n\n<figure class=\"wp-block-image size-large\"><img loading=\"lazy\" decoding=\"async\" width=\"1024\" height=\"684\" src=\"https:\/\/estiu.es\/wp-content\/uploads\/2025\/01\/7_VisitGandia-1024x684.jpeg\" alt=\"\" class=\"wp-image-432\" srcset=\"https:\/\/estiu.es\/wp-content\/uploads\/2025\/01\/7_VisitGandia-1024x684.jpeg 1024w, https:\/\/estiu.es\/wp-content\/uploads\/2025\/01\/7_VisitGandia-300x200.jpeg 300w, https:\/\/estiu.es\/wp-content\/uploads\/2025\/01\/7_VisitGandia-768x513.jpeg 768w, https:\/\/estiu.es\/wp-content\/uploads\/2025\/01\/7_VisitGandia.jpeg 1200w\" sizes=\"auto, (max-width: 1024px) 100vw, 1024px\" \/><\/figure>\n\n\n\n<figure class=\"wp-block-image size-large\"><img loading=\"lazy\" decoding=\"async\" width=\"1024\" height=\"684\" src=\"https:\/\/estiu.es\/wp-content\/uploads\/2025\/01\/11_VisitGandia-1024x684.jpeg\" alt=\"\" class=\"wp-image-433\" srcset=\"https:\/\/estiu.es\/wp-content\/uploads\/2025\/01\/11_VisitGandia-1024x684.jpeg 1024w, https:\/\/estiu.es\/wp-content\/uploads\/2025\/01\/11_VisitGandia-300x200.jpeg 300w, https:\/\/estiu.es\/wp-content\/uploads\/2025\/01\/11_VisitGandia-768x513.jpeg 768w, https:\/\/estiu.es\/wp-content\/uploads\/2025\/01\/11_VisitGandia.jpeg 1200w\" sizes=\"auto, (max-width: 1024px) 100vw, 1024px\" \/><\/figure>\n\n\n\n<p>\u2014<\/p>\n\n\n\n<p>Fotos del proyecto: Vicente Lara<\/p>\n\n\n\n<p><\/p>\n","protected":false},"featured_media":426,"template":"","meta":{"_acf_changed":false,"_coblocks_attr":"","_coblocks_dimensions":"","_coblocks_responsive_height":"","_coblocks_accordion_ie_support":""},"categoria-de-proyecto":[3,9],"class_list":["post-425","proyecto","type-proyecto","status-publish","has-post-thumbnail","hentry","categoria-de-proyecto-editorial","categoria-de-proyecto-ilustracion"],"acf":[],"_links":{"self":[{"href":"https:\/\/estiu.es\/en\/wp-json\/wp\/v2\/proyecto\/425","targetHints":{"allow":["GET"]}}],"collection":[{"href":"https:\/\/estiu.es\/en\/wp-json\/wp\/v2\/proyecto"}],"about":[{"href":"https:\/\/estiu.es\/en\/wp-json\/wp\/v2\/types\/proyecto"}],"wp:featuredmedia":[{"embeddable":true,"href":"https:\/\/estiu.es\/en\/wp-json\/wp\/v2\/media\/426"}],"wp:attachment":[{"href":"https:\/\/estiu.es\/en\/wp-json\/wp\/v2\/media?parent=425"}],"wp:term":[{"taxonomy":"categoria-de-proyecto","embeddable":true,"href":"https:\/\/estiu.es\/en\/wp-json\/wp\/v2\/categoria-de-proyecto?post=425"}],"curies":[{"name":"wp","href":"https:\/\/api.w.org\/{rel}","templated":true}]}}

<p>Diseño y maquetación de Visit Gandia. Una publicación editada por departamento de Turismo de Ajuntament de Gandia a que escapa del concepto tradicional de guía turística. Una publicación en la que tanto la calidad formal, como de los textos, selección tipográfica, fotografías e ilustraciones, la convirtieran en un objeto. Así, se han cuidado las calidades y los acabados que ponen en valor las ilustraciones de Marta Sevilla que recorren la publicación.</p>



<p>Su formato reducido la convierte en un publicación coleccionable y ‘llevable’. Porque pensamos que Visit Gandia, además de una publicación editorial de calidad, no debe dejar de ser una oportunidad de invitar a recorrer la ciudad y sus playas.</p>



<p>Con la portada hemos querido recuperar la estética tradicional de los carteles turísticos, y la ilustración de Marta Sevilla recoge todos los valores que ofrece Gandia a modo de resumen de todo lo que podremos encontrar en el interior de esta edición 2022.</p>



<p>La publicación ha sido coordinada por la periodista Olga Briasco y ha sido impresa en Impresum con papeles Arena Natural Rough.</p>



<figure class="wp-block-image size-large"><img loading="lazy" decoding="async" width="1024" height="684" src="https://estiu.es/wp-content/uploads/2025/01/14_VisitGandia-1024x684.jpeg" alt="" class="wp-image-427" srcset="https://estiu.es/wp-content/uploads/2025/01/14_VisitGandia-1024x684.jpeg 1024w, https://estiu.es/wp-content/uploads/2025/01/14_VisitGandia-300x200.jpeg 300w, https://estiu.es/wp-content/uploads/2025/01/14_VisitGandia-768x513.jpeg 768w, https://estiu.es/wp-content/uploads/2025/01/14_VisitGandia.jpeg 1200w" sizes="auto, (max-width: 1024px) 100vw, 1024px" /></figure>



<figure class="wp-block-image size-large"><img loading="lazy" decoding="async" width="1024" height="684" src="https://estiu.es/wp-content/uploads/2025/01/12_VisitGandia-1024x684.jpeg" alt="" class="wp-image-428" srcset="https://estiu.es/wp-content/uploads/2025/01/12_VisitGandia-1024x684.jpeg 1024w, https://estiu.es/wp-content/uploads/2025/01/12_VisitGandia-300x200.jpeg 300w, https://estiu.es/wp-content/uploads/2025/01/12_VisitGandia-768x513.jpeg 768w, https://estiu.es/wp-content/uploads/2025/01/12_VisitGandia.jpeg 1200w" sizes="auto, (max-width: 1024px) 100vw, 1024px" /></figure>



<figure class="wp-block-image size-large"><img loading="lazy" decoding="async" width="1024" height="684" src="https://estiu.es/wp-content/uploads/2025/01/5_VisitGandia-1024x684.jpeg" alt="" class="wp-image-429" srcset="https://estiu.es/wp-content/uploads/2025/01/5_VisitGandia-1024x684.jpeg 1024w, https://estiu.es/wp-content/uploads/2025/01/5_VisitGandia-300x200.jpeg 300w, https://estiu.es/wp-content/uploads/2025/01/5_VisitGandia-768x513.jpeg 768w, https://estiu.es/wp-content/uploads/2025/01/5_VisitGandia.jpeg 1200w" sizes="auto, (max-width: 1024px) 100vw, 1024px" /></figure>



<figure class="wp-block-image size-large"><img loading="lazy" decoding="async" width="1024" height="684" src="https://estiu.es/wp-content/uploads/2025/01/20_VisitGandia-1024x684.jpeg" alt="" class="wp-image-431" srcset="https://estiu.es/wp-content/uploads/2025/01/20_VisitGandia-1024x684.jpeg 1024w, https://estiu.es/wp-content/uploads/2025/01/20_VisitGandia-300x200.jpeg 300w, https://estiu.es/wp-content/uploads/2025/01/20_VisitGandia-768x513.jpeg 768w, https://estiu.es/wp-content/uploads/2025/01/20_VisitGandia.jpeg 1200w" sizes="auto, (max-width: 1024px) 100vw, 1024px" /></figure>



<figure class="wp-block-image size-large"><img loading="lazy" decoding="async" width="1024" height="684" src="https://estiu.es/wp-content/uploads/2025/01/16_VisitGandia-1024x684.jpeg" alt="" class="wp-image-430" srcset="https://estiu.es/wp-content/uploads/2025/01/16_VisitGandia-1024x684.jpeg 1024w, https://estiu.es/wp-content/uploads/2025/01/16_VisitGandia-300x200.jpeg 300w, https://estiu.es/wp-content/uploads/2025/01/16_VisitGandia-768x513.jpeg 768w, https://estiu.es/wp-content/uploads/2025/01/16_VisitGandia.jpeg 1200w" sizes="auto, (max-width: 1024px) 100vw, 1024px" /></figure>



<figure class="wp-block-image size-large"><img loading="lazy" decoding="async" width="1024" height="684" src="https://estiu.es/wp-content/uploads/2025/01/7_VisitGandia-1024x684.jpeg" alt="" class="wp-image-432" srcset="https://estiu.es/wp-content/uploads/2025/01/7_VisitGandia-1024x684.jpeg 1024w, https://estiu.es/wp-content/uploads/2025/01/7_VisitGandia-300x200.jpeg 300w, https://estiu.es/wp-content/uploads/2025/01/7_VisitGandia-768x513.jpeg 768w, https://estiu.es/wp-content/uploads/2025/01/7_VisitGandia.jpeg 1200w" sizes="auto, (max-width: 1024px) 100vw, 1024px" /></figure>



<figure class="wp-block-image size-large"><img loading="lazy" decoding="async" width="1024" height="684" src="https://estiu.es/wp-content/uploads/2025/01/11_VisitGandia-1024x684.jpeg" alt="" class="wp-image-433" srcset="https://estiu.es/wp-content/uploads/2025/01/11_VisitGandia-1024x684.jpeg 1024w, https://estiu.es/wp-content/uploads/2025/01/11_VisitGandia-300x200.jpeg 300w, https://estiu.es/wp-content/uploads/2025/01/11_VisitGandia-768x513.jpeg 768w, https://estiu.es/wp-content/uploads/2025/01/11_VisitGandia.jpeg 1200w" sizes="auto, (max-width: 1024px) 100vw, 1024px" /></figure>



<p>—</p>



<p>Fotos del proyecto: Vicente Lara</p>



<p></p>
