{"id":323,"date":"2024-06-24T12:37:00","date_gmt":"2024-06-24T10:37:00","guid":{"rendered":"https:\/\/estiu.es\/?post_type=proyecto&#038;p=323"},"modified":"2025-05-15T21:16:41","modified_gmt":"2025-05-15T19:16:41","slug":"local-2-ca-climent","status":"publish","type":"proyecto","link":"https:\/\/estiu.es\/en\/proyecto\/local-2-ca-climent\/","title":{"rendered":"Local 2 &#8211; Ca Climent"},"content":{"rendered":"\n<p>LOCAL es la nueva publicaci\u00f3n de Impresum que env\u00eda a cada trimestre gratuitamente. Es tambi\u00e9n evoluci\u00f3n natural del la anterior PRINT.<\/p>\n\n\n\n<p>Nueva cabecera, nuevo enfoque con una mirada puesta en los oficios y la artesan\u00eda, y nuevo dise\u00f1o con la tipograf\u00eda Chamber\u00ed de ExtraType como principal protagonista.<\/p>\n\n\n\n<p>El segundo n\u00famero de esta peque\u00f1a publicaci\u00f3n nos lleva a la Granja de la Costera, donde Ana Climent impulsa con CA Climent la recuperaci\u00f3n de variedades tradicionales de cacahuetes como Collaret y Cacaua, preservando una herencia cultural y fortaleciendo el tejido econ\u00f3mico local.\u00a0<\/p>\n\n\n\n<figure class=\"wp-block-image size-large\"><img loading=\"lazy\" decoding=\"async\" width=\"1024\" height=\"683\" src=\"https:\/\/estiu.es\/wp-content\/uploads\/2025\/01\/4_Local2CaCliment-1024x683.jpeg\" alt=\"\" class=\"wp-image-325\" srcset=\"https:\/\/estiu.es\/wp-content\/uploads\/2025\/01\/4_Local2CaCliment-1024x683.jpeg 1024w, https:\/\/estiu.es\/wp-content\/uploads\/2025\/01\/4_Local2CaCliment-300x200.jpeg 300w, https:\/\/estiu.es\/wp-content\/uploads\/2025\/01\/4_Local2CaCliment-768x512.jpeg 768w, https:\/\/estiu.es\/wp-content\/uploads\/2025\/01\/4_Local2CaCliment.jpeg 1280w\" sizes=\"auto, (max-width: 1024px) 100vw, 1024px\" \/><\/figure>\n\n\n\n<figure class=\"wp-block-image size-large\"><img loading=\"lazy\" decoding=\"async\" width=\"1024\" height=\"683\" src=\"https:\/\/estiu.es\/wp-content\/uploads\/2025\/01\/2_Local2CaCliment-1024x683.jpeg\" alt=\"\" class=\"wp-image-328\" srcset=\"https:\/\/estiu.es\/wp-content\/uploads\/2025\/01\/2_Local2CaCliment-1024x683.jpeg 1024w, https:\/\/estiu.es\/wp-content\/uploads\/2025\/01\/2_Local2CaCliment-300x200.jpeg 300w, https:\/\/estiu.es\/wp-content\/uploads\/2025\/01\/2_Local2CaCliment-768x512.jpeg 768w, https:\/\/estiu.es\/wp-content\/uploads\/2025\/01\/2_Local2CaCliment.jpeg 1280w\" sizes=\"auto, (max-width: 1024px) 100vw, 1024px\" \/><\/figure>\n\n\n\n<figure class=\"wp-block-image size-large\"><img loading=\"lazy\" decoding=\"async\" width=\"1024\" height=\"683\" src=\"https:\/\/estiu.es\/wp-content\/uploads\/2025\/01\/3_Local2CaCliment-1024x683.jpeg\" alt=\"\" class=\"wp-image-327\" srcset=\"https:\/\/estiu.es\/wp-content\/uploads\/2025\/01\/3_Local2CaCliment-1024x683.jpeg 1024w, https:\/\/estiu.es\/wp-content\/uploads\/2025\/01\/3_Local2CaCliment-300x200.jpeg 300w, https:\/\/estiu.es\/wp-content\/uploads\/2025\/01\/3_Local2CaCliment-768x512.jpeg 768w, https:\/\/estiu.es\/wp-content\/uploads\/2025\/01\/3_Local2CaCliment.jpeg 1280w\" sizes=\"auto, (max-width: 1024px) 100vw, 1024px\" \/><\/figure>\n\n\n\n<figure class=\"wp-block-image size-large\"><img loading=\"lazy\" decoding=\"async\" width=\"1024\" height=\"683\" src=\"https:\/\/estiu.es\/wp-content\/uploads\/2025\/01\/9_Local2CaCliment-1024x683.jpeg\" alt=\"\" class=\"wp-image-329\" srcset=\"https:\/\/estiu.es\/wp-content\/uploads\/2025\/01\/9_Local2CaCliment-1024x683.jpeg 1024w, https:\/\/estiu.es\/wp-content\/uploads\/2025\/01\/9_Local2CaCliment-300x200.jpeg 300w, https:\/\/estiu.es\/wp-content\/uploads\/2025\/01\/9_Local2CaCliment-768x512.jpeg 768w, https:\/\/estiu.es\/wp-content\/uploads\/2025\/01\/9_Local2CaCliment.jpeg 1280w\" sizes=\"auto, (max-width: 1024px) 100vw, 1024px\" \/><\/figure>\n\n\n\n<figure class=\"wp-block-image size-large\"><img loading=\"lazy\" decoding=\"async\" width=\"1024\" height=\"683\" src=\"https:\/\/estiu.es\/wp-content\/uploads\/2025\/01\/13_Local2CaCliment-1024x683.jpeg\" alt=\"\" class=\"wp-image-332\" srcset=\"https:\/\/estiu.es\/wp-content\/uploads\/2025\/01\/13_Local2CaCliment-1024x683.jpeg 1024w, https:\/\/estiu.es\/wp-content\/uploads\/2025\/01\/13_Local2CaCliment-300x200.jpeg 300w, https:\/\/estiu.es\/wp-content\/uploads\/2025\/01\/13_Local2CaCliment-768x512.jpeg 768w, https:\/\/estiu.es\/wp-content\/uploads\/2025\/01\/13_Local2CaCliment.jpeg 1280w\" sizes=\"auto, (max-width: 1024px) 100vw, 1024px\" \/><\/figure>\n\n\n\n<figure class=\"wp-block-image size-large\"><img loading=\"lazy\" decoding=\"async\" width=\"1024\" height=\"683\" src=\"https:\/\/estiu.es\/wp-content\/uploads\/2025\/01\/8_Local2CaCliment-1024x683.jpeg\" alt=\"\" class=\"wp-image-331\" srcset=\"https:\/\/estiu.es\/wp-content\/uploads\/2025\/01\/8_Local2CaCliment-1024x683.jpeg 1024w, https:\/\/estiu.es\/wp-content\/uploads\/2025\/01\/8_Local2CaCliment-300x200.jpeg 300w, https:\/\/estiu.es\/wp-content\/uploads\/2025\/01\/8_Local2CaCliment-768x512.jpeg 768w, https:\/\/estiu.es\/wp-content\/uploads\/2025\/01\/8_Local2CaCliment.jpeg 1280w\" sizes=\"auto, (max-width: 1024px) 100vw, 1024px\" \/><\/figure>\n\n\n\n<p>\u2014<\/p>\n\n\n\n<p>Proyecto realizado en colaboraci\u00f3n con Clara S\u00e1ez (redacci\u00f3n), Marta Salvador (correcci\u00f3n de textos) y Mar\u00eda Mira (fotograf\u00eda). Fotos del proyecto: Sara Azor\u00edn<\/p>\n","protected":false},"featured_media":324,"template":"","meta":{"_acf_changed":false,"_coblocks_attr":"","_coblocks_dimensions":"","_coblocks_responsive_height":"","_coblocks_accordion_ie_support":""},"categoria-de-proyecto":[5,3],"class_list":["post-323","proyecto","type-proyecto","status-publish","has-post-thumbnail","hentry","categoria-de-proyecto-contenidos","categoria-de-proyecto-editorial"],"acf":[],"_links":{"self":[{"href":"https:\/\/estiu.es\/en\/wp-json\/wp\/v2\/proyecto\/323","targetHints":{"allow":["GET"]}}],"collection":[{"href":"https:\/\/estiu.es\/en\/wp-json\/wp\/v2\/proyecto"}],"about":[{"href":"https:\/\/estiu.es\/en\/wp-json\/wp\/v2\/types\/proyecto"}],"wp:featuredmedia":[{"embeddable":true,"href":"https:\/\/estiu.es\/en\/wp-json\/wp\/v2\/media\/324"}],"wp:attachment":[{"href":"https:\/\/estiu.es\/en\/wp-json\/wp\/v2\/media?parent=323"}],"wp:term":[{"taxonomy":"categoria-de-proyecto","embeddable":true,"href":"https:\/\/estiu.es\/en\/wp-json\/wp\/v2\/categoria-de-proyecto?post=323"}],"curies":[{"name":"wp","href":"https:\/\/api.w.org\/{rel}","templated":true}]}}

<p>LOCAL es la nueva publicación de Impresum que envía a cada trimestre gratuitamente. Es también evolución natural del la anterior PRINT.</p>



<p>Nueva cabecera, nuevo enfoque con una mirada puesta en los oficios y la artesanía, y nuevo diseño con la tipografía Chamberí de ExtraType como principal protagonista.</p>



<p>El segundo número de esta pequeña publicación nos lleva a la Granja de la Costera, donde Ana Climent impulsa con CA Climent la recuperación de variedades tradicionales de cacahuetes como Collaret y Cacaua, preservando una herencia cultural y fortaleciendo el tejido económico local. </p>



<figure class="wp-block-image size-large"><img loading="lazy" decoding="async" width="1024" height="683" src="https://estiu.es/wp-content/uploads/2025/01/4_Local2CaCliment-1024x683.jpeg" alt="" class="wp-image-325" srcset="https://estiu.es/wp-content/uploads/2025/01/4_Local2CaCliment-1024x683.jpeg 1024w, https://estiu.es/wp-content/uploads/2025/01/4_Local2CaCliment-300x200.jpeg 300w, https://estiu.es/wp-content/uploads/2025/01/4_Local2CaCliment-768x512.jpeg 768w, https://estiu.es/wp-content/uploads/2025/01/4_Local2CaCliment.jpeg 1280w" sizes="auto, (max-width: 1024px) 100vw, 1024px" /></figure>



<figure class="wp-block-image size-large"><img loading="lazy" decoding="async" width="1024" height="683" src="https://estiu.es/wp-content/uploads/2025/01/2_Local2CaCliment-1024x683.jpeg" alt="" class="wp-image-328" srcset="https://estiu.es/wp-content/uploads/2025/01/2_Local2CaCliment-1024x683.jpeg 1024w, https://estiu.es/wp-content/uploads/2025/01/2_Local2CaCliment-300x200.jpeg 300w, https://estiu.es/wp-content/uploads/2025/01/2_Local2CaCliment-768x512.jpeg 768w, https://estiu.es/wp-content/uploads/2025/01/2_Local2CaCliment.jpeg 1280w" sizes="auto, (max-width: 1024px) 100vw, 1024px" /></figure>



<figure class="wp-block-image size-large"><img loading="lazy" decoding="async" width="1024" height="683" src="https://estiu.es/wp-content/uploads/2025/01/3_Local2CaCliment-1024x683.jpeg" alt="" class="wp-image-327" srcset="https://estiu.es/wp-content/uploads/2025/01/3_Local2CaCliment-1024x683.jpeg 1024w, https://estiu.es/wp-content/uploads/2025/01/3_Local2CaCliment-300x200.jpeg 300w, https://estiu.es/wp-content/uploads/2025/01/3_Local2CaCliment-768x512.jpeg 768w, https://estiu.es/wp-content/uploads/2025/01/3_Local2CaCliment.jpeg 1280w" sizes="auto, (max-width: 1024px) 100vw, 1024px" /></figure>



<figure class="wp-block-image size-large"><img loading="lazy" decoding="async" width="1024" height="683" src="https://estiu.es/wp-content/uploads/2025/01/9_Local2CaCliment-1024x683.jpeg" alt="" class="wp-image-329" srcset="https://estiu.es/wp-content/uploads/2025/01/9_Local2CaCliment-1024x683.jpeg 1024w, https://estiu.es/wp-content/uploads/2025/01/9_Local2CaCliment-300x200.jpeg 300w, https://estiu.es/wp-content/uploads/2025/01/9_Local2CaCliment-768x512.jpeg 768w, https://estiu.es/wp-content/uploads/2025/01/9_Local2CaCliment.jpeg 1280w" sizes="auto, (max-width: 1024px) 100vw, 1024px" /></figure>



<figure class="wp-block-image size-large"><img loading="lazy" decoding="async" width="1024" height="683" src="https://estiu.es/wp-content/uploads/2025/01/13_Local2CaCliment-1024x683.jpeg" alt="" class="wp-image-332" srcset="https://estiu.es/wp-content/uploads/2025/01/13_Local2CaCliment-1024x683.jpeg 1024w, https://estiu.es/wp-content/uploads/2025/01/13_Local2CaCliment-300x200.jpeg 300w, https://estiu.es/wp-content/uploads/2025/01/13_Local2CaCliment-768x512.jpeg 768w, https://estiu.es/wp-content/uploads/2025/01/13_Local2CaCliment.jpeg 1280w" sizes="auto, (max-width: 1024px) 100vw, 1024px" /></figure>



<figure class="wp-block-image size-large"><img loading="lazy" decoding="async" width="1024" height="683" src="https://estiu.es/wp-content/uploads/2025/01/8_Local2CaCliment-1024x683.jpeg" alt="" class="wp-image-331" srcset="https://estiu.es/wp-content/uploads/2025/01/8_Local2CaCliment-1024x683.jpeg 1024w, https://estiu.es/wp-content/uploads/2025/01/8_Local2CaCliment-300x200.jpeg 300w, https://estiu.es/wp-content/uploads/2025/01/8_Local2CaCliment-768x512.jpeg 768w, https://estiu.es/wp-content/uploads/2025/01/8_Local2CaCliment.jpeg 1280w" sizes="auto, (max-width: 1024px) 100vw, 1024px" /></figure>



<p>—</p>



<p>Proyecto realizado en colaboración con Clara Sáez (redacción), Marta Salvador (corrección de textos) y María Mira (fotografía). Fotos del proyecto: Sara Azorín</p>
