{"id":313,"date":"2024-09-05T12:24:00","date_gmt":"2024-09-05T10:24:00","guid":{"rendered":"https:\/\/estiu.es\/?post_type=proyecto&#038;p=313"},"modified":"2025-05-15T21:16:01","modified_gmt":"2025-05-15T19:16:01","slug":"local-3-patricia-varea-milan","status":"publish","type":"proyecto","link":"https:\/\/estiu.es\/en\/proyecto\/local-3-patricia-varea-milan\/","title":{"rendered":"Local 3 &#8211; Patricia Varea Mil\u00e1n"},"content":{"rendered":"\n<p>LOCAL es la nueva publicaci\u00f3n de Impresum que env\u00eda a cada trimestre gratuitamente. Es tambi\u00e9n evoluci\u00f3n natural del la anterior PRINT.<\/p>\n\n\n\n<p>Nueva cabecera, nuevo enfoque con una mirada puesta en los oficios y la artesan\u00eda, y nuevo dise\u00f1o con la tipograf\u00eda Chamber\u00ed de ExtraType como principal protagonista.<\/p>\n\n\n\n<p>El tercer n\u00famero de LOCAL lo protagoniza Patricia Varea Mil\u00e1n, una ceramista que reivindica su oficio como medio de expresi\u00f3n y resistencia en una sociedad que a menudo desprecia lo hecho a mano.<\/p>\n\n\n\n<figure class=\"wp-block-image size-large\"><img loading=\"lazy\" decoding=\"async\" width=\"1024\" height=\"683\" src=\"https:\/\/estiu.es\/wp-content\/uploads\/2025\/01\/16_Local3Patricia-1024x683.jpeg\" alt=\"\" class=\"wp-image-314\" srcset=\"https:\/\/estiu.es\/wp-content\/uploads\/2025\/01\/16_Local3Patricia-1024x683.jpeg 1024w, https:\/\/estiu.es\/wp-content\/uploads\/2025\/01\/16_Local3Patricia-300x200.jpeg 300w, https:\/\/estiu.es\/wp-content\/uploads\/2025\/01\/16_Local3Patricia-768x512.jpeg 768w, https:\/\/estiu.es\/wp-content\/uploads\/2025\/01\/16_Local3Patricia.jpeg 1280w\" sizes=\"auto, (max-width: 1024px) 100vw, 1024px\" \/><\/figure>\n\n\n\n<figure class=\"wp-block-image size-large\"><img loading=\"lazy\" decoding=\"async\" width=\"1024\" height=\"683\" src=\"https:\/\/estiu.es\/wp-content\/uploads\/2025\/01\/10_Local3Patricia-1024x683.jpeg\" alt=\"\" class=\"wp-image-315\" srcset=\"https:\/\/estiu.es\/wp-content\/uploads\/2025\/01\/10_Local3Patricia-1024x683.jpeg 1024w, https:\/\/estiu.es\/wp-content\/uploads\/2025\/01\/10_Local3Patricia-300x200.jpeg 300w, https:\/\/estiu.es\/wp-content\/uploads\/2025\/01\/10_Local3Patricia-768x512.jpeg 768w, https:\/\/estiu.es\/wp-content\/uploads\/2025\/01\/10_Local3Patricia.jpeg 1280w\" sizes=\"auto, (max-width: 1024px) 100vw, 1024px\" \/><\/figure>\n\n\n\n<figure class=\"wp-block-image size-large\"><img loading=\"lazy\" decoding=\"async\" width=\"1024\" height=\"683\" src=\"https:\/\/estiu.es\/wp-content\/uploads\/2025\/01\/3_Local3Patricia-1024x683.jpeg\" alt=\"\" class=\"wp-image-320\" srcset=\"https:\/\/estiu.es\/wp-content\/uploads\/2025\/01\/3_Local3Patricia-1024x683.jpeg 1024w, https:\/\/estiu.es\/wp-content\/uploads\/2025\/01\/3_Local3Patricia-300x200.jpeg 300w, https:\/\/estiu.es\/wp-content\/uploads\/2025\/01\/3_Local3Patricia-768x512.jpeg 768w, https:\/\/estiu.es\/wp-content\/uploads\/2025\/01\/3_Local3Patricia.jpeg 1280w\" sizes=\"auto, (max-width: 1024px) 100vw, 1024px\" \/><\/figure>\n\n\n\n<figure class=\"wp-block-image size-large\"><img loading=\"lazy\" decoding=\"async\" width=\"1024\" height=\"683\" src=\"https:\/\/estiu.es\/wp-content\/uploads\/2025\/01\/4_Local3Patricia-1024x683.jpeg\" alt=\"\" class=\"wp-image-317\" srcset=\"https:\/\/estiu.es\/wp-content\/uploads\/2025\/01\/4_Local3Patricia-1024x683.jpeg 1024w, https:\/\/estiu.es\/wp-content\/uploads\/2025\/01\/4_Local3Patricia-300x200.jpeg 300w, https:\/\/estiu.es\/wp-content\/uploads\/2025\/01\/4_Local3Patricia-768x512.jpeg 768w, https:\/\/estiu.es\/wp-content\/uploads\/2025\/01\/4_Local3Patricia.jpeg 1280w\" sizes=\"auto, (max-width: 1024px) 100vw, 1024px\" \/><\/figure>\n\n\n\n<figure class=\"wp-block-image size-large\"><img loading=\"lazy\" decoding=\"async\" width=\"1024\" height=\"683\" src=\"https:\/\/estiu.es\/wp-content\/uploads\/2025\/01\/9_Local3Patricia-1024x683.jpeg\" alt=\"\" class=\"wp-image-316\" srcset=\"https:\/\/estiu.es\/wp-content\/uploads\/2025\/01\/9_Local3Patricia-1024x683.jpeg 1024w, https:\/\/estiu.es\/wp-content\/uploads\/2025\/01\/9_Local3Patricia-300x200.jpeg 300w, https:\/\/estiu.es\/wp-content\/uploads\/2025\/01\/9_Local3Patricia-768x512.jpeg 768w, https:\/\/estiu.es\/wp-content\/uploads\/2025\/01\/9_Local3Patricia.jpeg 1280w\" sizes=\"auto, (max-width: 1024px) 100vw, 1024px\" \/><\/figure>\n\n\n\n<figure class=\"wp-block-image size-large\"><img loading=\"lazy\" decoding=\"async\" width=\"1024\" height=\"683\" src=\"https:\/\/estiu.es\/wp-content\/uploads\/2025\/01\/8_Local3Patricia-1024x683.jpeg\" alt=\"\" class=\"wp-image-318\" srcset=\"https:\/\/estiu.es\/wp-content\/uploads\/2025\/01\/8_Local3Patricia-1024x683.jpeg 1024w, https:\/\/estiu.es\/wp-content\/uploads\/2025\/01\/8_Local3Patricia-300x200.jpeg 300w, https:\/\/estiu.es\/wp-content\/uploads\/2025\/01\/8_Local3Patricia-768x512.jpeg 768w, https:\/\/estiu.es\/wp-content\/uploads\/2025\/01\/8_Local3Patricia.jpeg 1280w\" sizes=\"auto, (max-width: 1024px) 100vw, 1024px\" \/><\/figure>\n\n\n\n<figure class=\"wp-block-image size-large\"><img loading=\"lazy\" decoding=\"async\" width=\"1024\" height=\"683\" src=\"https:\/\/estiu.es\/wp-content\/uploads\/2025\/01\/2_Local3Patricia-1024x683.jpeg\" alt=\"\" class=\"wp-image-319\" srcset=\"https:\/\/estiu.es\/wp-content\/uploads\/2025\/01\/2_Local3Patricia-1024x683.jpeg 1024w, https:\/\/estiu.es\/wp-content\/uploads\/2025\/01\/2_Local3Patricia-300x200.jpeg 300w, https:\/\/estiu.es\/wp-content\/uploads\/2025\/01\/2_Local3Patricia-768x512.jpeg 768w, https:\/\/estiu.es\/wp-content\/uploads\/2025\/01\/2_Local3Patricia.jpeg 1280w\" sizes=\"auto, (max-width: 1024px) 100vw, 1024px\" \/><\/figure>\n\n\n\n<p>\u2014<\/p>\n\n\n\n<p>Proyecto realizado en colaboraci\u00f3n con Clara S\u00e1ez (redacci\u00f3n), Marta Salvador (correcci\u00f3n de textos) y Mar\u00eda Mira (fotograf\u00eda). Fotos del proyecto: Sara Azor\u00edn.<\/p>\n","protected":false},"featured_media":321,"template":"","meta":{"_acf_changed":false,"_coblocks_attr":"","_coblocks_dimensions":"","_coblocks_responsive_height":"","_coblocks_accordion_ie_support":""},"categoria-de-proyecto":[5,3],"class_list":["post-313","proyecto","type-proyecto","status-publish","has-post-thumbnail","hentry","categoria-de-proyecto-contenidos","categoria-de-proyecto-editorial"],"acf":[],"_links":{"self":[{"href":"https:\/\/estiu.es\/en\/wp-json\/wp\/v2\/proyecto\/313","targetHints":{"allow":["GET"]}}],"collection":[{"href":"https:\/\/estiu.es\/en\/wp-json\/wp\/v2\/proyecto"}],"about":[{"href":"https:\/\/estiu.es\/en\/wp-json\/wp\/v2\/types\/proyecto"}],"wp:featuredmedia":[{"embeddable":true,"href":"https:\/\/estiu.es\/en\/wp-json\/wp\/v2\/media\/321"}],"wp:attachment":[{"href":"https:\/\/estiu.es\/en\/wp-json\/wp\/v2\/media?parent=313"}],"wp:term":[{"taxonomy":"categoria-de-proyecto","embeddable":true,"href":"https:\/\/estiu.es\/en\/wp-json\/wp\/v2\/categoria-de-proyecto?post=313"}],"curies":[{"name":"wp","href":"https:\/\/api.w.org\/{rel}","templated":true}]}}

Local 3 &#8211; Patricia Varea Milán

<p>LOCAL es la nueva publicación de Impresum que envía a cada trimestre gratuitamente. Es también evolución natural del la anterior PRINT.</p>



<p>Nueva cabecera, nuevo enfoque con una mirada puesta en los oficios y la artesanía, y nuevo diseño con la tipografía Chamberí de ExtraType como principal protagonista.</p>



<p>El tercer número de LOCAL lo protagoniza Patricia Varea Milán, una ceramista que reivindica su oficio como medio de expresión y resistencia en una sociedad que a menudo desprecia lo hecho a mano.</p>



<figure class="wp-block-image size-large"><img loading="lazy" decoding="async" width="1024" height="683" src="https://estiu.es/wp-content/uploads/2025/01/16_Local3Patricia-1024x683.jpeg" alt="" class="wp-image-314" srcset="https://estiu.es/wp-content/uploads/2025/01/16_Local3Patricia-1024x683.jpeg 1024w, https://estiu.es/wp-content/uploads/2025/01/16_Local3Patricia-300x200.jpeg 300w, https://estiu.es/wp-content/uploads/2025/01/16_Local3Patricia-768x512.jpeg 768w, https://estiu.es/wp-content/uploads/2025/01/16_Local3Patricia.jpeg 1280w" sizes="auto, (max-width: 1024px) 100vw, 1024px" /></figure>



<figure class="wp-block-image size-large"><img loading="lazy" decoding="async" width="1024" height="683" src="https://estiu.es/wp-content/uploads/2025/01/10_Local3Patricia-1024x683.jpeg" alt="" class="wp-image-315" srcset="https://estiu.es/wp-content/uploads/2025/01/10_Local3Patricia-1024x683.jpeg 1024w, https://estiu.es/wp-content/uploads/2025/01/10_Local3Patricia-300x200.jpeg 300w, https://estiu.es/wp-content/uploads/2025/01/10_Local3Patricia-768x512.jpeg 768w, https://estiu.es/wp-content/uploads/2025/01/10_Local3Patricia.jpeg 1280w" sizes="auto, (max-width: 1024px) 100vw, 1024px" /></figure>



<figure class="wp-block-image size-large"><img loading="lazy" decoding="async" width="1024" height="683" src="https://estiu.es/wp-content/uploads/2025/01/3_Local3Patricia-1024x683.jpeg" alt="" class="wp-image-320" srcset="https://estiu.es/wp-content/uploads/2025/01/3_Local3Patricia-1024x683.jpeg 1024w, https://estiu.es/wp-content/uploads/2025/01/3_Local3Patricia-300x200.jpeg 300w, https://estiu.es/wp-content/uploads/2025/01/3_Local3Patricia-768x512.jpeg 768w, https://estiu.es/wp-content/uploads/2025/01/3_Local3Patricia.jpeg 1280w" sizes="auto, (max-width: 1024px) 100vw, 1024px" /></figure>



<figure class="wp-block-image size-large"><img loading="lazy" decoding="async" width="1024" height="683" src="https://estiu.es/wp-content/uploads/2025/01/4_Local3Patricia-1024x683.jpeg" alt="" class="wp-image-317" srcset="https://estiu.es/wp-content/uploads/2025/01/4_Local3Patricia-1024x683.jpeg 1024w, https://estiu.es/wp-content/uploads/2025/01/4_Local3Patricia-300x200.jpeg 300w, https://estiu.es/wp-content/uploads/2025/01/4_Local3Patricia-768x512.jpeg 768w, https://estiu.es/wp-content/uploads/2025/01/4_Local3Patricia.jpeg 1280w" sizes="auto, (max-width: 1024px) 100vw, 1024px" /></figure>



<figure class="wp-block-image size-large"><img loading="lazy" decoding="async" width="1024" height="683" src="https://estiu.es/wp-content/uploads/2025/01/9_Local3Patricia-1024x683.jpeg" alt="" class="wp-image-316" srcset="https://estiu.es/wp-content/uploads/2025/01/9_Local3Patricia-1024x683.jpeg 1024w, https://estiu.es/wp-content/uploads/2025/01/9_Local3Patricia-300x200.jpeg 300w, https://estiu.es/wp-content/uploads/2025/01/9_Local3Patricia-768x512.jpeg 768w, https://estiu.es/wp-content/uploads/2025/01/9_Local3Patricia.jpeg 1280w" sizes="auto, (max-width: 1024px) 100vw, 1024px" /></figure>



<figure class="wp-block-image size-large"><img loading="lazy" decoding="async" width="1024" height="683" src="https://estiu.es/wp-content/uploads/2025/01/8_Local3Patricia-1024x683.jpeg" alt="" class="wp-image-318" srcset="https://estiu.es/wp-content/uploads/2025/01/8_Local3Patricia-1024x683.jpeg 1024w, https://estiu.es/wp-content/uploads/2025/01/8_Local3Patricia-300x200.jpeg 300w, https://estiu.es/wp-content/uploads/2025/01/8_Local3Patricia-768x512.jpeg 768w, https://estiu.es/wp-content/uploads/2025/01/8_Local3Patricia.jpeg 1280w" sizes="auto, (max-width: 1024px) 100vw, 1024px" /></figure>



<figure class="wp-block-image size-large"><img loading="lazy" decoding="async" width="1024" height="683" src="https://estiu.es/wp-content/uploads/2025/01/2_Local3Patricia-1024x683.jpeg" alt="" class="wp-image-319" srcset="https://estiu.es/wp-content/uploads/2025/01/2_Local3Patricia-1024x683.jpeg 1024w, https://estiu.es/wp-content/uploads/2025/01/2_Local3Patricia-300x200.jpeg 300w, https://estiu.es/wp-content/uploads/2025/01/2_Local3Patricia-768x512.jpeg 768w, https://estiu.es/wp-content/uploads/2025/01/2_Local3Patricia.jpeg 1280w" sizes="auto, (max-width: 1024px) 100vw, 1024px" /></figure>



<p>—</p>



<p>Proyecto realizado en colaboración con Clara Sáez (redacción), Marta Salvador (corrección de textos) y María Mira (fotografía). Fotos del proyecto: Sara Azorín.</p>
