{"id":2591,"date":"2024-07-26T20:02:00","date_gmt":"2024-07-26T18:02:00","guid":{"rendered":"https:\/\/estiu.es\/?post_type=proyecto&#038;p=2591"},"modified":"2025-05-19T20:04:04","modified_gmt":"2025-05-19T18:04:04","slug":"memoria-anual-caritas-valencia","status":"publish","type":"proyecto","link":"https:\/\/estiu.es\/en\/proyecto\/memoria-anual-caritas-valencia\/","title":{"rendered":"Memoria anual C\u00e1ritas Valencia"},"content":{"rendered":"\n<p>La memoria anual de\u00a0<a href=\"https:\/\/www.instagram.com\/valencia.caritas\/\" target=\"_blank\" rel=\"noreferrer noopener\">C\u00e1ritas Valencia<\/a> resume las actividades y los diferentes programas de acci\u00f3n social realizados por esta instituci\u00f3n durante el a\u00f1o anterior.<\/p>\n\n\n\n<p>Adem\u00e1s del dise\u00f1o y maquetaci\u00f3n de la publicaci\u00f3n, con motivo de la presentaci\u00f3n de la misma, realizamos una serie de adaptaciones utilizando el mismo lenguaje gr\u00e1fico. El proyecto incluy\u00f3 tambi\u00e9n la realizaci\u00f3n de una memoria resumida en formato cuadr\u00edptico.<\/p>\n\n\n\n<figure class=\"wp-block-image size-large\"><img loading=\"lazy\" decoding=\"async\" width=\"1024\" height=\"683\" src=\"https:\/\/estiu.es\/wp-content\/uploads\/2025\/05\/Caritas-7-1024x683.jpeg\" alt=\"\" class=\"wp-image-2610\" srcset=\"https:\/\/estiu.es\/wp-content\/uploads\/2025\/05\/Caritas-7-1024x683.jpeg 1024w, https:\/\/estiu.es\/wp-content\/uploads\/2025\/05\/Caritas-7-300x200.jpeg 300w, https:\/\/estiu.es\/wp-content\/uploads\/2025\/05\/Caritas-7-768x512.jpeg 768w, https:\/\/estiu.es\/wp-content\/uploads\/2025\/05\/Caritas-7.jpeg 1280w\" sizes=\"auto, (max-width: 1024px) 100vw, 1024px\" \/><\/figure>\n\n\n\n<figure class=\"wp-block-image size-large\"><img loading=\"lazy\" decoding=\"async\" width=\"1024\" height=\"683\" src=\"https:\/\/estiu.es\/wp-content\/uploads\/2025\/05\/Caritas-9-1024x683.jpeg\" alt=\"\" class=\"wp-image-2616\" srcset=\"https:\/\/estiu.es\/wp-content\/uploads\/2025\/05\/Caritas-9-1024x683.jpeg 1024w, https:\/\/estiu.es\/wp-content\/uploads\/2025\/05\/Caritas-9-300x200.jpeg 300w, https:\/\/estiu.es\/wp-content\/uploads\/2025\/05\/Caritas-9-768x512.jpeg 768w, https:\/\/estiu.es\/wp-content\/uploads\/2025\/05\/Caritas-9.jpeg 1280w\" sizes=\"auto, (max-width: 1024px) 100vw, 1024px\" \/><\/figure>\n\n\n\n<figure class=\"wp-block-image size-large\"><img loading=\"lazy\" decoding=\"async\" width=\"1024\" height=\"683\" src=\"https:\/\/estiu.es\/wp-content\/uploads\/2025\/05\/Caritas-8-1024x683.jpeg\" alt=\"\" class=\"wp-image-2613\" srcset=\"https:\/\/estiu.es\/wp-content\/uploads\/2025\/05\/Caritas-8-1024x683.jpeg 1024w, https:\/\/estiu.es\/wp-content\/uploads\/2025\/05\/Caritas-8-300x200.jpeg 300w, https:\/\/estiu.es\/wp-content\/uploads\/2025\/05\/Caritas-8-768x512.jpeg 768w, https:\/\/estiu.es\/wp-content\/uploads\/2025\/05\/Caritas-8.jpeg 1280w\" sizes=\"auto, (max-width: 1024px) 100vw, 1024px\" \/><\/figure>\n\n\n\n<figure class=\"wp-block-image size-large\"><img loading=\"lazy\" decoding=\"async\" width=\"1024\" height=\"819\" src=\"https:\/\/estiu.es\/wp-content\/uploads\/2025\/05\/Caritas_Fachada-2-1024x819.jpeg\" alt=\"\" class=\"wp-image-2637\" srcset=\"https:\/\/estiu.es\/wp-content\/uploads\/2025\/05\/Caritas_Fachada-2-1024x819.jpeg 1024w, https:\/\/estiu.es\/wp-content\/uploads\/2025\/05\/Caritas_Fachada-2-300x240.jpeg 300w, https:\/\/estiu.es\/wp-content\/uploads\/2025\/05\/Caritas_Fachada-2-768x614.jpeg 768w, https:\/\/estiu.es\/wp-content\/uploads\/2025\/05\/Caritas_Fachada-2.jpeg 1280w\" sizes=\"auto, (max-width: 1024px) 100vw, 1024px\" \/><\/figure>\n\n\n\n<figure class=\"wp-block-image size-large\"><img loading=\"lazy\" decoding=\"async\" width=\"1024\" height=\"927\" src=\"https:\/\/estiu.es\/wp-content\/uploads\/2025\/05\/Memoria-Caritas-press4-1024x927.jpeg\" alt=\"\" class=\"wp-image-2634\" srcset=\"https:\/\/estiu.es\/wp-content\/uploads\/2025\/05\/Memoria-Caritas-press4-1024x927.jpeg 1024w, https:\/\/estiu.es\/wp-content\/uploads\/2025\/05\/Memoria-Caritas-press4-300x272.jpeg 300w, https:\/\/estiu.es\/wp-content\/uploads\/2025\/05\/Memoria-Caritas-press4-768x695.jpeg 768w, https:\/\/estiu.es\/wp-content\/uploads\/2025\/05\/Memoria-Caritas-press4.jpeg 1280w\" sizes=\"auto, (max-width: 1024px) 100vw, 1024px\" \/><\/figure>\n","protected":false},"featured_media":2631,"template":"","meta":{"_acf_changed":false,"_coblocks_attr":"","_coblocks_dimensions":"","_coblocks_responsive_height":"","_coblocks_accordion_ie_support":""},"categoria-de-proyecto":[3,8],"class_list":["post-2591","proyecto","type-proyecto","status-publish","has-post-thumbnail","hentry","categoria-de-proyecto-editorial","categoria-de-proyecto-grafico"],"acf":[],"_links":{"self":[{"href":"https:\/\/estiu.es\/en\/wp-json\/wp\/v2\/proyecto\/2591","targetHints":{"allow":["GET"]}}],"collection":[{"href":"https:\/\/estiu.es\/en\/wp-json\/wp\/v2\/proyecto"}],"about":[{"href":"https:\/\/estiu.es\/en\/wp-json\/wp\/v2\/types\/proyecto"}],"wp:featuredmedia":[{"embeddable":true,"href":"https:\/\/estiu.es\/en\/wp-json\/wp\/v2\/media\/2631"}],"wp:attachment":[{"href":"https:\/\/estiu.es\/en\/wp-json\/wp\/v2\/media?parent=2591"}],"wp:term":[{"taxonomy":"categoria-de-proyecto","embeddable":true,"href":"https:\/\/estiu.es\/en\/wp-json\/wp\/v2\/categoria-de-proyecto?post=2591"}],"curies":[{"name":"wp","href":"https:\/\/api.w.org\/{rel}","templated":true}]}}

Memoria anual Cáritas Valencia

<p>La memoria anual de <a href="https://www.instagram.com/valencia.caritas/" target="_blank" rel="noreferrer noopener">Cáritas Valencia</a> resume las actividades y los diferentes programas de acción social realizados por esta institución durante el año anterior.</p>



<p>Además del diseño y maquetación de la publicación, con motivo de la presentación de la misma, realizamos una serie de adaptaciones utilizando el mismo lenguaje gráfico. El proyecto incluyó también la realización de una memoria resumida en formato cuadríptico.</p>



<figure class="wp-block-image size-large"><img loading="lazy" decoding="async" width="1024" height="683" src="https://estiu.es/wp-content/uploads/2025/05/Caritas-7-1024x683.jpeg" alt="" class="wp-image-2610" srcset="https://estiu.es/wp-content/uploads/2025/05/Caritas-7-1024x683.jpeg 1024w, https://estiu.es/wp-content/uploads/2025/05/Caritas-7-300x200.jpeg 300w, https://estiu.es/wp-content/uploads/2025/05/Caritas-7-768x512.jpeg 768w, https://estiu.es/wp-content/uploads/2025/05/Caritas-7.jpeg 1280w" sizes="auto, (max-width: 1024px) 100vw, 1024px" /></figure>



<figure class="wp-block-image size-large"><img loading="lazy" decoding="async" width="1024" height="683" src="https://estiu.es/wp-content/uploads/2025/05/Caritas-9-1024x683.jpeg" alt="" class="wp-image-2616" srcset="https://estiu.es/wp-content/uploads/2025/05/Caritas-9-1024x683.jpeg 1024w, https://estiu.es/wp-content/uploads/2025/05/Caritas-9-300x200.jpeg 300w, https://estiu.es/wp-content/uploads/2025/05/Caritas-9-768x512.jpeg 768w, https://estiu.es/wp-content/uploads/2025/05/Caritas-9.jpeg 1280w" sizes="auto, (max-width: 1024px) 100vw, 1024px" /></figure>



<figure class="wp-block-image size-large"><img loading="lazy" decoding="async" width="1024" height="683" src="https://estiu.es/wp-content/uploads/2025/05/Caritas-8-1024x683.jpeg" alt="" class="wp-image-2613" srcset="https://estiu.es/wp-content/uploads/2025/05/Caritas-8-1024x683.jpeg 1024w, https://estiu.es/wp-content/uploads/2025/05/Caritas-8-300x200.jpeg 300w, https://estiu.es/wp-content/uploads/2025/05/Caritas-8-768x512.jpeg 768w, https://estiu.es/wp-content/uploads/2025/05/Caritas-8.jpeg 1280w" sizes="auto, (max-width: 1024px) 100vw, 1024px" /></figure>



<figure class="wp-block-image size-large"><img loading="lazy" decoding="async" width="1024" height="819" src="https://estiu.es/wp-content/uploads/2025/05/Caritas_Fachada-2-1024x819.jpeg" alt="" class="wp-image-2637" srcset="https://estiu.es/wp-content/uploads/2025/05/Caritas_Fachada-2-1024x819.jpeg 1024w, https://estiu.es/wp-content/uploads/2025/05/Caritas_Fachada-2-300x240.jpeg 300w, https://estiu.es/wp-content/uploads/2025/05/Caritas_Fachada-2-768x614.jpeg 768w, https://estiu.es/wp-content/uploads/2025/05/Caritas_Fachada-2.jpeg 1280w" sizes="auto, (max-width: 1024px) 100vw, 1024px" /></figure>



<figure class="wp-block-image size-large"><img loading="lazy" decoding="async" width="1024" height="927" src="https://estiu.es/wp-content/uploads/2025/05/Memoria-Caritas-press4-1024x927.jpeg" alt="" class="wp-image-2634" srcset="https://estiu.es/wp-content/uploads/2025/05/Memoria-Caritas-press4-1024x927.jpeg 1024w, https://estiu.es/wp-content/uploads/2025/05/Memoria-Caritas-press4-300x272.jpeg 300w, https://estiu.es/wp-content/uploads/2025/05/Memoria-Caritas-press4-768x695.jpeg 768w, https://estiu.es/wp-content/uploads/2025/05/Memoria-Caritas-press4.jpeg 1280w" sizes="auto, (max-width: 1024px) 100vw, 1024px" /></figure>
