{"id":2554,"date":"2025-05-19T19:45:55","date_gmt":"2025-05-19T17:45:55","guid":{"rendered":"https:\/\/estiu.es\/?post_type=proyecto&#038;p=2554"},"modified":"2025-05-19T19:45:56","modified_gmt":"2025-05-19T17:45:56","slug":"matericco","status":"publish","type":"proyecto","link":"https:\/\/estiu.es\/en\/proyecto\/matericco\/","title":{"rendered":"Mat\u00e9ricco"},"content":{"rendered":"\n<p>Mat\u00e9ricco es un estudio de dise\u00f1o de producto e interiorismo que apuesta por el dise\u00f1o esencial, duradero y consciente, donde los espacios y objetos no solo cumplen una funci\u00f3n, sino que generan bienestar y conexi\u00f3n.<\/p>\n\n\n\n<p>En el desarrollo de su identidad, creamos un dise\u00f1o claro y funcional, equilibrando precisi\u00f3n y cercan\u00eda. Trabajamos tanto en la marca principal como en\u00a0<a href=\"https:\/\/www.instagram.com\/matericcoliving\/\" target=\"_blank\" rel=\"noreferrer noopener\">Mat\u00e9riccoo Living<\/a>, reduciendo cada elemento a su esencia y utilizando el espacio vac\u00edo como parte clave de la composici\u00f3n. La tipograf\u00eda Neue Haas Unica, elegida por su legibilidad y solidez, transmite al mismo tiempo calidez.<\/p>\n\n\n\n<figure class=\"wp-block-image size-large is-resized\"><img loading=\"lazy\" decoding=\"async\" width=\"819\" height=\"1024\" src=\"https:\/\/estiu.es\/wp-content\/uploads\/2025\/05\/Tarjetas_Matericco_Redes-819x1024.jpeg\" alt=\"\" class=\"wp-image-2588\" style=\"width:840px;height:auto\" srcset=\"https:\/\/estiu.es\/wp-content\/uploads\/2025\/05\/Tarjetas_Matericco_Redes-819x1024.jpeg 819w, https:\/\/estiu.es\/wp-content\/uploads\/2025\/05\/Tarjetas_Matericco_Redes-240x300.jpeg 240w, https:\/\/estiu.es\/wp-content\/uploads\/2025\/05\/Tarjetas_Matericco_Redes-768x960.jpeg 768w, https:\/\/estiu.es\/wp-content\/uploads\/2025\/05\/Tarjetas_Matericco_Redes.jpeg 1024w\" sizes=\"auto, (max-width: 819px) 100vw, 819px\" \/><\/figure>\n\n\n\n<figure class=\"wp-block-image size-large\"><img loading=\"lazy\" decoding=\"async\" width=\"1024\" height=\"717\" src=\"https:\/\/estiu.es\/wp-content\/uploads\/2025\/05\/Scan_2Cartelesweb-1024x717.jpeg\" alt=\"\" class=\"wp-image-2585\" srcset=\"https:\/\/estiu.es\/wp-content\/uploads\/2025\/05\/Scan_2Cartelesweb-1024x717.jpeg 1024w, https:\/\/estiu.es\/wp-content\/uploads\/2025\/05\/Scan_2Cartelesweb-300x210.jpeg 300w, https:\/\/estiu.es\/wp-content\/uploads\/2025\/05\/Scan_2Cartelesweb-768x538.jpeg 768w, https:\/\/estiu.es\/wp-content\/uploads\/2025\/05\/Scan_2Cartelesweb.jpeg 1280w\" sizes=\"auto, (max-width: 1024px) 100vw, 1024px\" \/><\/figure>\n\n\n\n<div class=\"wp-block-columns is-layout-flex wp-container-core-columns-is-layout-9d6595d7 wp-block-columns-is-layout-flex\">\n<div class=\"wp-block-column is-layout-flow wp-block-column-is-layout-flow\">\n<figure class=\"wp-block-image size-large\"><img loading=\"lazy\" decoding=\"async\" width=\"819\" height=\"1024\" src=\"https:\/\/estiu.es\/wp-content\/uploads\/2025\/05\/Logo_Fondo-1-819x1024.jpeg\" alt=\"\" class=\"wp-image-2567\" srcset=\"https:\/\/estiu.es\/wp-content\/uploads\/2025\/05\/Logo_Fondo-1-819x1024.jpeg 819w, https:\/\/estiu.es\/wp-content\/uploads\/2025\/05\/Logo_Fondo-1-240x300.jpeg 240w, https:\/\/estiu.es\/wp-content\/uploads\/2025\/05\/Logo_Fondo-1-768x960.jpeg 768w, https:\/\/estiu.es\/wp-content\/uploads\/2025\/05\/Logo_Fondo-1.jpeg 1024w\" sizes=\"auto, (max-width: 819px) 100vw, 819px\" \/><\/figure>\n<\/div>\n\n\n\n<div class=\"wp-block-column is-layout-flow wp-block-column-is-layout-flow\">\n<figure class=\"wp-block-image size-large\"><img loading=\"lazy\" decoding=\"async\" width=\"819\" height=\"1024\" src=\"https:\/\/estiu.es\/wp-content\/uploads\/2025\/05\/10_CintaCaja-819x1024.jpeg\" alt=\"\" class=\"wp-image-2564\" srcset=\"https:\/\/estiu.es\/wp-content\/uploads\/2025\/05\/10_CintaCaja-819x1024.jpeg 819w, https:\/\/estiu.es\/wp-content\/uploads\/2025\/05\/10_CintaCaja-240x300.jpeg 240w, https:\/\/estiu.es\/wp-content\/uploads\/2025\/05\/10_CintaCaja-768x960.jpeg 768w, https:\/\/estiu.es\/wp-content\/uploads\/2025\/05\/10_CintaCaja.jpeg 1024w\" sizes=\"auto, (max-width: 819px) 100vw, 819px\" \/><\/figure>\n<\/div>\n<\/div>\n\n\n\n<p>Para aportar una dimensi\u00f3n m\u00e1s expresiva, incorporamos trazos de bocetos a mano y un tratamiento gr\u00e1fico que refuerza la relaci\u00f3n entre los elementos. La uni\u00f3n de las dos \u2018CC\u2019 en el logotipo resalta la colaboraci\u00f3n y proximidad, valores esenciales del proyecto, creando una identidad visual que no solo comunica, sino que tambi\u00e9n perdura.<\/p>\n\n\n\n<figure class=\"wp-block-video\"><video height=\"1080\" style=\"aspect-ratio: 1482 \/ 1080;\" width=\"1482\" controls src=\"https:\/\/estiu.es\/wp-content\/uploads\/2025\/05\/2_SecuenciaGifMatericco_WEB.mov\"><\/video><\/figure>\n","protected":false},"featured_media":2582,"template":"","meta":{"_acf_changed":false,"_coblocks_attr":"","_coblocks_dimensions":"","_coblocks_responsive_height":"","_coblocks_accordion_ie_support":""},"categoria-de-proyecto":[8,4],"class_list":["post-2554","proyecto","type-proyecto","status-publish","has-post-thumbnail","hentry","categoria-de-proyecto-grafico","categoria-de-proyecto-identidad"],"acf":[],"_links":{"self":[{"href":"https:\/\/estiu.es\/en\/wp-json\/wp\/v2\/proyecto\/2554","targetHints":{"allow":["GET"]}}],"collection":[{"href":"https:\/\/estiu.es\/en\/wp-json\/wp\/v2\/proyecto"}],"about":[{"href":"https:\/\/estiu.es\/en\/wp-json\/wp\/v2\/types\/proyecto"}],"wp:featuredmedia":[{"embeddable":true,"href":"https:\/\/estiu.es\/en\/wp-json\/wp\/v2\/media\/2582"}],"wp:attachment":[{"href":"https:\/\/estiu.es\/en\/wp-json\/wp\/v2\/media?parent=2554"}],"wp:term":[{"taxonomy":"categoria-de-proyecto","embeddable":true,"href":"https:\/\/estiu.es\/en\/wp-json\/wp\/v2\/categoria-de-proyecto?post=2554"}],"curies":[{"name":"wp","href":"https:\/\/api.w.org\/{rel}","templated":true}]}}

Matéricco

<p>Matéricco es un estudio de diseño de producto e interiorismo que apuesta por el diseño esencial, duradero y consciente, donde los espacios y objetos no solo cumplen una función, sino que generan bienestar y conexión.</p>



<p>En el desarrollo de su identidad, creamos un diseño claro y funcional, equilibrando precisión y cercanía. Trabajamos tanto en la marca principal como en <a href="https://www.instagram.com/matericcoliving/" target="_blank" rel="noreferrer noopener">Matériccoo Living</a>, reduciendo cada elemento a su esencia y utilizando el espacio vacío como parte clave de la composición. La tipografía Neue Haas Unica, elegida por su legibilidad y solidez, transmite al mismo tiempo calidez.</p>



<figure class="wp-block-image size-large is-resized"><img loading="lazy" decoding="async" width="819" height="1024" src="https://estiu.es/wp-content/uploads/2025/05/Tarjetas_Matericco_Redes-819x1024.jpeg" alt="" class="wp-image-2588" style="width:840px;height:auto" srcset="https://estiu.es/wp-content/uploads/2025/05/Tarjetas_Matericco_Redes-819x1024.jpeg 819w, https://estiu.es/wp-content/uploads/2025/05/Tarjetas_Matericco_Redes-240x300.jpeg 240w, https://estiu.es/wp-content/uploads/2025/05/Tarjetas_Matericco_Redes-768x960.jpeg 768w, https://estiu.es/wp-content/uploads/2025/05/Tarjetas_Matericco_Redes.jpeg 1024w" sizes="auto, (max-width: 819px) 100vw, 819px" /></figure>



<figure class="wp-block-image size-large"><img loading="lazy" decoding="async" width="1024" height="717" src="https://estiu.es/wp-content/uploads/2025/05/Scan_2Cartelesweb-1024x717.jpeg" alt="" class="wp-image-2585" srcset="https://estiu.es/wp-content/uploads/2025/05/Scan_2Cartelesweb-1024x717.jpeg 1024w, https://estiu.es/wp-content/uploads/2025/05/Scan_2Cartelesweb-300x210.jpeg 300w, https://estiu.es/wp-content/uploads/2025/05/Scan_2Cartelesweb-768x538.jpeg 768w, https://estiu.es/wp-content/uploads/2025/05/Scan_2Cartelesweb.jpeg 1280w" sizes="auto, (max-width: 1024px) 100vw, 1024px" /></figure>



<div class="wp-block-columns is-layout-flex wp-container-core-columns-is-layout-9d6595d7 wp-block-columns-is-layout-flex">
<div class="wp-block-column is-layout-flow wp-block-column-is-layout-flow">
<figure class="wp-block-image size-large"><img loading="lazy" decoding="async" width="819" height="1024" src="https://estiu.es/wp-content/uploads/2025/05/Logo_Fondo-1-819x1024.jpeg" alt="" class="wp-image-2567" srcset="https://estiu.es/wp-content/uploads/2025/05/Logo_Fondo-1-819x1024.jpeg 819w, https://estiu.es/wp-content/uploads/2025/05/Logo_Fondo-1-240x300.jpeg 240w, https://estiu.es/wp-content/uploads/2025/05/Logo_Fondo-1-768x960.jpeg 768w, https://estiu.es/wp-content/uploads/2025/05/Logo_Fondo-1.jpeg 1024w" sizes="auto, (max-width: 819px) 100vw, 819px" /></figure>
</div>



<div class="wp-block-column is-layout-flow wp-block-column-is-layout-flow">
<figure class="wp-block-image size-large"><img loading="lazy" decoding="async" width="819" height="1024" src="https://estiu.es/wp-content/uploads/2025/05/10_CintaCaja-819x1024.jpeg" alt="" class="wp-image-2564" srcset="https://estiu.es/wp-content/uploads/2025/05/10_CintaCaja-819x1024.jpeg 819w, https://estiu.es/wp-content/uploads/2025/05/10_CintaCaja-240x300.jpeg 240w, https://estiu.es/wp-content/uploads/2025/05/10_CintaCaja-768x960.jpeg 768w, https://estiu.es/wp-content/uploads/2025/05/10_CintaCaja.jpeg 1024w" sizes="auto, (max-width: 819px) 100vw, 819px" /></figure>
</div>
</div>



<p>Para aportar una dimensión más expresiva, incorporamos trazos de bocetos a mano y un tratamiento gráfico que refuerza la relación entre los elementos. La unión de las dos ‘CC’ en el logotipo resalta la colaboración y proximidad, valores esenciales del proyecto, creando una identidad visual que no solo comunica, sino que también perdura.</p>



<figure class="wp-block-video"><video height="1080" style="aspect-ratio: 1482 / 1080;" width="1482" controls src="https://estiu.es/wp-content/uploads/2025/05/2_SecuenciaGifMatericco_WEB.mov"></video></figure>
