{"id":2513,"date":"2025-05-19T19:37:24","date_gmt":"2025-05-19T17:37:24","guid":{"rendered":"https:\/\/estiu.es\/?post_type=proyecto&#038;p=2513"},"modified":"2025-05-19T19:37:26","modified_gmt":"2025-05-19T17:37:26","slug":"catalogo-teatro-la-estrella-45-de-historia","status":"publish","type":"proyecto","link":"https:\/\/estiu.es\/en\/proyecto\/catalogo-teatro-la-estrella-45-de-historia\/","title":{"rendered":"Cat\u00e1logo &#8216;Teatro La Estrella: 45 de Historia\u2019"},"content":{"rendered":"\n<p>Dise\u00f1o de \u2018Teatro La Estrella: 45 de Historia\u2019. Esta publicaci\u00f3n, m\u00e1s que un simple cat\u00e1logo de la exposici\u00f3n que pudo verse el pasado a\u00f1o en el CCCC, se configura como una completa revisi\u00f3n de los grandes hitos del\u00a0<a href=\"https:\/\/teatrolaestrella.com\" target=\"_blank\" rel=\"noreferrer noopener\">Teatro a Estrella<\/a>\u00a0, desde sus inicios en el teatro callejero en Madrid durante la Transici\u00f3n hasta su consolidaci\u00f3n en Val\u00e8ncia como un referente del teatro de t\u00edteres, primero en el Cabanyal y m\u00e1s tarde en la Petxina.<\/p>\n\n\n\n<p>A trav\u00e9s de una estructura y est\u00e9tica que da continuidad al dise\u00f1o expositivo que ya realizamos, el libro est\u00e1 planteado no solo como testimonio de la muestra, si no que documenta la historia de este teatro recuperando su archivo fotogr\u00e1fico y testimonios de amigos y personalidades vinculadas a esta compa\u00f1\u00eda valenciana referente en el mundo de los t\u00edteres.<\/p>\n\n\n\n<div class=\"wp-block-columns is-layout-flex wp-container-core-columns-is-layout-9d6595d7 wp-block-columns-is-layout-flex\">\n<div class=\"wp-block-column is-layout-flow wp-block-column-is-layout-flow\">\n<figure class=\"wp-block-image size-large\"><img loading=\"lazy\" decoding=\"async\" width=\"819\" height=\"1024\" src=\"https:\/\/estiu.es\/wp-content\/uploads\/2025\/05\/Catalogo_TeatroLaEstrella-28B-819x1024.jpeg\" alt=\"\" class=\"wp-image-2535\" srcset=\"https:\/\/estiu.es\/wp-content\/uploads\/2025\/05\/Catalogo_TeatroLaEstrella-28B-819x1024.jpeg 819w, https:\/\/estiu.es\/wp-content\/uploads\/2025\/05\/Catalogo_TeatroLaEstrella-28B-240x300.jpeg 240w, https:\/\/estiu.es\/wp-content\/uploads\/2025\/05\/Catalogo_TeatroLaEstrella-28B-768x960.jpeg 768w, https:\/\/estiu.es\/wp-content\/uploads\/2025\/05\/Catalogo_TeatroLaEstrella-28B.jpeg 1024w\" sizes=\"auto, (max-width: 819px) 100vw, 819px\" \/><\/figure>\n\n\n\n<figure class=\"wp-block-image size-large\"><img loading=\"lazy\" decoding=\"async\" width=\"768\" height=\"1024\" src=\"https:\/\/estiu.es\/wp-content\/uploads\/2025\/05\/Catalogo_TeatroLaEstrella-33B-768x1024.jpeg\" alt=\"\" class=\"wp-image-2538\" srcset=\"https:\/\/estiu.es\/wp-content\/uploads\/2025\/05\/Catalogo_TeatroLaEstrella-33B-768x1024.jpeg 768w, https:\/\/estiu.es\/wp-content\/uploads\/2025\/05\/Catalogo_TeatroLaEstrella-33B-225x300.jpeg 225w, https:\/\/estiu.es\/wp-content\/uploads\/2025\/05\/Catalogo_TeatroLaEstrella-33B.jpeg 960w\" sizes=\"auto, (max-width: 768px) 100vw, 768px\" \/><\/figure>\n\n\n\n<div class=\"wp-block-columns is-layout-flex wp-container-core-columns-is-layout-9d6595d7 wp-block-columns-is-layout-flex\">\n<div class=\"wp-block-column is-layout-flow wp-block-column-is-layout-flow\">\n<figure class=\"wp-block-image size-large\"><img loading=\"lazy\" decoding=\"async\" width=\"1024\" height=\"683\" src=\"https:\/\/estiu.es\/wp-content\/uploads\/2025\/05\/Catalogo_TeatroLaEstrella-25-1024x683.jpeg\" alt=\"\" class=\"wp-image-2550\" srcset=\"https:\/\/estiu.es\/wp-content\/uploads\/2025\/05\/Catalogo_TeatroLaEstrella-25-1024x683.jpeg 1024w, https:\/\/estiu.es\/wp-content\/uploads\/2025\/05\/Catalogo_TeatroLaEstrella-25-300x200.jpeg 300w, https:\/\/estiu.es\/wp-content\/uploads\/2025\/05\/Catalogo_TeatroLaEstrella-25-768x512.jpeg 768w, https:\/\/estiu.es\/wp-content\/uploads\/2025\/05\/Catalogo_TeatroLaEstrella-25.jpeg 1280w\" sizes=\"auto, (max-width: 1024px) 100vw, 1024px\" \/><\/figure>\n<\/div>\n<\/div>\n\n\n\n<figure class=\"wp-block-image size-large\"><img loading=\"lazy\" decoding=\"async\" width=\"1024\" height=\"683\" src=\"https:\/\/estiu.es\/wp-content\/uploads\/2025\/05\/Catalogo_TeatroLaEstrella-39C-1024x683.jpeg\" alt=\"\" class=\"wp-image-2520\" srcset=\"https:\/\/estiu.es\/wp-content\/uploads\/2025\/05\/Catalogo_TeatroLaEstrella-39C-1024x683.jpeg 1024w, https:\/\/estiu.es\/wp-content\/uploads\/2025\/05\/Catalogo_TeatroLaEstrella-39C-300x200.jpeg 300w, https:\/\/estiu.es\/wp-content\/uploads\/2025\/05\/Catalogo_TeatroLaEstrella-39C-768x512.jpeg 768w, https:\/\/estiu.es\/wp-content\/uploads\/2025\/05\/Catalogo_TeatroLaEstrella-39C.jpeg 1280w\" sizes=\"auto, (max-width: 1024px) 100vw, 1024px\" \/><\/figure>\n\n\n\n<figure class=\"wp-block-image size-large\"><img loading=\"lazy\" decoding=\"async\" width=\"768\" height=\"1024\" src=\"https:\/\/estiu.es\/wp-content\/uploads\/2025\/05\/Catalogo_TeatroLaEstrella-20B-768x1024.jpeg\" alt=\"\" class=\"wp-image-2541\" srcset=\"https:\/\/estiu.es\/wp-content\/uploads\/2025\/05\/Catalogo_TeatroLaEstrella-20B-768x1024.jpeg 768w, https:\/\/estiu.es\/wp-content\/uploads\/2025\/05\/Catalogo_TeatroLaEstrella-20B-225x300.jpeg 225w, https:\/\/estiu.es\/wp-content\/uploads\/2025\/05\/Catalogo_TeatroLaEstrella-20B.jpeg 960w\" sizes=\"auto, (max-width: 768px) 100vw, 768px\" \/><\/figure>\n\n\n\n<figure class=\"wp-block-image size-large\"><img loading=\"lazy\" decoding=\"async\" width=\"1024\" height=\"683\" src=\"https:\/\/estiu.es\/wp-content\/uploads\/2025\/05\/Catalogo_TeatroLaEstrella-29-1024x683.jpeg\" alt=\"\" class=\"wp-image-2544\" srcset=\"https:\/\/estiu.es\/wp-content\/uploads\/2025\/05\/Catalogo_TeatroLaEstrella-29-1024x683.jpeg 1024w, https:\/\/estiu.es\/wp-content\/uploads\/2025\/05\/Catalogo_TeatroLaEstrella-29-300x200.jpeg 300w, https:\/\/estiu.es\/wp-content\/uploads\/2025\/05\/Catalogo_TeatroLaEstrella-29-768x512.jpeg 768w, https:\/\/estiu.es\/wp-content\/uploads\/2025\/05\/Catalogo_TeatroLaEstrella-29.jpeg 1280w\" sizes=\"auto, (max-width: 1024px) 100vw, 1024px\" \/><\/figure>\n\n\n\n<figure class=\"wp-block-image size-large\"><img loading=\"lazy\" decoding=\"async\" width=\"1024\" height=\"683\" src=\"https:\/\/estiu.es\/wp-content\/uploads\/2025\/05\/Catalogo_TeatroLaEstrella-43C-1024x683.jpeg\" alt=\"\" class=\"wp-image-2523\" srcset=\"https:\/\/estiu.es\/wp-content\/uploads\/2025\/05\/Catalogo_TeatroLaEstrella-43C-1024x683.jpeg 1024w, https:\/\/estiu.es\/wp-content\/uploads\/2025\/05\/Catalogo_TeatroLaEstrella-43C-300x200.jpeg 300w, https:\/\/estiu.es\/wp-content\/uploads\/2025\/05\/Catalogo_TeatroLaEstrella-43C-768x512.jpeg 768w, https:\/\/estiu.es\/wp-content\/uploads\/2025\/05\/Catalogo_TeatroLaEstrella-43C.jpeg 1280w\" sizes=\"auto, (max-width: 1024px) 100vw, 1024px\" \/><\/figure>\n\n\n\n<figure class=\"wp-block-image size-large\"><img loading=\"lazy\" decoding=\"async\" width=\"820\" height=\"1024\" src=\"https:\/\/estiu.es\/wp-content\/uploads\/2025\/05\/Catalogo_TeatroLaEstrella-15B-820x1024.jpeg\" alt=\"\" class=\"wp-image-2529\" srcset=\"https:\/\/estiu.es\/wp-content\/uploads\/2025\/05\/Catalogo_TeatroLaEstrella-15B-820x1024.jpeg 820w, https:\/\/estiu.es\/wp-content\/uploads\/2025\/05\/Catalogo_TeatroLaEstrella-15B-240x300.jpeg 240w, https:\/\/estiu.es\/wp-content\/uploads\/2025\/05\/Catalogo_TeatroLaEstrella-15B-768x959.jpeg 768w, https:\/\/estiu.es\/wp-content\/uploads\/2025\/05\/Catalogo_TeatroLaEstrella-15B.jpeg 1025w\" sizes=\"auto, (max-width: 820px) 100vw, 820px\" \/><\/figure>\n<\/div>\n<\/div>\n","protected":false},"featured_media":2517,"template":"","meta":{"_acf_changed":false,"_coblocks_attr":"","_coblocks_dimensions":"","_coblocks_responsive_height":"","_coblocks_accordion_ie_support":""},"categoria-de-proyecto":[3],"class_list":["post-2513","proyecto","type-proyecto","status-publish","has-post-thumbnail","hentry","categoria-de-proyecto-editorial"],"acf":[],"_links":{"self":[{"href":"https:\/\/estiu.es\/en\/wp-json\/wp\/v2\/proyecto\/2513","targetHints":{"allow":["GET"]}}],"collection":[{"href":"https:\/\/estiu.es\/en\/wp-json\/wp\/v2\/proyecto"}],"about":[{"href":"https:\/\/estiu.es\/en\/wp-json\/wp\/v2\/types\/proyecto"}],"wp:featuredmedia":[{"embeddable":true,"href":"https:\/\/estiu.es\/en\/wp-json\/wp\/v2\/media\/2517"}],"wp:attachment":[{"href":"https:\/\/estiu.es\/en\/wp-json\/wp\/v2\/media?parent=2513"}],"wp:term":[{"taxonomy":"categoria-de-proyecto","embeddable":true,"href":"https:\/\/estiu.es\/en\/wp-json\/wp\/v2\/categoria-de-proyecto?post=2513"}],"curies":[{"name":"wp","href":"https:\/\/api.w.org\/{rel}","templated":true}]}}

Catálogo &#8216;Teatro La Estrella: 45 de Historia’

<p>Diseño de ‘Teatro La Estrella: 45 de Historia’. Esta publicación, más que un simple catálogo de la exposición que pudo verse el pasado año en el CCCC, se configura como una completa revisión de los grandes hitos del <a href="https://teatrolaestrella.com" target="_blank" rel="noreferrer noopener">Teatro a Estrella</a> , desde sus inicios en el teatro callejero en Madrid durante la Transición hasta su consolidación en València como un referente del teatro de títeres, primero en el Cabanyal y más tarde en la Petxina.</p>



<p>A través de una estructura y estética que da continuidad al diseño expositivo que ya realizamos, el libro está planteado no solo como testimonio de la muestra, si no que documenta la historia de este teatro recuperando su archivo fotográfico y testimonios de amigos y personalidades vinculadas a esta compañía valenciana referente en el mundo de los títeres.</p>



<div class="wp-block-columns is-layout-flex wp-container-core-columns-is-layout-9d6595d7 wp-block-columns-is-layout-flex">
<div class="wp-block-column is-layout-flow wp-block-column-is-layout-flow">
<figure class="wp-block-image size-large"><img loading="lazy" decoding="async" width="819" height="1024" src="https://estiu.es/wp-content/uploads/2025/05/Catalogo_TeatroLaEstrella-28B-819x1024.jpeg" alt="" class="wp-image-2535" srcset="https://estiu.es/wp-content/uploads/2025/05/Catalogo_TeatroLaEstrella-28B-819x1024.jpeg 819w, https://estiu.es/wp-content/uploads/2025/05/Catalogo_TeatroLaEstrella-28B-240x300.jpeg 240w, https://estiu.es/wp-content/uploads/2025/05/Catalogo_TeatroLaEstrella-28B-768x960.jpeg 768w, https://estiu.es/wp-content/uploads/2025/05/Catalogo_TeatroLaEstrella-28B.jpeg 1024w" sizes="auto, (max-width: 819px) 100vw, 819px" /></figure>



<figure class="wp-block-image size-large"><img loading="lazy" decoding="async" width="768" height="1024" src="https://estiu.es/wp-content/uploads/2025/05/Catalogo_TeatroLaEstrella-33B-768x1024.jpeg" alt="" class="wp-image-2538" srcset="https://estiu.es/wp-content/uploads/2025/05/Catalogo_TeatroLaEstrella-33B-768x1024.jpeg 768w, https://estiu.es/wp-content/uploads/2025/05/Catalogo_TeatroLaEstrella-33B-225x300.jpeg 225w, https://estiu.es/wp-content/uploads/2025/05/Catalogo_TeatroLaEstrella-33B.jpeg 960w" sizes="auto, (max-width: 768px) 100vw, 768px" /></figure>



<div class="wp-block-columns is-layout-flex wp-container-core-columns-is-layout-9d6595d7 wp-block-columns-is-layout-flex">
<div class="wp-block-column is-layout-flow wp-block-column-is-layout-flow">
<figure class="wp-block-image size-large"><img loading="lazy" decoding="async" width="1024" height="683" src="https://estiu.es/wp-content/uploads/2025/05/Catalogo_TeatroLaEstrella-25-1024x683.jpeg" alt="" class="wp-image-2550" srcset="https://estiu.es/wp-content/uploads/2025/05/Catalogo_TeatroLaEstrella-25-1024x683.jpeg 1024w, https://estiu.es/wp-content/uploads/2025/05/Catalogo_TeatroLaEstrella-25-300x200.jpeg 300w, https://estiu.es/wp-content/uploads/2025/05/Catalogo_TeatroLaEstrella-25-768x512.jpeg 768w, https://estiu.es/wp-content/uploads/2025/05/Catalogo_TeatroLaEstrella-25.jpeg 1280w" sizes="auto, (max-width: 1024px) 100vw, 1024px" /></figure>
</div>
</div>



<figure class="wp-block-image size-large"><img loading="lazy" decoding="async" width="1024" height="683" src="https://estiu.es/wp-content/uploads/2025/05/Catalogo_TeatroLaEstrella-39C-1024x683.jpeg" alt="" class="wp-image-2520" srcset="https://estiu.es/wp-content/uploads/2025/05/Catalogo_TeatroLaEstrella-39C-1024x683.jpeg 1024w, https://estiu.es/wp-content/uploads/2025/05/Catalogo_TeatroLaEstrella-39C-300x200.jpeg 300w, https://estiu.es/wp-content/uploads/2025/05/Catalogo_TeatroLaEstrella-39C-768x512.jpeg 768w, https://estiu.es/wp-content/uploads/2025/05/Catalogo_TeatroLaEstrella-39C.jpeg 1280w" sizes="auto, (max-width: 1024px) 100vw, 1024px" /></figure>



<figure class="wp-block-image size-large"><img loading="lazy" decoding="async" width="768" height="1024" src="https://estiu.es/wp-content/uploads/2025/05/Catalogo_TeatroLaEstrella-20B-768x1024.jpeg" alt="" class="wp-image-2541" srcset="https://estiu.es/wp-content/uploads/2025/05/Catalogo_TeatroLaEstrella-20B-768x1024.jpeg 768w, https://estiu.es/wp-content/uploads/2025/05/Catalogo_TeatroLaEstrella-20B-225x300.jpeg 225w, https://estiu.es/wp-content/uploads/2025/05/Catalogo_TeatroLaEstrella-20B.jpeg 960w" sizes="auto, (max-width: 768px) 100vw, 768px" /></figure>



<figure class="wp-block-image size-large"><img loading="lazy" decoding="async" width="1024" height="683" src="https://estiu.es/wp-content/uploads/2025/05/Catalogo_TeatroLaEstrella-29-1024x683.jpeg" alt="" class="wp-image-2544" srcset="https://estiu.es/wp-content/uploads/2025/05/Catalogo_TeatroLaEstrella-29-1024x683.jpeg 1024w, https://estiu.es/wp-content/uploads/2025/05/Catalogo_TeatroLaEstrella-29-300x200.jpeg 300w, https://estiu.es/wp-content/uploads/2025/05/Catalogo_TeatroLaEstrella-29-768x512.jpeg 768w, https://estiu.es/wp-content/uploads/2025/05/Catalogo_TeatroLaEstrella-29.jpeg 1280w" sizes="auto, (max-width: 1024px) 100vw, 1024px" /></figure>



<figure class="wp-block-image size-large"><img loading="lazy" decoding="async" width="1024" height="683" src="https://estiu.es/wp-content/uploads/2025/05/Catalogo_TeatroLaEstrella-43C-1024x683.jpeg" alt="" class="wp-image-2523" srcset="https://estiu.es/wp-content/uploads/2025/05/Catalogo_TeatroLaEstrella-43C-1024x683.jpeg 1024w, https://estiu.es/wp-content/uploads/2025/05/Catalogo_TeatroLaEstrella-43C-300x200.jpeg 300w, https://estiu.es/wp-content/uploads/2025/05/Catalogo_TeatroLaEstrella-43C-768x512.jpeg 768w, https://estiu.es/wp-content/uploads/2025/05/Catalogo_TeatroLaEstrella-43C.jpeg 1280w" sizes="auto, (max-width: 1024px) 100vw, 1024px" /></figure>



<figure class="wp-block-image size-large"><img loading="lazy" decoding="async" width="820" height="1024" src="https://estiu.es/wp-content/uploads/2025/05/Catalogo_TeatroLaEstrella-15B-820x1024.jpeg" alt="" class="wp-image-2529" srcset="https://estiu.es/wp-content/uploads/2025/05/Catalogo_TeatroLaEstrella-15B-820x1024.jpeg 820w, https://estiu.es/wp-content/uploads/2025/05/Catalogo_TeatroLaEstrella-15B-240x300.jpeg 240w, https://estiu.es/wp-content/uploads/2025/05/Catalogo_TeatroLaEstrella-15B-768x959.jpeg 768w, https://estiu.es/wp-content/uploads/2025/05/Catalogo_TeatroLaEstrella-15B.jpeg 1025w" sizes="auto, (max-width: 820px) 100vw, 820px" /></figure>
</div>
</div>
