{"id":960,"date":"2009-09-03T12:56:00","date_gmt":"2009-09-03T10:56:00","guid":{"rendered":"https:\/\/estiu.es\/?post_type=proyecto&#038;p=960"},"modified":"2025-02-04T12:57:37","modified_gmt":"2025-02-04T11:57:37","slug":"jana-debrodt","status":"publish","type":"proyecto","link":"https:\/\/estiu.es\/ca\/proyecto\/jana-debrodt\/","title":{"rendered":"Jana Debrodt"},"content":{"rendered":"\n<p>Cat\u00e1logo para la artista alemana Jana Debrodt, que presenta su obra y procesos en el periodo 2006 a 2009. El volumen fue publicado con motivo de la exposici\u00f3n Splendid Isolation- Goldrausch 2009 en el espacio de Arte Bethanien, situado en Berlin-Kreuzberg.<\/p>\n\n\n\n<figure class=\"wp-block-image size-full\"><img loading=\"lazy\" decoding=\"async\" width=\"1000\" height=\"669\" src=\"https:\/\/estiu.es\/wp-content\/uploads\/2025\/02\/2_JanaDebrodt.jpeg\" alt=\"\" class=\"wp-image-962\" srcset=\"https:\/\/estiu.es\/wp-content\/uploads\/2025\/02\/2_JanaDebrodt.jpeg 1000w, https:\/\/estiu.es\/wp-content\/uploads\/2025\/02\/2_JanaDebrodt-300x201.jpeg 300w, https:\/\/estiu.es\/wp-content\/uploads\/2025\/02\/2_JanaDebrodt-768x514.jpeg 768w\" sizes=\"auto, (max-width: 1000px) 100vw, 1000px\" \/><\/figure>\n\n\n\n<figure class=\"wp-block-image size-full\"><img loading=\"lazy\" decoding=\"async\" width=\"1000\" height=\"669\" src=\"https:\/\/estiu.es\/wp-content\/uploads\/2025\/02\/3_JanaDebrodt.jpeg\" alt=\"\" class=\"wp-image-963\" srcset=\"https:\/\/estiu.es\/wp-content\/uploads\/2025\/02\/3_JanaDebrodt.jpeg 1000w, https:\/\/estiu.es\/wp-content\/uploads\/2025\/02\/3_JanaDebrodt-300x201.jpeg 300w, https:\/\/estiu.es\/wp-content\/uploads\/2025\/02\/3_JanaDebrodt-768x514.jpeg 768w\" sizes=\"auto, (max-width: 1000px) 100vw, 1000px\" \/><\/figure>\n\n\n\n<figure class=\"wp-block-image size-full\"><img loading=\"lazy\" decoding=\"async\" width=\"1000\" height=\"669\" src=\"https:\/\/estiu.es\/wp-content\/uploads\/2025\/02\/4_JanaDebrodt.jpeg\" alt=\"\" class=\"wp-image-964\" srcset=\"https:\/\/estiu.es\/wp-content\/uploads\/2025\/02\/4_JanaDebrodt.jpeg 1000w, https:\/\/estiu.es\/wp-content\/uploads\/2025\/02\/4_JanaDebrodt-300x201.jpeg 300w, https:\/\/estiu.es\/wp-content\/uploads\/2025\/02\/4_JanaDebrodt-768x514.jpeg 768w\" sizes=\"auto, (max-width: 1000px) 100vw, 1000px\" \/><\/figure>\n\n\n\n<p>\u2014<\/p>\n\n\n\n<p>164 x 288 mm, 32 p\u00e1ginas, encuadernaci\u00f3n r\u00fastica, tapa blanda.<\/p>\n","protected":false},"featured_media":961,"template":"","meta":{"_acf_changed":false,"_coblocks_attr":"","_coblocks_dimensions":"","_coblocks_responsive_height":"","_coblocks_accordion_ie_support":""},"categoria-de-proyecto":[3],"class_list":["post-960","proyecto","type-proyecto","status-publish","has-post-thumbnail","hentry","categoria-de-proyecto-editorial"],"acf":[],"_links":{"self":[{"href":"https:\/\/estiu.es\/ca\/wp-json\/wp\/v2\/proyecto\/960","targetHints":{"allow":["GET"]}}],"collection":[{"href":"https:\/\/estiu.es\/ca\/wp-json\/wp\/v2\/proyecto"}],"about":[{"href":"https:\/\/estiu.es\/ca\/wp-json\/wp\/v2\/types\/proyecto"}],"wp:featuredmedia":[{"embeddable":true,"href":"https:\/\/estiu.es\/ca\/wp-json\/wp\/v2\/media\/961"}],"wp:attachment":[{"href":"https:\/\/estiu.es\/ca\/wp-json\/wp\/v2\/media?parent=960"}],"wp:term":[{"taxonomy":"categoria-de-proyecto","embeddable":true,"href":"https:\/\/estiu.es\/ca\/wp-json\/wp\/v2\/categoria-de-proyecto?post=960"}],"curies":[{"name":"wp","href":"https:\/\/api.w.org\/{rel}","templated":true}]}}

<p>Catálogo para la artista alemana Jana Debrodt, que presenta su obra y procesos en el periodo 2006 a 2009. El volumen fue publicado con motivo de la exposición Splendid Isolation- Goldrausch 2009 en el espacio de Arte Bethanien, situado en Berlin-Kreuzberg.</p>



<figure class="wp-block-image size-full"><img loading="lazy" decoding="async" width="1000" height="669" src="https://estiu.es/wp-content/uploads/2025/02/2_JanaDebrodt.jpeg" alt="" class="wp-image-962" srcset="https://estiu.es/wp-content/uploads/2025/02/2_JanaDebrodt.jpeg 1000w, https://estiu.es/wp-content/uploads/2025/02/2_JanaDebrodt-300x201.jpeg 300w, https://estiu.es/wp-content/uploads/2025/02/2_JanaDebrodt-768x514.jpeg 768w" sizes="auto, (max-width: 1000px) 100vw, 1000px" /></figure>



<figure class="wp-block-image size-full"><img loading="lazy" decoding="async" width="1000" height="669" src="https://estiu.es/wp-content/uploads/2025/02/3_JanaDebrodt.jpeg" alt="" class="wp-image-963" srcset="https://estiu.es/wp-content/uploads/2025/02/3_JanaDebrodt.jpeg 1000w, https://estiu.es/wp-content/uploads/2025/02/3_JanaDebrodt-300x201.jpeg 300w, https://estiu.es/wp-content/uploads/2025/02/3_JanaDebrodt-768x514.jpeg 768w" sizes="auto, (max-width: 1000px) 100vw, 1000px" /></figure>



<figure class="wp-block-image size-full"><img loading="lazy" decoding="async" width="1000" height="669" src="https://estiu.es/wp-content/uploads/2025/02/4_JanaDebrodt.jpeg" alt="" class="wp-image-964" srcset="https://estiu.es/wp-content/uploads/2025/02/4_JanaDebrodt.jpeg 1000w, https://estiu.es/wp-content/uploads/2025/02/4_JanaDebrodt-300x201.jpeg 300w, https://estiu.es/wp-content/uploads/2025/02/4_JanaDebrodt-768x514.jpeg 768w" sizes="auto, (max-width: 1000px) 100vw, 1000px" /></figure>



<p>—</p>



<p>164 x 288 mm, 32 páginas, encuadernación rústica, tapa blanda.</p>
