{"id":937,"date":"2012-11-21T12:48:00","date_gmt":"2012-11-21T11:48:00","guid":{"rendered":"https:\/\/estiu.es\/?post_type=proyecto&#038;p=937"},"modified":"2025-02-04T12:49:34","modified_gmt":"2025-02-04T11:49:34","slug":"festival-punto-de-encuentro-2012","status":"publish","type":"proyecto","link":"https:\/\/estiu.es\/ca\/proyecto\/festival-punto-de-encuentro-2012\/","title":{"rendered":"Festival Punto de encuentro 2012"},"content":{"rendered":"\n<p>Dise\u00f1o de programa para el\u00a0XIX\u00a0Festival Internacional de Musica Electroac\u00fastica\u00a0Punto de Encuentro 2012, organizado por la AMEE (Asociaci\u00f3n de M\u00fasica Elecroac\u00fastica de Espa\u00f1a) y que durante los meses de octubre y noviembre se celebra en diferentes ciudades de Espa\u00f1a.\u00a0El\u00a0programa\u00a0incluy\u00f3 un total de\u00a011 conciertos\u00a0combinados con\u00a0performances, videocreaci\u00f3n, danza y electr\u00f3nica, adem\u00e1s de un foro cient\u00edfico de comunicaci\u00f3n y debate con m\u00e1s de una veintena de\u00a0ponencias\u00a0en torno a la m\u00fasica electroac\u00fastica.<\/p>\n\n\n\n<figure class=\"wp-block-image size-full\"><img loading=\"lazy\" decoding=\"async\" width=\"1000\" height=\"666\" src=\"https:\/\/estiu.es\/wp-content\/uploads\/2025\/02\/1_FestivalPuntoDeEncuentro2012.png\" alt=\"\" class=\"wp-image-939\" srcset=\"https:\/\/estiu.es\/wp-content\/uploads\/2025\/02\/1_FestivalPuntoDeEncuentro2012.png 1000w, https:\/\/estiu.es\/wp-content\/uploads\/2025\/02\/1_FestivalPuntoDeEncuentro2012-300x200.png 300w, https:\/\/estiu.es\/wp-content\/uploads\/2025\/02\/1_FestivalPuntoDeEncuentro2012-768x511.png 768w\" sizes=\"auto, (max-width: 1000px) 100vw, 1000px\" \/><\/figure>\n\n\n\n<figure class=\"wp-block-image size-full\"><img loading=\"lazy\" decoding=\"async\" width=\"1000\" height=\"666\" src=\"https:\/\/estiu.es\/wp-content\/uploads\/2025\/02\/2_FestivalPuntoDeEncuentro2012.jpeg\" alt=\"\" class=\"wp-image-940\" srcset=\"https:\/\/estiu.es\/wp-content\/uploads\/2025\/02\/2_FestivalPuntoDeEncuentro2012.jpeg 1000w, https:\/\/estiu.es\/wp-content\/uploads\/2025\/02\/2_FestivalPuntoDeEncuentro2012-300x200.jpeg 300w, https:\/\/estiu.es\/wp-content\/uploads\/2025\/02\/2_FestivalPuntoDeEncuentro2012-768x511.jpeg 768w\" sizes=\"auto, (max-width: 1000px) 100vw, 1000px\" \/><\/figure>\n","protected":false},"featured_media":938,"template":"","meta":{"_acf_changed":false,"_coblocks_attr":"","_coblocks_dimensions":"","_coblocks_responsive_height":"","_coblocks_accordion_ie_support":""},"categoria-de-proyecto":[8],"class_list":["post-937","proyecto","type-proyecto","status-publish","has-post-thumbnail","hentry","categoria-de-proyecto-grafico"],"acf":[],"_links":{"self":[{"href":"https:\/\/estiu.es\/ca\/wp-json\/wp\/v2\/proyecto\/937","targetHints":{"allow":["GET"]}}],"collection":[{"href":"https:\/\/estiu.es\/ca\/wp-json\/wp\/v2\/proyecto"}],"about":[{"href":"https:\/\/estiu.es\/ca\/wp-json\/wp\/v2\/types\/proyecto"}],"wp:featuredmedia":[{"embeddable":true,"href":"https:\/\/estiu.es\/ca\/wp-json\/wp\/v2\/media\/938"}],"wp:attachment":[{"href":"https:\/\/estiu.es\/ca\/wp-json\/wp\/v2\/media?parent=937"}],"wp:term":[{"taxonomy":"categoria-de-proyecto","embeddable":true,"href":"https:\/\/estiu.es\/ca\/wp-json\/wp\/v2\/categoria-de-proyecto?post=937"}],"curies":[{"name":"wp","href":"https:\/\/api.w.org\/{rel}","templated":true}]}}

<p>Diseño de programa para el XIX Festival Internacional de Musica Electroacústica Punto de Encuentro 2012, organizado por la AMEE (Asociación de Música Elecroacústica de España) y que durante los meses de octubre y noviembre se celebra en diferentes ciudades de España. El programa incluyó un total de 11 conciertos combinados con performances, videocreación, danza y electrónica, además de un foro científico de comunicación y debate con más de una veintena de ponencias en torno a la música electroacústica.</p>



<figure class="wp-block-image size-full"><img loading="lazy" decoding="async" width="1000" height="666" src="https://estiu.es/wp-content/uploads/2025/02/1_FestivalPuntoDeEncuentro2012.png" alt="" class="wp-image-939" srcset="https://estiu.es/wp-content/uploads/2025/02/1_FestivalPuntoDeEncuentro2012.png 1000w, https://estiu.es/wp-content/uploads/2025/02/1_FestivalPuntoDeEncuentro2012-300x200.png 300w, https://estiu.es/wp-content/uploads/2025/02/1_FestivalPuntoDeEncuentro2012-768x511.png 768w" sizes="auto, (max-width: 1000px) 100vw, 1000px" /></figure>



<figure class="wp-block-image size-full"><img loading="lazy" decoding="async" width="1000" height="666" src="https://estiu.es/wp-content/uploads/2025/02/2_FestivalPuntoDeEncuentro2012.jpeg" alt="" class="wp-image-940" srcset="https://estiu.es/wp-content/uploads/2025/02/2_FestivalPuntoDeEncuentro2012.jpeg 1000w, https://estiu.es/wp-content/uploads/2025/02/2_FestivalPuntoDeEncuentro2012-300x200.jpeg 300w, https://estiu.es/wp-content/uploads/2025/02/2_FestivalPuntoDeEncuentro2012-768x511.jpeg 768w" sizes="auto, (max-width: 1000px) 100vw, 1000px" /></figure>
