{"id":906,"date":"2013-07-01T12:36:00","date_gmt":"2013-07-01T10:36:00","guid":{"rendered":"https:\/\/estiu.es\/?post_type=proyecto&#038;p=906"},"modified":"2025-02-04T12:37:24","modified_gmt":"2025-02-04T11:37:24","slug":"aktionsraum","status":"publish","type":"proyecto","link":"https:\/\/estiu.es\/ca\/proyecto\/aktionsraum\/","title":{"rendered":"Aktionsraum"},"content":{"rendered":"\n<p>Desarrollo de marca y aplicaciones para el centro social Aktionsraum.\u00a0Esta asociaci\u00f3n berlinesa ofrece un espacio para el desarrollo de habilidades sociales, y de comunicaci\u00f3n e interacci\u00f3n entre los ni\u00f1os. Sus campos de actividad son, entre otros, el apoyo acad\u00e9mico, los enfoques educativos recreativas y culturales y la participaci\u00f3n de los ni\u00f1os en la forma de un parlamento.<\/p>\n\n\n\n<figure class=\"wp-block-image size-full\"><img loading=\"lazy\" decoding=\"async\" width=\"1000\" height=\"669\" src=\"https:\/\/estiu.es\/wp-content\/uploads\/2025\/02\/3_Aktionsraum.jpeg\" alt=\"\" class=\"wp-image-908\" srcset=\"https:\/\/estiu.es\/wp-content\/uploads\/2025\/02\/3_Aktionsraum.jpeg 1000w, https:\/\/estiu.es\/wp-content\/uploads\/2025\/02\/3_Aktionsraum-300x201.jpeg 300w, https:\/\/estiu.es\/wp-content\/uploads\/2025\/02\/3_Aktionsraum-768x514.jpeg 768w\" sizes=\"auto, (max-width: 1000px) 100vw, 1000px\" \/><\/figure>\n\n\n\n<figure class=\"wp-block-image size-full\"><img loading=\"lazy\" decoding=\"async\" width=\"1000\" height=\"669\" src=\"https:\/\/estiu.es\/wp-content\/uploads\/2025\/02\/1_Aktionsraum.jpeg\" alt=\"\" class=\"wp-image-909\" srcset=\"https:\/\/estiu.es\/wp-content\/uploads\/2025\/02\/1_Aktionsraum.jpeg 1000w, https:\/\/estiu.es\/wp-content\/uploads\/2025\/02\/1_Aktionsraum-300x201.jpeg 300w, https:\/\/estiu.es\/wp-content\/uploads\/2025\/02\/1_Aktionsraum-768x514.jpeg 768w\" sizes=\"auto, (max-width: 1000px) 100vw, 1000px\" \/><\/figure>\n\n\n\n<figure class=\"wp-block-image size-full\"><img loading=\"lazy\" decoding=\"async\" width=\"1000\" height=\"669\" src=\"https:\/\/estiu.es\/wp-content\/uploads\/2025\/02\/2_Aktionsraum.jpeg\" alt=\"\" class=\"wp-image-910\" srcset=\"https:\/\/estiu.es\/wp-content\/uploads\/2025\/02\/2_Aktionsraum.jpeg 1000w, https:\/\/estiu.es\/wp-content\/uploads\/2025\/02\/2_Aktionsraum-300x201.jpeg 300w, https:\/\/estiu.es\/wp-content\/uploads\/2025\/02\/2_Aktionsraum-768x514.jpeg 768w\" sizes=\"auto, (max-width: 1000px) 100vw, 1000px\" \/><\/figure>\n","protected":false},"featured_media":907,"template":"","meta":{"_acf_changed":false,"_coblocks_attr":"","_coblocks_dimensions":"","_coblocks_responsive_height":"","_coblocks_accordion_ie_support":""},"categoria-de-proyecto":[8,4],"class_list":["post-906","proyecto","type-proyecto","status-publish","has-post-thumbnail","hentry","categoria-de-proyecto-grafico","categoria-de-proyecto-identidad"],"acf":[],"_links":{"self":[{"href":"https:\/\/estiu.es\/ca\/wp-json\/wp\/v2\/proyecto\/906","targetHints":{"allow":["GET"]}}],"collection":[{"href":"https:\/\/estiu.es\/ca\/wp-json\/wp\/v2\/proyecto"}],"about":[{"href":"https:\/\/estiu.es\/ca\/wp-json\/wp\/v2\/types\/proyecto"}],"wp:featuredmedia":[{"embeddable":true,"href":"https:\/\/estiu.es\/ca\/wp-json\/wp\/v2\/media\/907"}],"wp:attachment":[{"href":"https:\/\/estiu.es\/ca\/wp-json\/wp\/v2\/media?parent=906"}],"wp:term":[{"taxonomy":"categoria-de-proyecto","embeddable":true,"href":"https:\/\/estiu.es\/ca\/wp-json\/wp\/v2\/categoria-de-proyecto?post=906"}],"curies":[{"name":"wp","href":"https:\/\/api.w.org\/{rel}","templated":true}]}}

<p>Desarrollo de marca y aplicaciones para el centro social Aktionsraum. Esta asociación berlinesa ofrece un espacio para el desarrollo de habilidades sociales, y de comunicación e interacción entre los niños. Sus campos de actividad son, entre otros, el apoyo académico, los enfoques educativos recreativas y culturales y la participación de los niños en la forma de un parlamento.</p>



<figure class="wp-block-image size-full"><img loading="lazy" decoding="async" width="1000" height="669" src="https://estiu.es/wp-content/uploads/2025/02/3_Aktionsraum.jpeg" alt="" class="wp-image-908" srcset="https://estiu.es/wp-content/uploads/2025/02/3_Aktionsraum.jpeg 1000w, https://estiu.es/wp-content/uploads/2025/02/3_Aktionsraum-300x201.jpeg 300w, https://estiu.es/wp-content/uploads/2025/02/3_Aktionsraum-768x514.jpeg 768w" sizes="auto, (max-width: 1000px) 100vw, 1000px" /></figure>



<figure class="wp-block-image size-full"><img loading="lazy" decoding="async" width="1000" height="669" src="https://estiu.es/wp-content/uploads/2025/02/1_Aktionsraum.jpeg" alt="" class="wp-image-909" srcset="https://estiu.es/wp-content/uploads/2025/02/1_Aktionsraum.jpeg 1000w, https://estiu.es/wp-content/uploads/2025/02/1_Aktionsraum-300x201.jpeg 300w, https://estiu.es/wp-content/uploads/2025/02/1_Aktionsraum-768x514.jpeg 768w" sizes="auto, (max-width: 1000px) 100vw, 1000px" /></figure>



<figure class="wp-block-image size-full"><img loading="lazy" decoding="async" width="1000" height="669" src="https://estiu.es/wp-content/uploads/2025/02/2_Aktionsraum.jpeg" alt="" class="wp-image-910" srcset="https://estiu.es/wp-content/uploads/2025/02/2_Aktionsraum.jpeg 1000w, https://estiu.es/wp-content/uploads/2025/02/2_Aktionsraum-300x201.jpeg 300w, https://estiu.es/wp-content/uploads/2025/02/2_Aktionsraum-768x514.jpeg 768w" sizes="auto, (max-width: 1000px) 100vw, 1000px" /></figure>
