{"id":873,"date":"2013-11-05T12:19:00","date_gmt":"2013-11-05T11:19:00","guid":{"rendered":"https:\/\/estiu.es\/?post_type=proyecto&#038;p=873"},"modified":"2025-02-04T12:20:39","modified_gmt":"2025-02-04T11:20:39","slug":"festival-punto-de-encuentro-2013","status":"publish","type":"proyecto","link":"https:\/\/estiu.es\/ca\/proyecto\/festival-punto-de-encuentro-2013\/","title":{"rendered":"Festival Punto de Encuentro 2013"},"content":{"rendered":"\n<p>Dise\u00f1o de programa y carteler\u00eda para el\u00a0XX\u00a0Festival Internacional de M\u00fasica Electroac\u00fastica\u00a0Punto de Encuentro, organizado por la AMEE (Asociaci\u00f3n de M\u00fasica Elecroac\u00fastica de Espa\u00f1a) y\u00a0celebrado en noviembre de 2013 en diferentes ciudades.<\/p>\n\n\n\n<figure class=\"wp-block-image size-full\"><img loading=\"lazy\" decoding=\"async\" width=\"1000\" height=\"669\" src=\"https:\/\/estiu.es\/wp-content\/uploads\/2025\/02\/2_FestivalPuntoDeEncuentro2013.jpeg\" alt=\"\" class=\"wp-image-875\" srcset=\"https:\/\/estiu.es\/wp-content\/uploads\/2025\/02\/2_FestivalPuntoDeEncuentro2013.jpeg 1000w, https:\/\/estiu.es\/wp-content\/uploads\/2025\/02\/2_FestivalPuntoDeEncuentro2013-300x201.jpeg 300w, https:\/\/estiu.es\/wp-content\/uploads\/2025\/02\/2_FestivalPuntoDeEncuentro2013-768x514.jpeg 768w\" sizes=\"auto, (max-width: 1000px) 100vw, 1000px\" \/><\/figure>\n","protected":false},"featured_media":874,"template":"","meta":{"_acf_changed":false,"_coblocks_attr":"","_coblocks_dimensions":"","_coblocks_responsive_height":"","_coblocks_accordion_ie_support":""},"categoria-de-proyecto":[8],"class_list":["post-873","proyecto","type-proyecto","status-publish","has-post-thumbnail","hentry","categoria-de-proyecto-grafico"],"acf":[],"_links":{"self":[{"href":"https:\/\/estiu.es\/ca\/wp-json\/wp\/v2\/proyecto\/873","targetHints":{"allow":["GET"]}}],"collection":[{"href":"https:\/\/estiu.es\/ca\/wp-json\/wp\/v2\/proyecto"}],"about":[{"href":"https:\/\/estiu.es\/ca\/wp-json\/wp\/v2\/types\/proyecto"}],"wp:featuredmedia":[{"embeddable":true,"href":"https:\/\/estiu.es\/ca\/wp-json\/wp\/v2\/media\/874"}],"wp:attachment":[{"href":"https:\/\/estiu.es\/ca\/wp-json\/wp\/v2\/media?parent=873"}],"wp:term":[{"taxonomy":"categoria-de-proyecto","embeddable":true,"href":"https:\/\/estiu.es\/ca\/wp-json\/wp\/v2\/categoria-de-proyecto?post=873"}],"curies":[{"name":"wp","href":"https:\/\/api.w.org\/{rel}","templated":true}]}}

<p>Diseño de programa y cartelería para el XX Festival Internacional de Música Electroacústica Punto de Encuentro, organizado por la AMEE (Asociación de Música Elecroacústica de España) y celebrado en noviembre de 2013 en diferentes ciudades.</p>



<figure class="wp-block-image size-full"><img loading="lazy" decoding="async" width="1000" height="669" src="https://estiu.es/wp-content/uploads/2025/02/2_FestivalPuntoDeEncuentro2013.jpeg" alt="" class="wp-image-875" srcset="https://estiu.es/wp-content/uploads/2025/02/2_FestivalPuntoDeEncuentro2013.jpeg 1000w, https://estiu.es/wp-content/uploads/2025/02/2_FestivalPuntoDeEncuentro2013-300x201.jpeg 300w, https://estiu.es/wp-content/uploads/2025/02/2_FestivalPuntoDeEncuentro2013-768x514.jpeg 768w" sizes="auto, (max-width: 1000px) 100vw, 1000px" /></figure>
