{"id":790,"date":"2015-09-07T11:01:00","date_gmt":"2015-09-07T09:01:00","guid":{"rendered":"https:\/\/estiu.es\/?post_type=proyecto&#038;p=790"},"modified":"2025-02-04T11:04:10","modified_gmt":"2025-02-04T10:04:10","slug":"deutsche-telekom","status":"publish","type":"proyecto","link":"https:\/\/estiu.es\/ca\/proyecto\/deutsche-telekom\/","title":{"rendered":"Deutsche Telekom"},"content":{"rendered":"\n<p>Creaci\u00f3n de estilo y realizaci\u00f3n de Ilustraciones de un video de exploqii para la empresa alemana de telecomunicaciones Deutsche Telekom. El video explica la construcci\u00f3n de la estaci\u00f3n LTE m\u00e1s alta de Alemania. Telekom ha instalado en la cima del &#8220;Zugspitze&#8221;, con casi 3000 metros de altura, 18 antenas LTE y 23 kilometros de fibra \u00f3ptica, facilitando as\u00ed la navegaci\u00f3n en internet de alta velocidad a turistas, esquiadores y alpinistas.\u00a0<\/p>\n\n\n\n<figure class=\"wp-block-image size-full\"><img loading=\"lazy\" decoding=\"async\" width=\"1000\" height=\"566\" src=\"https:\/\/estiu.es\/wp-content\/uploads\/2025\/02\/3_DeutscheTelekom.jpeg\" alt=\"\" class=\"wp-image-792\" srcset=\"https:\/\/estiu.es\/wp-content\/uploads\/2025\/02\/3_DeutscheTelekom.jpeg 1000w, https:\/\/estiu.es\/wp-content\/uploads\/2025\/02\/3_DeutscheTelekom-300x170.jpeg 300w, https:\/\/estiu.es\/wp-content\/uploads\/2025\/02\/3_DeutscheTelekom-768x435.jpeg 768w\" sizes=\"auto, (max-width: 1000px) 100vw, 1000px\" \/><\/figure>\n\n\n\n<figure class=\"wp-block-image size-full\"><img loading=\"lazy\" decoding=\"async\" width=\"1000\" height=\"566\" src=\"https:\/\/estiu.es\/wp-content\/uploads\/2025\/02\/4_DeutscheTelekom.jpeg\" alt=\"\" class=\"wp-image-793\" srcset=\"https:\/\/estiu.es\/wp-content\/uploads\/2025\/02\/4_DeutscheTelekom.jpeg 1000w, https:\/\/estiu.es\/wp-content\/uploads\/2025\/02\/4_DeutscheTelekom-300x170.jpeg 300w, https:\/\/estiu.es\/wp-content\/uploads\/2025\/02\/4_DeutscheTelekom-768x435.jpeg 768w\" sizes=\"auto, (max-width: 1000px) 100vw, 1000px\" \/><\/figure>\n\n\n\n<figure class=\"wp-block-image size-full\"><img loading=\"lazy\" decoding=\"async\" width=\"1000\" height=\"566\" src=\"https:\/\/estiu.es\/wp-content\/uploads\/2025\/02\/2_DeutscheTelekom.jpeg\" alt=\"\" class=\"wp-image-794\" srcset=\"https:\/\/estiu.es\/wp-content\/uploads\/2025\/02\/2_DeutscheTelekom.jpeg 1000w, https:\/\/estiu.es\/wp-content\/uploads\/2025\/02\/2_DeutscheTelekom-300x170.jpeg 300w, https:\/\/estiu.es\/wp-content\/uploads\/2025\/02\/2_DeutscheTelekom-768x435.jpeg 768w\" sizes=\"auto, (max-width: 1000px) 100vw, 1000px\" \/><\/figure>\n\n\n\n<figure class=\"wp-block-image size-full is-resized\"><img loading=\"lazy\" decoding=\"async\" width=\"800\" height=\"535\" src=\"https:\/\/estiu.es\/wp-content\/uploads\/2025\/02\/6_DeutscheTelekom.jpeg\" alt=\"\" class=\"wp-image-795\" style=\"width:840px;height:auto\" srcset=\"https:\/\/estiu.es\/wp-content\/uploads\/2025\/02\/6_DeutscheTelekom.jpeg 800w, https:\/\/estiu.es\/wp-content\/uploads\/2025\/02\/6_DeutscheTelekom-300x201.jpeg 300w, https:\/\/estiu.es\/wp-content\/uploads\/2025\/02\/6_DeutscheTelekom-768x514.jpeg 768w\" sizes=\"auto, (max-width: 800px) 100vw, 800px\" \/><\/figure>\n","protected":false},"featured_media":791,"template":"","meta":{"_acf_changed":false,"_coblocks_attr":"","_coblocks_dimensions":"","_coblocks_responsive_height":"","_coblocks_accordion_ie_support":""},"categoria-de-proyecto":[9],"class_list":["post-790","proyecto","type-proyecto","status-publish","has-post-thumbnail","hentry","categoria-de-proyecto-ilustracion"],"acf":[],"_links":{"self":[{"href":"https:\/\/estiu.es\/ca\/wp-json\/wp\/v2\/proyecto\/790","targetHints":{"allow":["GET"]}}],"collection":[{"href":"https:\/\/estiu.es\/ca\/wp-json\/wp\/v2\/proyecto"}],"about":[{"href":"https:\/\/estiu.es\/ca\/wp-json\/wp\/v2\/types\/proyecto"}],"wp:featuredmedia":[{"embeddable":true,"href":"https:\/\/estiu.es\/ca\/wp-json\/wp\/v2\/media\/791"}],"wp:attachment":[{"href":"https:\/\/estiu.es\/ca\/wp-json\/wp\/v2\/media?parent=790"}],"wp:term":[{"taxonomy":"categoria-de-proyecto","embeddable":true,"href":"https:\/\/estiu.es\/ca\/wp-json\/wp\/v2\/categoria-de-proyecto?post=790"}],"curies":[{"name":"wp","href":"https:\/\/api.w.org\/{rel}","templated":true}]}}

<p>Creación de estilo y realización de Ilustraciones de un video de exploqii para la empresa alemana de telecomunicaciones Deutsche Telekom. El video explica la construcción de la estación LTE más alta de Alemania. Telekom ha instalado en la cima del &#8220;Zugspitze&#8221;, con casi 3000 metros de altura, 18 antenas LTE y 23 kilometros de fibra óptica, facilitando así la navegación en internet de alta velocidad a turistas, esquiadores y alpinistas. </p>



<figure class="wp-block-image size-full"><img loading="lazy" decoding="async" width="1000" height="566" src="https://estiu.es/wp-content/uploads/2025/02/3_DeutscheTelekom.jpeg" alt="" class="wp-image-792" srcset="https://estiu.es/wp-content/uploads/2025/02/3_DeutscheTelekom.jpeg 1000w, https://estiu.es/wp-content/uploads/2025/02/3_DeutscheTelekom-300x170.jpeg 300w, https://estiu.es/wp-content/uploads/2025/02/3_DeutscheTelekom-768x435.jpeg 768w" sizes="auto, (max-width: 1000px) 100vw, 1000px" /></figure>



<figure class="wp-block-image size-full"><img loading="lazy" decoding="async" width="1000" height="566" src="https://estiu.es/wp-content/uploads/2025/02/4_DeutscheTelekom.jpeg" alt="" class="wp-image-793" srcset="https://estiu.es/wp-content/uploads/2025/02/4_DeutscheTelekom.jpeg 1000w, https://estiu.es/wp-content/uploads/2025/02/4_DeutscheTelekom-300x170.jpeg 300w, https://estiu.es/wp-content/uploads/2025/02/4_DeutscheTelekom-768x435.jpeg 768w" sizes="auto, (max-width: 1000px) 100vw, 1000px" /></figure>



<figure class="wp-block-image size-full"><img loading="lazy" decoding="async" width="1000" height="566" src="https://estiu.es/wp-content/uploads/2025/02/2_DeutscheTelekom.jpeg" alt="" class="wp-image-794" srcset="https://estiu.es/wp-content/uploads/2025/02/2_DeutscheTelekom.jpeg 1000w, https://estiu.es/wp-content/uploads/2025/02/2_DeutscheTelekom-300x170.jpeg 300w, https://estiu.es/wp-content/uploads/2025/02/2_DeutscheTelekom-768x435.jpeg 768w" sizes="auto, (max-width: 1000px) 100vw, 1000px" /></figure>



<figure class="wp-block-image size-full is-resized"><img loading="lazy" decoding="async" width="800" height="535" src="https://estiu.es/wp-content/uploads/2025/02/6_DeutscheTelekom.jpeg" alt="" class="wp-image-795" style="width:840px;height:auto" srcset="https://estiu.es/wp-content/uploads/2025/02/6_DeutscheTelekom.jpeg 800w, https://estiu.es/wp-content/uploads/2025/02/6_DeutscheTelekom-300x201.jpeg 300w, https://estiu.es/wp-content/uploads/2025/02/6_DeutscheTelekom-768x514.jpeg 768w" sizes="auto, (max-width: 800px) 100vw, 800px" /></figure>
