{"id":704,"date":"2018-08-20T10:15:00","date_gmt":"2018-08-20T08:15:00","guid":{"rendered":"https:\/\/estiu.es\/?post_type=proyecto&#038;p=704"},"modified":"2025-02-04T10:18:22","modified_gmt":"2025-02-04T09:18:22","slug":"ajuntament-de-vilafames","status":"publish","type":"proyecto","link":"https:\/\/estiu.es\/ca\/proyecto\/ajuntament-de-vilafames\/","title":{"rendered":"Ajuntament de Vilafame\u0301s"},"content":{"rendered":"\n<p>Dise\u00f1o y desarrollo de la nueva p\u00e1gina web del Ajuntament&nbsp;de Vilafam\u00e9s. La actualizaci\u00f3n de la web, ha tenido la premisa principal de presentar la gran cantidad de informaci\u00f3n y recursos que ofrece esta poblaci\u00f3n&nbsp;de la Plana Alta de Castell\u00f3n con una estructura de men\u00fas sencilla y siempre accesible desde&nbsp;cualquier dispositivo.<\/p>\n\n\n\n<figure class=\"wp-block-image size-large is-resized\"><img loading=\"lazy\" decoding=\"async\" width=\"351\" height=\"1024\" src=\"https:\/\/estiu.es\/wp-content\/uploads\/2025\/02\/1_AjuntamentVilafames-351x1024.jpeg\" alt=\"\" class=\"wp-image-706\" style=\"width:840px;height:auto\" srcset=\"https:\/\/estiu.es\/wp-content\/uploads\/2025\/02\/1_AjuntamentVilafames-351x1024.jpeg 351w, https:\/\/estiu.es\/wp-content\/uploads\/2025\/02\/1_AjuntamentVilafames-103x300.jpeg 103w, https:\/\/estiu.es\/wp-content\/uploads\/2025\/02\/1_AjuntamentVilafames-768x2243.jpeg 768w, https:\/\/estiu.es\/wp-content\/uploads\/2025\/02\/1_AjuntamentVilafames-526x1536.jpeg 526w, https:\/\/estiu.es\/wp-content\/uploads\/2025\/02\/1_AjuntamentVilafames-701x2048.jpeg 701w, https:\/\/estiu.es\/wp-content\/uploads\/2025\/02\/1_AjuntamentVilafames-scaled.jpeg 877w\" sizes=\"auto, (max-width: 351px) 100vw, 351px\" \/><\/figure>\n\n\n\n<p>\u2014 vilafames.es<\/p>\n","protected":false},"featured_media":705,"template":"","meta":{"_acf_changed":false,"_coblocks_attr":"","_coblocks_dimensions":"","_coblocks_responsive_height":"","_coblocks_accordion_ie_support":""},"categoria-de-proyecto":[6],"class_list":["post-704","proyecto","type-proyecto","status-publish","has-post-thumbnail","hentry","categoria-de-proyecto-web"],"acf":[],"_links":{"self":[{"href":"https:\/\/estiu.es\/ca\/wp-json\/wp\/v2\/proyecto\/704","targetHints":{"allow":["GET"]}}],"collection":[{"href":"https:\/\/estiu.es\/ca\/wp-json\/wp\/v2\/proyecto"}],"about":[{"href":"https:\/\/estiu.es\/ca\/wp-json\/wp\/v2\/types\/proyecto"}],"wp:featuredmedia":[{"embeddable":true,"href":"https:\/\/estiu.es\/ca\/wp-json\/wp\/v2\/media\/705"}],"wp:attachment":[{"href":"https:\/\/estiu.es\/ca\/wp-json\/wp\/v2\/media?parent=704"}],"wp:term":[{"taxonomy":"categoria-de-proyecto","embeddable":true,"href":"https:\/\/estiu.es\/ca\/wp-json\/wp\/v2\/categoria-de-proyecto?post=704"}],"curies":[{"name":"wp","href":"https:\/\/api.w.org\/{rel}","templated":true}]}}

<p>Diseño y desarrollo de la nueva página web del Ajuntament&nbsp;de Vilafamés. La actualización de la web, ha tenido la premisa principal de presentar la gran cantidad de información y recursos que ofrece esta población&nbsp;de la Plana Alta de Castellón con una estructura de menús sencilla y siempre accesible desde&nbsp;cualquier dispositivo.</p>



<figure class="wp-block-image size-large is-resized"><img loading="lazy" decoding="async" width="351" height="1024" src="https://estiu.es/wp-content/uploads/2025/02/1_AjuntamentVilafames-351x1024.jpeg" alt="" class="wp-image-706" style="width:840px;height:auto" srcset="https://estiu.es/wp-content/uploads/2025/02/1_AjuntamentVilafames-351x1024.jpeg 351w, https://estiu.es/wp-content/uploads/2025/02/1_AjuntamentVilafames-103x300.jpeg 103w, https://estiu.es/wp-content/uploads/2025/02/1_AjuntamentVilafames-768x2243.jpeg 768w, https://estiu.es/wp-content/uploads/2025/02/1_AjuntamentVilafames-526x1536.jpeg 526w, https://estiu.es/wp-content/uploads/2025/02/1_AjuntamentVilafames-701x2048.jpeg 701w, https://estiu.es/wp-content/uploads/2025/02/1_AjuntamentVilafames-scaled.jpeg 877w" sizes="auto, (max-width: 351px) 100vw, 351px" /></figure>



<p>— vilafames.es</p>
