{"id":669,"date":"2018-08-30T09:53:00","date_gmt":"2018-08-30T07:53:00","guid":{"rendered":"https:\/\/estiu.es\/?post_type=proyecto&#038;p=669"},"modified":"2025-02-04T10:00:09","modified_gmt":"2025-02-04T09:00:09","slug":"universitat-popular-de-valencia","status":"publish","type":"proyecto","link":"https:\/\/estiu.es\/ca\/proyecto\/universitat-popular-de-valencia\/","title":{"rendered":"Universitat Popular de Vale\u0300ncia"},"content":{"rendered":"\n<p>La Universidad Popular de Val\u00e8ncia es un proyecto municipal de difusi\u00f3n cultural nacido en 1903 y dependiente del Ayuntamiento de Valencia. Coincidiendo con la presentaci\u00f3n de su nueva marca desarrollamos la web de esta instituci\u00f3n que recoge tanto la&nbsp;programaci\u00f3n e informaci\u00f3n sobre&nbsp;sus actividades formativas, como la informaci\u00f3n sobre los 22 centros que tiene la Universidad Popular repartidos por toda la&nbsp;ciudad.&nbsp;<\/p>\n\n\n\n<p>Para la realizaci\u00f3n de las fotograf\u00edas tanto de&nbsp;los centros como de&nbsp;sus&nbsp;actividades contamos con la colaboraci\u00f3n de&nbsp;Vicente A. Jimenez.&nbsp;<\/p>\n\n\n\n<figure class=\"wp-block-image size-full\"><img loading=\"lazy\" decoding=\"async\" width=\"1000\" height=\"669\" src=\"https:\/\/estiu.es\/wp-content\/uploads\/2025\/02\/4_UniversitatPopular.jpeg\" alt=\"\" class=\"wp-image-671\" srcset=\"https:\/\/estiu.es\/wp-content\/uploads\/2025\/02\/4_UniversitatPopular.jpeg 1000w, https:\/\/estiu.es\/wp-content\/uploads\/2025\/02\/4_UniversitatPopular-300x201.jpeg 300w, https:\/\/estiu.es\/wp-content\/uploads\/2025\/02\/4_UniversitatPopular-768x514.jpeg 768w\" sizes=\"auto, (max-width: 1000px) 100vw, 1000px\" \/><\/figure>\n\n\n\n<figure class=\"wp-block-image size-full\"><img loading=\"lazy\" decoding=\"async\" width=\"1000\" height=\"669\" src=\"https:\/\/estiu.es\/wp-content\/uploads\/2025\/02\/5_UniversitatPopular.jpeg\" alt=\"\" class=\"wp-image-672\" srcset=\"https:\/\/estiu.es\/wp-content\/uploads\/2025\/02\/5_UniversitatPopular.jpeg 1000w, https:\/\/estiu.es\/wp-content\/uploads\/2025\/02\/5_UniversitatPopular-300x201.jpeg 300w, https:\/\/estiu.es\/wp-content\/uploads\/2025\/02\/5_UniversitatPopular-768x514.jpeg 768w\" sizes=\"auto, (max-width: 1000px) 100vw, 1000px\" \/><\/figure>\n\n\n\n<figure class=\"wp-block-image size-full\"><img loading=\"lazy\" decoding=\"async\" width=\"1000\" height=\"669\" src=\"https:\/\/estiu.es\/wp-content\/uploads\/2025\/02\/6_UniversitatPopular.jpeg\" alt=\"\" class=\"wp-image-673\" srcset=\"https:\/\/estiu.es\/wp-content\/uploads\/2025\/02\/6_UniversitatPopular.jpeg 1000w, https:\/\/estiu.es\/wp-content\/uploads\/2025\/02\/6_UniversitatPopular-300x201.jpeg 300w, https:\/\/estiu.es\/wp-content\/uploads\/2025\/02\/6_UniversitatPopular-768x514.jpeg 768w\" sizes=\"auto, (max-width: 1000px) 100vw, 1000px\" \/><\/figure>\n\n\n\n<figure class=\"wp-block-image size-large\"><img loading=\"lazy\" decoding=\"async\" width=\"1024\" height=\"730\" src=\"https:\/\/estiu.es\/wp-content\/uploads\/2025\/02\/1_UniversitatPopular-1024x730.jpeg\" alt=\"\" class=\"wp-image-674\" srcset=\"https:\/\/estiu.es\/wp-content\/uploads\/2025\/02\/1_UniversitatPopular-1024x730.jpeg 1024w, https:\/\/estiu.es\/wp-content\/uploads\/2025\/02\/1_UniversitatPopular-300x214.jpeg 300w, https:\/\/estiu.es\/wp-content\/uploads\/2025\/02\/1_UniversitatPopular-768x548.jpeg 768w, https:\/\/estiu.es\/wp-content\/uploads\/2025\/02\/1_UniversitatPopular-1536x1095.jpeg 1536w, https:\/\/estiu.es\/wp-content\/uploads\/2025\/02\/1_UniversitatPopular.jpeg 1561w\" sizes=\"auto, (max-width: 1024px) 100vw, 1024px\" \/><\/figure>\n\n\n\n<p>\u2014\u00a0<a href=\"https:\/\/universitatpopular.com\/\">universitatpopular.com<\/a><\/p>\n","protected":false},"featured_media":670,"template":"","meta":{"_acf_changed":false,"_coblocks_attr":"","_coblocks_dimensions":"","_coblocks_responsive_height":"","_coblocks_accordion_ie_support":""},"categoria-de-proyecto":[6],"class_list":["post-669","proyecto","type-proyecto","status-publish","has-post-thumbnail","hentry","categoria-de-proyecto-web"],"acf":[],"_links":{"self":[{"href":"https:\/\/estiu.es\/ca\/wp-json\/wp\/v2\/proyecto\/669","targetHints":{"allow":["GET"]}}],"collection":[{"href":"https:\/\/estiu.es\/ca\/wp-json\/wp\/v2\/proyecto"}],"about":[{"href":"https:\/\/estiu.es\/ca\/wp-json\/wp\/v2\/types\/proyecto"}],"wp:featuredmedia":[{"embeddable":true,"href":"https:\/\/estiu.es\/ca\/wp-json\/wp\/v2\/media\/670"}],"wp:attachment":[{"href":"https:\/\/estiu.es\/ca\/wp-json\/wp\/v2\/media?parent=669"}],"wp:term":[{"taxonomy":"categoria-de-proyecto","embeddable":true,"href":"https:\/\/estiu.es\/ca\/wp-json\/wp\/v2\/categoria-de-proyecto?post=669"}],"curies":[{"name":"wp","href":"https:\/\/api.w.org\/{rel}","templated":true}]}}

<p>La Universidad Popular de València es un proyecto municipal de difusión cultural nacido en 1903 y dependiente del Ayuntamiento de Valencia. Coincidiendo con la presentación de su nueva marca desarrollamos la web de esta institución que recoge tanto la&nbsp;programación e información sobre&nbsp;sus actividades formativas, como la información sobre los 22 centros que tiene la Universidad Popular repartidos por toda la&nbsp;ciudad.&nbsp;</p>



<p>Para la realización de las fotografías tanto de&nbsp;los centros como de&nbsp;sus&nbsp;actividades contamos con la colaboración de&nbsp;Vicente A. Jimenez.&nbsp;</p>



<figure class="wp-block-image size-full"><img loading="lazy" decoding="async" width="1000" height="669" src="https://estiu.es/wp-content/uploads/2025/02/4_UniversitatPopular.jpeg" alt="" class="wp-image-671" srcset="https://estiu.es/wp-content/uploads/2025/02/4_UniversitatPopular.jpeg 1000w, https://estiu.es/wp-content/uploads/2025/02/4_UniversitatPopular-300x201.jpeg 300w, https://estiu.es/wp-content/uploads/2025/02/4_UniversitatPopular-768x514.jpeg 768w" sizes="auto, (max-width: 1000px) 100vw, 1000px" /></figure>



<figure class="wp-block-image size-full"><img loading="lazy" decoding="async" width="1000" height="669" src="https://estiu.es/wp-content/uploads/2025/02/5_UniversitatPopular.jpeg" alt="" class="wp-image-672" srcset="https://estiu.es/wp-content/uploads/2025/02/5_UniversitatPopular.jpeg 1000w, https://estiu.es/wp-content/uploads/2025/02/5_UniversitatPopular-300x201.jpeg 300w, https://estiu.es/wp-content/uploads/2025/02/5_UniversitatPopular-768x514.jpeg 768w" sizes="auto, (max-width: 1000px) 100vw, 1000px" /></figure>



<figure class="wp-block-image size-full"><img loading="lazy" decoding="async" width="1000" height="669" src="https://estiu.es/wp-content/uploads/2025/02/6_UniversitatPopular.jpeg" alt="" class="wp-image-673" srcset="https://estiu.es/wp-content/uploads/2025/02/6_UniversitatPopular.jpeg 1000w, https://estiu.es/wp-content/uploads/2025/02/6_UniversitatPopular-300x201.jpeg 300w, https://estiu.es/wp-content/uploads/2025/02/6_UniversitatPopular-768x514.jpeg 768w" sizes="auto, (max-width: 1000px) 100vw, 1000px" /></figure>



<figure class="wp-block-image size-large"><img loading="lazy" decoding="async" width="1024" height="730" src="https://estiu.es/wp-content/uploads/2025/02/1_UniversitatPopular-1024x730.jpeg" alt="" class="wp-image-674" srcset="https://estiu.es/wp-content/uploads/2025/02/1_UniversitatPopular-1024x730.jpeg 1024w, https://estiu.es/wp-content/uploads/2025/02/1_UniversitatPopular-300x214.jpeg 300w, https://estiu.es/wp-content/uploads/2025/02/1_UniversitatPopular-768x548.jpeg 768w, https://estiu.es/wp-content/uploads/2025/02/1_UniversitatPopular-1536x1095.jpeg 1536w, https://estiu.es/wp-content/uploads/2025/02/1_UniversitatPopular.jpeg 1561w" sizes="auto, (max-width: 1024px) 100vw, 1024px" /></figure>



<p>— <a href="https://universitatpopular.com/">universitatpopular.com</a></p>
