{"id":600,"date":"2019-07-01T12:53:00","date_gmt":"2019-07-01T10:53:00","guid":{"rendered":"https:\/\/estiu.es\/?post_type=proyecto&#038;p=600"},"modified":"2025-02-03T12:56:58","modified_gmt":"2025-02-03T11:56:58","slug":"instantaneas-de-playa","status":"publish","type":"proyecto","link":"https:\/\/estiu.es\/ca\/proyecto\/instantaneas-de-playa\/","title":{"rendered":"Instanta\u0301neas de playa"},"content":{"rendered":"\n<p>Celebramos la llegada del verano y nuestros cinco a\u00f1os con una colaboraci\u00f3n en formato libro que recoge una selecci\u00f3n de dibujos de Juan Domingo realizados del natural durante varios veranos en las playas de Cullera, Altea, D\u00e9nia, Almer\u00eda, Mallorca y el Algarve.<\/p>\n\n\n\n<p>Con pr\u00f3logo de Rafa Rodr\u00edguez, Instant\u00e1neas de playa est\u00e1 impreso en una edici\u00f3n de 100 ejemplares con papeles ArjoWiggins Keaykolour Cobblestone 300 g, Keaykolour Cobblestone 115 g y Favini Shiro 120 g, 100% reciclado.<\/p>\n\n\n\n<figure class=\"wp-block-image size-large\"><img loading=\"lazy\" decoding=\"async\" width=\"1024\" height=\"708\" src=\"https:\/\/estiu.es\/wp-content\/uploads\/2025\/02\/3_InstantaneasDePlaya-1024x708.jpeg\" alt=\"\" class=\"wp-image-602\" srcset=\"https:\/\/estiu.es\/wp-content\/uploads\/2025\/02\/3_InstantaneasDePlaya-1024x708.jpeg 1024w, https:\/\/estiu.es\/wp-content\/uploads\/2025\/02\/3_InstantaneasDePlaya-300x207.jpeg 300w, https:\/\/estiu.es\/wp-content\/uploads\/2025\/02\/3_InstantaneasDePlaya-768x531.jpeg 768w, https:\/\/estiu.es\/wp-content\/uploads\/2025\/02\/3_InstantaneasDePlaya-1536x1062.jpeg 1536w, https:\/\/estiu.es\/wp-content\/uploads\/2025\/02\/3_InstantaneasDePlaya.jpeg 2000w\" sizes=\"auto, (max-width: 1024px) 100vw, 1024px\" \/><\/figure>\n\n\n\n<figure class=\"wp-block-image size-large\"><img loading=\"lazy\" decoding=\"async\" width=\"1024\" height=\"708\" src=\"https:\/\/estiu.es\/wp-content\/uploads\/2025\/02\/4_InstantaneasDePlaya-1024x708.jpeg\" alt=\"\" class=\"wp-image-604\" srcset=\"https:\/\/estiu.es\/wp-content\/uploads\/2025\/02\/4_InstantaneasDePlaya-1024x708.jpeg 1024w, https:\/\/estiu.es\/wp-content\/uploads\/2025\/02\/4_InstantaneasDePlaya-300x207.jpeg 300w, https:\/\/estiu.es\/wp-content\/uploads\/2025\/02\/4_InstantaneasDePlaya-768x531.jpeg 768w, https:\/\/estiu.es\/wp-content\/uploads\/2025\/02\/4_InstantaneasDePlaya-1536x1062.jpeg 1536w, https:\/\/estiu.es\/wp-content\/uploads\/2025\/02\/4_InstantaneasDePlaya.jpeg 2000w\" sizes=\"auto, (max-width: 1024px) 100vw, 1024px\" \/><\/figure>\n\n\n\n<figure class=\"wp-block-image size-large\"><img loading=\"lazy\" decoding=\"async\" width=\"1024\" height=\"708\" src=\"https:\/\/estiu.es\/wp-content\/uploads\/2025\/02\/2_InstantaneasDePlaya-1024x708.jpeg\" alt=\"\" class=\"wp-image-603\" srcset=\"https:\/\/estiu.es\/wp-content\/uploads\/2025\/02\/2_InstantaneasDePlaya-1024x708.jpeg 1024w, https:\/\/estiu.es\/wp-content\/uploads\/2025\/02\/2_InstantaneasDePlaya-300x207.jpeg 300w, https:\/\/estiu.es\/wp-content\/uploads\/2025\/02\/2_InstantaneasDePlaya-768x531.jpeg 768w, https:\/\/estiu.es\/wp-content\/uploads\/2025\/02\/2_InstantaneasDePlaya-1536x1062.jpeg 1536w, https:\/\/estiu.es\/wp-content\/uploads\/2025\/02\/2_InstantaneasDePlaya.jpeg 2000w\" sizes=\"auto, (max-width: 1024px) 100vw, 1024px\" \/><\/figure>\n\n\n\n<p>\u2014<\/p>\n\n\n\n<p>Precio: 8\u20ac<br>P\u00e1ginas: 72<br>Encuadernaci\u00f3n: Tapa blanda<br>ISBN: 978-84-09-12476-3<br>A\u00f1o de edici\u00f3n: 2019<br>Pedidos e informaci\u00f3n en: <a href=\"mailto:shop@estiu.es\">shop@estiu.es<\/a><\/p>\n","protected":false},"featured_media":601,"template":"","meta":{"_acf_changed":false,"_coblocks_attr":"","_coblocks_dimensions":"","_coblocks_responsive_height":"","_coblocks_accordion_ie_support":""},"categoria-de-proyecto":[3],"class_list":["post-600","proyecto","type-proyecto","status-publish","has-post-thumbnail","hentry","categoria-de-proyecto-editorial"],"acf":[],"_links":{"self":[{"href":"https:\/\/estiu.es\/ca\/wp-json\/wp\/v2\/proyecto\/600","targetHints":{"allow":["GET"]}}],"collection":[{"href":"https:\/\/estiu.es\/ca\/wp-json\/wp\/v2\/proyecto"}],"about":[{"href":"https:\/\/estiu.es\/ca\/wp-json\/wp\/v2\/types\/proyecto"}],"wp:featuredmedia":[{"embeddable":true,"href":"https:\/\/estiu.es\/ca\/wp-json\/wp\/v2\/media\/601"}],"wp:attachment":[{"href":"https:\/\/estiu.es\/ca\/wp-json\/wp\/v2\/media?parent=600"}],"wp:term":[{"taxonomy":"categoria-de-proyecto","embeddable":true,"href":"https:\/\/estiu.es\/ca\/wp-json\/wp\/v2\/categoria-de-proyecto?post=600"}],"curies":[{"name":"wp","href":"https:\/\/api.w.org\/{rel}","templated":true}]}}

<p>Celebramos la llegada del verano y nuestros cinco años con una colaboración en formato libro que recoge una selección de dibujos de Juan Domingo realizados del natural durante varios veranos en las playas de Cullera, Altea, Dénia, Almería, Mallorca y el Algarve.</p>



<p>Con prólogo de Rafa Rodríguez, Instantáneas de playa está impreso en una edición de 100 ejemplares con papeles ArjoWiggins Keaykolour Cobblestone 300 g, Keaykolour Cobblestone 115 g y Favini Shiro 120 g, 100% reciclado.</p>



<figure class="wp-block-image size-large"><img loading="lazy" decoding="async" width="1024" height="708" src="https://estiu.es/wp-content/uploads/2025/02/3_InstantaneasDePlaya-1024x708.jpeg" alt="" class="wp-image-602" srcset="https://estiu.es/wp-content/uploads/2025/02/3_InstantaneasDePlaya-1024x708.jpeg 1024w, https://estiu.es/wp-content/uploads/2025/02/3_InstantaneasDePlaya-300x207.jpeg 300w, https://estiu.es/wp-content/uploads/2025/02/3_InstantaneasDePlaya-768x531.jpeg 768w, https://estiu.es/wp-content/uploads/2025/02/3_InstantaneasDePlaya-1536x1062.jpeg 1536w, https://estiu.es/wp-content/uploads/2025/02/3_InstantaneasDePlaya.jpeg 2000w" sizes="auto, (max-width: 1024px) 100vw, 1024px" /></figure>



<figure class="wp-block-image size-large"><img loading="lazy" decoding="async" width="1024" height="708" src="https://estiu.es/wp-content/uploads/2025/02/4_InstantaneasDePlaya-1024x708.jpeg" alt="" class="wp-image-604" srcset="https://estiu.es/wp-content/uploads/2025/02/4_InstantaneasDePlaya-1024x708.jpeg 1024w, https://estiu.es/wp-content/uploads/2025/02/4_InstantaneasDePlaya-300x207.jpeg 300w, https://estiu.es/wp-content/uploads/2025/02/4_InstantaneasDePlaya-768x531.jpeg 768w, https://estiu.es/wp-content/uploads/2025/02/4_InstantaneasDePlaya-1536x1062.jpeg 1536w, https://estiu.es/wp-content/uploads/2025/02/4_InstantaneasDePlaya.jpeg 2000w" sizes="auto, (max-width: 1024px) 100vw, 1024px" /></figure>



<figure class="wp-block-image size-large"><img loading="lazy" decoding="async" width="1024" height="708" src="https://estiu.es/wp-content/uploads/2025/02/2_InstantaneasDePlaya-1024x708.jpeg" alt="" class="wp-image-603" srcset="https://estiu.es/wp-content/uploads/2025/02/2_InstantaneasDePlaya-1024x708.jpeg 1024w, https://estiu.es/wp-content/uploads/2025/02/2_InstantaneasDePlaya-300x207.jpeg 300w, https://estiu.es/wp-content/uploads/2025/02/2_InstantaneasDePlaya-768x531.jpeg 768w, https://estiu.es/wp-content/uploads/2025/02/2_InstantaneasDePlaya-1536x1062.jpeg 1536w, https://estiu.es/wp-content/uploads/2025/02/2_InstantaneasDePlaya.jpeg 2000w" sizes="auto, (max-width: 1024px) 100vw, 1024px" /></figure>



<p>—</p>



<p>Precio: 8€<br>Páginas: 72<br>Encuadernación: Tapa blanda<br>ISBN: 978-84-09-12476-3<br>Año de edición: 2019<br>Pedidos e información en: <a href="mailto:shop@estiu.es">shop@estiu.es</a></p>
