{"id":595,"date":"2019-09-04T12:48:00","date_gmt":"2019-09-04T10:48:00","guid":{"rendered":"https:\/\/estiu.es\/?post_type=proyecto&#038;p=595"},"modified":"2025-02-03T12:50:45","modified_gmt":"2025-02-03T11:50:45","slug":"programacion-universitat-popular-de-valencia","status":"publish","type":"proyecto","link":"https:\/\/estiu.es\/ca\/proyecto\/programacion-universitat-popular-de-valencia\/","title":{"rendered":"Programacio\u0301n Universitat Popular de Vale\u0300ncia"},"content":{"rendered":"\n<p>Dise\u00f1o de imagen para la Programaci\u00f3n de actividades anuales 2019-2020 de la Universitat Popular de Val\u00e8ncia. <\/p>\n\n\n\n<figure class=\"wp-block-image size-large\"><img loading=\"lazy\" decoding=\"async\" width=\"1024\" height=\"683\" src=\"https:\/\/estiu.es\/wp-content\/uploads\/2025\/02\/2_ProgramacionUP-1024x683.jpeg\" alt=\"\" class=\"wp-image-597\" srcset=\"https:\/\/estiu.es\/wp-content\/uploads\/2025\/02\/2_ProgramacionUP-1024x683.jpeg 1024w, https:\/\/estiu.es\/wp-content\/uploads\/2025\/02\/2_ProgramacionUP-300x200.jpeg 300w, https:\/\/estiu.es\/wp-content\/uploads\/2025\/02\/2_ProgramacionUP-768x512.jpeg 768w, https:\/\/estiu.es\/wp-content\/uploads\/2025\/02\/2_ProgramacionUP.jpeg 1500w\" sizes=\"auto, (max-width: 1024px) 100vw, 1024px\" \/><\/figure>\n\n\n\n<figure class=\"wp-block-image size-large\"><img loading=\"lazy\" decoding=\"async\" width=\"1024\" height=\"683\" src=\"https:\/\/estiu.es\/wp-content\/uploads\/2025\/02\/3_ProgramacionUP-1024x683.jpeg\" alt=\"\" class=\"wp-image-598\" srcset=\"https:\/\/estiu.es\/wp-content\/uploads\/2025\/02\/3_ProgramacionUP-1024x683.jpeg 1024w, https:\/\/estiu.es\/wp-content\/uploads\/2025\/02\/3_ProgramacionUP-300x200.jpeg 300w, https:\/\/estiu.es\/wp-content\/uploads\/2025\/02\/3_ProgramacionUP-768x512.jpeg 768w, https:\/\/estiu.es\/wp-content\/uploads\/2025\/02\/3_ProgramacionUP.jpeg 1500w\" sizes=\"auto, (max-width: 1024px) 100vw, 1024px\" \/><\/figure>\n\n\n\n<figure class=\"wp-block-image size-large\"><img loading=\"lazy\" decoding=\"async\" width=\"1024\" height=\"683\" src=\"https:\/\/estiu.es\/wp-content\/uploads\/2025\/02\/1_ProgramacionUP-1024x683.jpeg\" alt=\"\" class=\"wp-image-599\" srcset=\"https:\/\/estiu.es\/wp-content\/uploads\/2025\/02\/1_ProgramacionUP-1024x683.jpeg 1024w, https:\/\/estiu.es\/wp-content\/uploads\/2025\/02\/1_ProgramacionUP-300x200.jpeg 300w, https:\/\/estiu.es\/wp-content\/uploads\/2025\/02\/1_ProgramacionUP-768x512.jpeg 768w, https:\/\/estiu.es\/wp-content\/uploads\/2025\/02\/1_ProgramacionUP.jpeg 1500w\" sizes=\"auto, (max-width: 1024px) 100vw, 1024px\" \/><\/figure>\n\n\n\n<p>Proyecto realizado en colaboraci\u00f3n con Patricia Bollnches.<\/p>\n","protected":false},"featured_media":596,"template":"","meta":{"_acf_changed":false,"_coblocks_attr":"","_coblocks_dimensions":"","_coblocks_responsive_height":"","_coblocks_accordion_ie_support":""},"categoria-de-proyecto":[3,8],"class_list":["post-595","proyecto","type-proyecto","status-publish","has-post-thumbnail","hentry","categoria-de-proyecto-editorial","categoria-de-proyecto-grafico"],"acf":[],"_links":{"self":[{"href":"https:\/\/estiu.es\/ca\/wp-json\/wp\/v2\/proyecto\/595","targetHints":{"allow":["GET"]}}],"collection":[{"href":"https:\/\/estiu.es\/ca\/wp-json\/wp\/v2\/proyecto"}],"about":[{"href":"https:\/\/estiu.es\/ca\/wp-json\/wp\/v2\/types\/proyecto"}],"wp:featuredmedia":[{"embeddable":true,"href":"https:\/\/estiu.es\/ca\/wp-json\/wp\/v2\/media\/596"}],"wp:attachment":[{"href":"https:\/\/estiu.es\/ca\/wp-json\/wp\/v2\/media?parent=595"}],"wp:term":[{"taxonomy":"categoria-de-proyecto","embeddable":true,"href":"https:\/\/estiu.es\/ca\/wp-json\/wp\/v2\/categoria-de-proyecto?post=595"}],"curies":[{"name":"wp","href":"https:\/\/api.w.org\/{rel}","templated":true}]}}

<p>Diseño de imagen para la Programación de actividades anuales 2019-2020 de la Universitat Popular de València. </p>



<figure class="wp-block-image size-large"><img loading="lazy" decoding="async" width="1024" height="683" src="https://estiu.es/wp-content/uploads/2025/02/2_ProgramacionUP-1024x683.jpeg" alt="" class="wp-image-597" srcset="https://estiu.es/wp-content/uploads/2025/02/2_ProgramacionUP-1024x683.jpeg 1024w, https://estiu.es/wp-content/uploads/2025/02/2_ProgramacionUP-300x200.jpeg 300w, https://estiu.es/wp-content/uploads/2025/02/2_ProgramacionUP-768x512.jpeg 768w, https://estiu.es/wp-content/uploads/2025/02/2_ProgramacionUP.jpeg 1500w" sizes="auto, (max-width: 1024px) 100vw, 1024px" /></figure>



<figure class="wp-block-image size-large"><img loading="lazy" decoding="async" width="1024" height="683" src="https://estiu.es/wp-content/uploads/2025/02/3_ProgramacionUP-1024x683.jpeg" alt="" class="wp-image-598" srcset="https://estiu.es/wp-content/uploads/2025/02/3_ProgramacionUP-1024x683.jpeg 1024w, https://estiu.es/wp-content/uploads/2025/02/3_ProgramacionUP-300x200.jpeg 300w, https://estiu.es/wp-content/uploads/2025/02/3_ProgramacionUP-768x512.jpeg 768w, https://estiu.es/wp-content/uploads/2025/02/3_ProgramacionUP.jpeg 1500w" sizes="auto, (max-width: 1024px) 100vw, 1024px" /></figure>



<figure class="wp-block-image size-large"><img loading="lazy" decoding="async" width="1024" height="683" src="https://estiu.es/wp-content/uploads/2025/02/1_ProgramacionUP-1024x683.jpeg" alt="" class="wp-image-599" srcset="https://estiu.es/wp-content/uploads/2025/02/1_ProgramacionUP-1024x683.jpeg 1024w, https://estiu.es/wp-content/uploads/2025/02/1_ProgramacionUP-300x200.jpeg 300w, https://estiu.es/wp-content/uploads/2025/02/1_ProgramacionUP-768x512.jpeg 768w, https://estiu.es/wp-content/uploads/2025/02/1_ProgramacionUP.jpeg 1500w" sizes="auto, (max-width: 1024px) 100vw, 1024px" /></figure>



<p>Proyecto realizado en colaboración con Patricia Bollnches.</p>
