{"id":474,"date":"2021-05-12T17:37:00","date_gmt":"2021-05-12T15:37:00","guid":{"rendered":"https:\/\/estiu.es\/?post_type=proyecto&#038;p=474"},"modified":"2025-01-24T17:40:25","modified_gmt":"2025-01-24T16:40:25","slug":"introduccion-a-la-economia-del-bien-comun","status":"publish","type":"proyecto","link":"https:\/\/estiu.es\/ca\/proyecto\/introduccion-a-la-economia-del-bien-comun\/","title":{"rendered":"Introduccio\u0301n a la economi\u0301a del bien comu\u0301n"},"content":{"rendered":"\n<p>Dise\u00f1o y maquetaci\u00f3n del libro&nbsp;&#8216;Introducci\u00f3n a la Econom\u00eda del Bien Com\u00fan.&nbsp;Un sistema econ\u00f3mico con rostro humano&#8217; de la Asociaci\u00f3n Valenciana para el Fomento de la EBC, un proyecto apoyado por la Generalitat de Valencia. Una publicaci\u00f3n eminentemente pr\u00e1ctica destinada activistas, empresas, municipios, centros educativos y comunidades.<\/p>\n\n\n\n<figure class=\"wp-block-image size-large\"><img loading=\"lazy\" decoding=\"async\" width=\"1024\" height=\"683\" src=\"https:\/\/estiu.es\/wp-content\/uploads\/2025\/01\/7_IntroduccionALaEconomiaDelBienComun-1024x683.jpeg\" alt=\"\" class=\"wp-image-479\" srcset=\"https:\/\/estiu.es\/wp-content\/uploads\/2025\/01\/7_IntroduccionALaEconomiaDelBienComun-1024x683.jpeg 1024w, https:\/\/estiu.es\/wp-content\/uploads\/2025\/01\/7_IntroduccionALaEconomiaDelBienComun-300x200.jpeg 300w, https:\/\/estiu.es\/wp-content\/uploads\/2025\/01\/7_IntroduccionALaEconomiaDelBienComun-768x512.jpeg 768w, https:\/\/estiu.es\/wp-content\/uploads\/2025\/01\/7_IntroduccionALaEconomiaDelBienComun-1536x1024.jpeg 1536w, https:\/\/estiu.es\/wp-content\/uploads\/2025\/01\/7_IntroduccionALaEconomiaDelBienComun.jpeg 1669w\" sizes=\"auto, (max-width: 1024px) 100vw, 1024px\" \/><\/figure>\n\n\n\n<div class=\"wp-block-columns is-layout-flex wp-container-core-columns-is-layout-9d6595d7 wp-block-columns-is-layout-flex\">\n<div class=\"wp-block-column is-layout-flow wp-block-column-is-layout-flow\">\n<figure class=\"wp-block-image size-large\"><img loading=\"lazy\" decoding=\"async\" width=\"683\" height=\"1024\" src=\"https:\/\/estiu.es\/wp-content\/uploads\/2025\/01\/5_IntroduccionALaEconomiaDelBienComun-683x1024.jpeg\" alt=\"\" class=\"wp-image-476\" srcset=\"https:\/\/estiu.es\/wp-content\/uploads\/2025\/01\/5_IntroduccionALaEconomiaDelBienComun-683x1024.jpeg 683w, https:\/\/estiu.es\/wp-content\/uploads\/2025\/01\/5_IntroduccionALaEconomiaDelBienComun-200x300.jpeg 200w, https:\/\/estiu.es\/wp-content\/uploads\/2025\/01\/5_IntroduccionALaEconomiaDelBienComun-768x1152.jpeg 768w, https:\/\/estiu.es\/wp-content\/uploads\/2025\/01\/5_IntroduccionALaEconomiaDelBienComun-1024x1536.jpeg 1024w, https:\/\/estiu.es\/wp-content\/uploads\/2025\/01\/5_IntroduccionALaEconomiaDelBienComun-1365x2048.jpeg 1365w, https:\/\/estiu.es\/wp-content\/uploads\/2025\/01\/5_IntroduccionALaEconomiaDelBienComun-scaled.jpeg 1706w\" sizes=\"auto, (max-width: 683px) 100vw, 683px\" \/><\/figure>\n<\/div>\n\n\n\n<div class=\"wp-block-column is-layout-flow wp-block-column-is-layout-flow\">\n<figure class=\"wp-block-image size-large\"><img loading=\"lazy\" decoding=\"async\" width=\"683\" height=\"1024\" src=\"https:\/\/estiu.es\/wp-content\/uploads\/2025\/01\/2_IntroduccionALaEconomiaDelBienComun-683x1024.jpeg\" alt=\"\" class=\"wp-image-478\" srcset=\"https:\/\/estiu.es\/wp-content\/uploads\/2025\/01\/2_IntroduccionALaEconomiaDelBienComun-683x1024.jpeg 683w, https:\/\/estiu.es\/wp-content\/uploads\/2025\/01\/2_IntroduccionALaEconomiaDelBienComun-200x300.jpeg 200w, https:\/\/estiu.es\/wp-content\/uploads\/2025\/01\/2_IntroduccionALaEconomiaDelBienComun-768x1152.jpeg 768w, https:\/\/estiu.es\/wp-content\/uploads\/2025\/01\/2_IntroduccionALaEconomiaDelBienComun-1024x1536.jpeg 1024w, https:\/\/estiu.es\/wp-content\/uploads\/2025\/01\/2_IntroduccionALaEconomiaDelBienComun-1365x2048.jpeg 1365w, https:\/\/estiu.es\/wp-content\/uploads\/2025\/01\/2_IntroduccionALaEconomiaDelBienComun-scaled.jpeg 1706w\" sizes=\"auto, (max-width: 683px) 100vw, 683px\" \/><\/figure>\n<\/div>\n<\/div>\n\n\n\n<figure class=\"wp-block-image size-large\"><img loading=\"lazy\" decoding=\"async\" width=\"1024\" height=\"683\" src=\"https:\/\/estiu.es\/wp-content\/uploads\/2025\/01\/8_IntroduccionALaEconomiaDelBienComun-1024x683.jpeg\" alt=\"\" class=\"wp-image-480\" srcset=\"https:\/\/estiu.es\/wp-content\/uploads\/2025\/01\/8_IntroduccionALaEconomiaDelBienComun-1024x683.jpeg 1024w, https:\/\/estiu.es\/wp-content\/uploads\/2025\/01\/8_IntroduccionALaEconomiaDelBienComun-300x200.jpeg 300w, https:\/\/estiu.es\/wp-content\/uploads\/2025\/01\/8_IntroduccionALaEconomiaDelBienComun-768x512.jpeg 768w, https:\/\/estiu.es\/wp-content\/uploads\/2025\/01\/8_IntroduccionALaEconomiaDelBienComun-1536x1024.jpeg 1536w, https:\/\/estiu.es\/wp-content\/uploads\/2025\/01\/8_IntroduccionALaEconomiaDelBienComun.jpeg 1669w\" sizes=\"auto, (max-width: 1024px) 100vw, 1024px\" \/><\/figure>\n\n\n\n<figure class=\"wp-block-image size-large\"><img loading=\"lazy\" decoding=\"async\" width=\"1024\" height=\"683\" src=\"https:\/\/estiu.es\/wp-content\/uploads\/2025\/01\/3_IntroduccionALaEconomiaDelBienComun-1024x683.jpeg\" alt=\"\" class=\"wp-image-481\" srcset=\"https:\/\/estiu.es\/wp-content\/uploads\/2025\/01\/3_IntroduccionALaEconomiaDelBienComun-1024x683.jpeg 1024w, https:\/\/estiu.es\/wp-content\/uploads\/2025\/01\/3_IntroduccionALaEconomiaDelBienComun-300x200.jpeg 300w, https:\/\/estiu.es\/wp-content\/uploads\/2025\/01\/3_IntroduccionALaEconomiaDelBienComun-768x512.jpeg 768w, https:\/\/estiu.es\/wp-content\/uploads\/2025\/01\/3_IntroduccionALaEconomiaDelBienComun-1536x1024.jpeg 1536w, https:\/\/estiu.es\/wp-content\/uploads\/2025\/01\/3_IntroduccionALaEconomiaDelBienComun-2048x1366.jpeg 2048w\" sizes=\"auto, (max-width: 1024px) 100vw, 1024px\" \/><\/figure>\n","protected":false},"featured_media":475,"template":"","meta":{"_acf_changed":false,"_coblocks_attr":"","_coblocks_dimensions":"","_coblocks_responsive_height":"","_coblocks_accordion_ie_support":""},"categoria-de-proyecto":[3],"class_list":["post-474","proyecto","type-proyecto","status-publish","has-post-thumbnail","hentry","categoria-de-proyecto-editorial"],"acf":[],"_links":{"self":[{"href":"https:\/\/estiu.es\/ca\/wp-json\/wp\/v2\/proyecto\/474","targetHints":{"allow":["GET"]}}],"collection":[{"href":"https:\/\/estiu.es\/ca\/wp-json\/wp\/v2\/proyecto"}],"about":[{"href":"https:\/\/estiu.es\/ca\/wp-json\/wp\/v2\/types\/proyecto"}],"wp:featuredmedia":[{"embeddable":true,"href":"https:\/\/estiu.es\/ca\/wp-json\/wp\/v2\/media\/475"}],"wp:attachment":[{"href":"https:\/\/estiu.es\/ca\/wp-json\/wp\/v2\/media?parent=474"}],"wp:term":[{"taxonomy":"categoria-de-proyecto","embeddable":true,"href":"https:\/\/estiu.es\/ca\/wp-json\/wp\/v2\/categoria-de-proyecto?post=474"}],"curies":[{"name":"wp","href":"https:\/\/api.w.org\/{rel}","templated":true}]}}

<p>Diseño y maquetación del libro&nbsp;&#8216;Introducción a la Economía del Bien Común.&nbsp;Un sistema económico con rostro humano&#8217; de la Asociación Valenciana para el Fomento de la EBC, un proyecto apoyado por la Generalitat de Valencia. Una publicación eminentemente práctica destinada activistas, empresas, municipios, centros educativos y comunidades.</p>



<figure class="wp-block-image size-large"><img loading="lazy" decoding="async" width="1024" height="683" src="https://estiu.es/wp-content/uploads/2025/01/7_IntroduccionALaEconomiaDelBienComun-1024x683.jpeg" alt="" class="wp-image-479" srcset="https://estiu.es/wp-content/uploads/2025/01/7_IntroduccionALaEconomiaDelBienComun-1024x683.jpeg 1024w, https://estiu.es/wp-content/uploads/2025/01/7_IntroduccionALaEconomiaDelBienComun-300x200.jpeg 300w, https://estiu.es/wp-content/uploads/2025/01/7_IntroduccionALaEconomiaDelBienComun-768x512.jpeg 768w, https://estiu.es/wp-content/uploads/2025/01/7_IntroduccionALaEconomiaDelBienComun-1536x1024.jpeg 1536w, https://estiu.es/wp-content/uploads/2025/01/7_IntroduccionALaEconomiaDelBienComun.jpeg 1669w" sizes="auto, (max-width: 1024px) 100vw, 1024px" /></figure>



<div class="wp-block-columns is-layout-flex wp-container-core-columns-is-layout-9d6595d7 wp-block-columns-is-layout-flex">
<div class="wp-block-column is-layout-flow wp-block-column-is-layout-flow">
<figure class="wp-block-image size-large"><img loading="lazy" decoding="async" width="683" height="1024" src="https://estiu.es/wp-content/uploads/2025/01/5_IntroduccionALaEconomiaDelBienComun-683x1024.jpeg" alt="" class="wp-image-476" srcset="https://estiu.es/wp-content/uploads/2025/01/5_IntroduccionALaEconomiaDelBienComun-683x1024.jpeg 683w, https://estiu.es/wp-content/uploads/2025/01/5_IntroduccionALaEconomiaDelBienComun-200x300.jpeg 200w, https://estiu.es/wp-content/uploads/2025/01/5_IntroduccionALaEconomiaDelBienComun-768x1152.jpeg 768w, https://estiu.es/wp-content/uploads/2025/01/5_IntroduccionALaEconomiaDelBienComun-1024x1536.jpeg 1024w, https://estiu.es/wp-content/uploads/2025/01/5_IntroduccionALaEconomiaDelBienComun-1365x2048.jpeg 1365w, https://estiu.es/wp-content/uploads/2025/01/5_IntroduccionALaEconomiaDelBienComun-scaled.jpeg 1706w" sizes="auto, (max-width: 683px) 100vw, 683px" /></figure>
</div>



<div class="wp-block-column is-layout-flow wp-block-column-is-layout-flow">
<figure class="wp-block-image size-large"><img loading="lazy" decoding="async" width="683" height="1024" src="https://estiu.es/wp-content/uploads/2025/01/2_IntroduccionALaEconomiaDelBienComun-683x1024.jpeg" alt="" class="wp-image-478" srcset="https://estiu.es/wp-content/uploads/2025/01/2_IntroduccionALaEconomiaDelBienComun-683x1024.jpeg 683w, https://estiu.es/wp-content/uploads/2025/01/2_IntroduccionALaEconomiaDelBienComun-200x300.jpeg 200w, https://estiu.es/wp-content/uploads/2025/01/2_IntroduccionALaEconomiaDelBienComun-768x1152.jpeg 768w, https://estiu.es/wp-content/uploads/2025/01/2_IntroduccionALaEconomiaDelBienComun-1024x1536.jpeg 1024w, https://estiu.es/wp-content/uploads/2025/01/2_IntroduccionALaEconomiaDelBienComun-1365x2048.jpeg 1365w, https://estiu.es/wp-content/uploads/2025/01/2_IntroduccionALaEconomiaDelBienComun-scaled.jpeg 1706w" sizes="auto, (max-width: 683px) 100vw, 683px" /></figure>
</div>
</div>



<figure class="wp-block-image size-large"><img loading="lazy" decoding="async" width="1024" height="683" src="https://estiu.es/wp-content/uploads/2025/01/8_IntroduccionALaEconomiaDelBienComun-1024x683.jpeg" alt="" class="wp-image-480" srcset="https://estiu.es/wp-content/uploads/2025/01/8_IntroduccionALaEconomiaDelBienComun-1024x683.jpeg 1024w, https://estiu.es/wp-content/uploads/2025/01/8_IntroduccionALaEconomiaDelBienComun-300x200.jpeg 300w, https://estiu.es/wp-content/uploads/2025/01/8_IntroduccionALaEconomiaDelBienComun-768x512.jpeg 768w, https://estiu.es/wp-content/uploads/2025/01/8_IntroduccionALaEconomiaDelBienComun-1536x1024.jpeg 1536w, https://estiu.es/wp-content/uploads/2025/01/8_IntroduccionALaEconomiaDelBienComun.jpeg 1669w" sizes="auto, (max-width: 1024px) 100vw, 1024px" /></figure>



<figure class="wp-block-image size-large"><img loading="lazy" decoding="async" width="1024" height="683" src="https://estiu.es/wp-content/uploads/2025/01/3_IntroduccionALaEconomiaDelBienComun-1024x683.jpeg" alt="" class="wp-image-481" srcset="https://estiu.es/wp-content/uploads/2025/01/3_IntroduccionALaEconomiaDelBienComun-1024x683.jpeg 1024w, https://estiu.es/wp-content/uploads/2025/01/3_IntroduccionALaEconomiaDelBienComun-300x200.jpeg 300w, https://estiu.es/wp-content/uploads/2025/01/3_IntroduccionALaEconomiaDelBienComun-768x512.jpeg 768w, https://estiu.es/wp-content/uploads/2025/01/3_IntroduccionALaEconomiaDelBienComun-1536x1024.jpeg 1536w, https://estiu.es/wp-content/uploads/2025/01/3_IntroduccionALaEconomiaDelBienComun-2048x1366.jpeg 2048w" sizes="auto, (max-width: 1024px) 100vw, 1024px" /></figure>
