{"id":464,"date":"2021-06-16T17:28:00","date_gmt":"2021-06-16T15:28:00","guid":{"rendered":"https:\/\/estiu.es\/?post_type=proyecto&#038;p=464"},"modified":"2025-01-24T17:36:23","modified_gmt":"2025-01-24T16:36:23","slug":"hijas-de-algo","status":"publish","type":"proyecto","link":"https:\/\/estiu.es\/ca\/proyecto\/hijas-de-algo\/","title":{"rendered":"Hijas de algo"},"content":{"rendered":"\n<p><em>Hijas de algo<\/em> es una colecci\u00f3n de relatos de la periodista Lidia Caro Leal que nace de una idea \u00fanica: todas y todos venimos de&nbsp;algo. Este libro, la primera referencia de nuestra micro-editorial Festiu, va acompa\u00f1ado de una &#8216;incursi\u00f3n po\u00e9tica&#8217; del escritor Kike Parra y de fotograf\u00edas realizadas por Kike Taberner, Clara Bayo y la propia escritora.<\/p>\n\n\n\n<p>El libro fue impreso en Val\u00e8ncia, en la imprenta Impresum, en mayo de 2021 con papeles Arjowiggins Keaycolour y Munken Lynx de Uni\u00f3n Papelera, y las tipograf\u00edas Swear de Ohno Type y Prestige Elite de Howard Kettler.<\/p>\n\n\n\n<figure class=\"wp-block-image size-large\"><img loading=\"lazy\" decoding=\"async\" width=\"1024\" height=\"683\" src=\"https:\/\/estiu.es\/wp-content\/uploads\/2025\/01\/3_HijasDeAlgo-1024x683.jpeg\" alt=\"\" class=\"wp-image-466\" srcset=\"https:\/\/estiu.es\/wp-content\/uploads\/2025\/01\/3_HijasDeAlgo-1024x683.jpeg 1024w, https:\/\/estiu.es\/wp-content\/uploads\/2025\/01\/3_HijasDeAlgo-300x200.jpeg 300w, https:\/\/estiu.es\/wp-content\/uploads\/2025\/01\/3_HijasDeAlgo-768x512.jpeg 768w, https:\/\/estiu.es\/wp-content\/uploads\/2025\/01\/3_HijasDeAlgo-1536x1025.jpeg 1536w, https:\/\/estiu.es\/wp-content\/uploads\/2025\/01\/3_HijasDeAlgo-2048x1366.jpeg 2048w\" sizes=\"auto, (max-width: 1024px) 100vw, 1024px\" \/><\/figure>\n\n\n\n<figure class=\"wp-block-image size-large\"><img loading=\"lazy\" decoding=\"async\" width=\"1024\" height=\"684\" src=\"https:\/\/estiu.es\/wp-content\/uploads\/2025\/01\/9_HijasDeAlgo-1024x684.jpeg\" alt=\"\" class=\"wp-image-467\" srcset=\"https:\/\/estiu.es\/wp-content\/uploads\/2025\/01\/9_HijasDeAlgo-1024x684.jpeg 1024w, https:\/\/estiu.es\/wp-content\/uploads\/2025\/01\/9_HijasDeAlgo-300x200.jpeg 300w, https:\/\/estiu.es\/wp-content\/uploads\/2025\/01\/9_HijasDeAlgo-768x513.jpeg 768w, https:\/\/estiu.es\/wp-content\/uploads\/2025\/01\/9_HijasDeAlgo.jpeg 1200w\" sizes=\"auto, (max-width: 1024px) 100vw, 1024px\" \/><\/figure>\n\n\n\n<figure class=\"wp-block-image size-large\"><img loading=\"lazy\" decoding=\"async\" width=\"1024\" height=\"684\" src=\"https:\/\/estiu.es\/wp-content\/uploads\/2025\/01\/7_HijasDeAlgo-1024x684.jpeg\" alt=\"\" class=\"wp-image-468\" srcset=\"https:\/\/estiu.es\/wp-content\/uploads\/2025\/01\/7_HijasDeAlgo-1024x684.jpeg 1024w, https:\/\/estiu.es\/wp-content\/uploads\/2025\/01\/7_HijasDeAlgo-300x200.jpeg 300w, https:\/\/estiu.es\/wp-content\/uploads\/2025\/01\/7_HijasDeAlgo-768x513.jpeg 768w, https:\/\/estiu.es\/wp-content\/uploads\/2025\/01\/7_HijasDeAlgo.jpeg 1200w\" sizes=\"auto, (max-width: 1024px) 100vw, 1024px\" \/><\/figure>\n\n\n\n<figure class=\"wp-block-image size-large\"><img loading=\"lazy\" decoding=\"async\" width=\"1024\" height=\"684\" src=\"https:\/\/estiu.es\/wp-content\/uploads\/2025\/01\/8_HijasDeAlgo-1024x684.jpeg\" alt=\"\" class=\"wp-image-469\" srcset=\"https:\/\/estiu.es\/wp-content\/uploads\/2025\/01\/8_HijasDeAlgo-1024x684.jpeg 1024w, https:\/\/estiu.es\/wp-content\/uploads\/2025\/01\/8_HijasDeAlgo-300x200.jpeg 300w, https:\/\/estiu.es\/wp-content\/uploads\/2025\/01\/8_HijasDeAlgo-768x513.jpeg 768w, https:\/\/estiu.es\/wp-content\/uploads\/2025\/01\/8_HijasDeAlgo.jpeg 1200w\" sizes=\"auto, (max-width: 1024px) 100vw, 1024px\" \/><\/figure>\n\n\n\n<div class=\"wp-block-columns is-layout-flex wp-container-core-columns-is-layout-9d6595d7 wp-block-columns-is-layout-flex\">\n<div class=\"wp-block-column is-layout-flow wp-block-column-is-layout-flow\">\n<figure class=\"wp-block-image size-large\"><img loading=\"lazy\" decoding=\"async\" width=\"684\" height=\"1024\" src=\"https:\/\/estiu.es\/wp-content\/uploads\/2025\/01\/11_HijasDeAlgo-684x1024.jpeg\" alt=\"\" class=\"wp-image-471\" srcset=\"https:\/\/estiu.es\/wp-content\/uploads\/2025\/01\/11_HijasDeAlgo-684x1024.jpeg 684w, https:\/\/estiu.es\/wp-content\/uploads\/2025\/01\/11_HijasDeAlgo-200x300.jpeg 200w, https:\/\/estiu.es\/wp-content\/uploads\/2025\/01\/11_HijasDeAlgo-768x1151.jpeg 768w, https:\/\/estiu.es\/wp-content\/uploads\/2025\/01\/11_HijasDeAlgo.jpeg 801w\" sizes=\"auto, (max-width: 684px) 100vw, 684px\" \/><\/figure>\n<\/div>\n\n\n\n<div class=\"wp-block-column is-layout-flow wp-block-column-is-layout-flow\">\n<p><\/p>\n\n\n\n<p>Textos: Lidia Caro Leal y Kike Parra Ve\u00efnat (Ep\u00edlogo)<br>Edici\u00f3n: Diego Obiol \u2014 Festiu<br>Dise\u00f1o: Clara Bayo y Diego Obiol&nbsp;<br>ISBN: 978-84-09-29339-1<br>Dep\u00f3sito Legal: V-1123-2021<\/p>\n\n\n\n<p>Como elementos promocionales que acompa\u00f1an al libro hemos dise\u00f1ado e impreso una serie limitada de carteles en risograf\u00eda, en colaboraci\u00f3n con Tutiplenpress, con papeles Fedrigoni Arena Ivory Smooth de 80gr.<\/p>\n<\/div>\n<\/div>\n\n\n\n<figure class=\"wp-block-image size-large\"><img loading=\"lazy\" decoding=\"async\" width=\"1024\" height=\"684\" src=\"https:\/\/estiu.es\/wp-content\/uploads\/2025\/01\/10_HijasDeAlgo-1024x684.jpeg\" alt=\"\" class=\"wp-image-470\" srcset=\"https:\/\/estiu.es\/wp-content\/uploads\/2025\/01\/10_HijasDeAlgo-1024x684.jpeg 1024w, https:\/\/estiu.es\/wp-content\/uploads\/2025\/01\/10_HijasDeAlgo-300x200.jpeg 300w, https:\/\/estiu.es\/wp-content\/uploads\/2025\/01\/10_HijasDeAlgo-768x513.jpeg 768w, https:\/\/estiu.es\/wp-content\/uploads\/2025\/01\/10_HijasDeAlgo.jpeg 1200w\" sizes=\"auto, (max-width: 1024px) 100vw, 1024px\" \/><\/figure>\n\n\n\n<figure class=\"wp-block-image size-large\"><img loading=\"lazy\" decoding=\"async\" width=\"1024\" height=\"684\" src=\"https:\/\/estiu.es\/wp-content\/uploads\/2025\/01\/6_HijasDeAlgo-1024x684.jpeg\" alt=\"\" class=\"wp-image-472\" srcset=\"https:\/\/estiu.es\/wp-content\/uploads\/2025\/01\/6_HijasDeAlgo-1024x684.jpeg 1024w, https:\/\/estiu.es\/wp-content\/uploads\/2025\/01\/6_HijasDeAlgo-300x200.jpeg 300w, https:\/\/estiu.es\/wp-content\/uploads\/2025\/01\/6_HijasDeAlgo-768x513.jpeg 768w, https:\/\/estiu.es\/wp-content\/uploads\/2025\/01\/6_HijasDeAlgo.jpeg 1200w\" sizes=\"auto, (max-width: 1024px) 100vw, 1024px\" \/><\/figure>\n\n\n\n<figure class=\"wp-block-image size-large\"><img loading=\"lazy\" decoding=\"async\" width=\"1024\" height=\"684\" src=\"https:\/\/estiu.es\/wp-content\/uploads\/2021\/06\/5_HijasDeAlgo-1024x684.jpeg\" alt=\"\" class=\"wp-image-473\" srcset=\"https:\/\/estiu.es\/wp-content\/uploads\/2021\/06\/5_HijasDeAlgo-1024x684.jpeg 1024w, https:\/\/estiu.es\/wp-content\/uploads\/2021\/06\/5_HijasDeAlgo-300x200.jpeg 300w, https:\/\/estiu.es\/wp-content\/uploads\/2021\/06\/5_HijasDeAlgo-768x513.jpeg 768w, https:\/\/estiu.es\/wp-content\/uploads\/2021\/06\/5_HijasDeAlgo.jpeg 1200w\" sizes=\"auto, (max-width: 1024px) 100vw, 1024px\" \/><\/figure>\n\n\n\n<p>\u2014<\/p>\n\n\n\n<p>Fotos del proyecto: Vicente Lara<\/p>\n","protected":false},"featured_media":465,"template":"","meta":{"_acf_changed":false,"_coblocks_attr":"","_coblocks_dimensions":"","_coblocks_responsive_height":"","_coblocks_accordion_ie_support":""},"categoria-de-proyecto":[7],"class_list":["post-464","proyecto","type-proyecto","status-publish","has-post-thumbnail","hentry","categoria-de-proyecto-autoedicion"],"acf":[],"_links":{"self":[{"href":"https:\/\/estiu.es\/ca\/wp-json\/wp\/v2\/proyecto\/464","targetHints":{"allow":["GET"]}}],"collection":[{"href":"https:\/\/estiu.es\/ca\/wp-json\/wp\/v2\/proyecto"}],"about":[{"href":"https:\/\/estiu.es\/ca\/wp-json\/wp\/v2\/types\/proyecto"}],"wp:featuredmedia":[{"embeddable":true,"href":"https:\/\/estiu.es\/ca\/wp-json\/wp\/v2\/media\/465"}],"wp:attachment":[{"href":"https:\/\/estiu.es\/ca\/wp-json\/wp\/v2\/media?parent=464"}],"wp:term":[{"taxonomy":"categoria-de-proyecto","embeddable":true,"href":"https:\/\/estiu.es\/ca\/wp-json\/wp\/v2\/categoria-de-proyecto?post=464"}],"curies":[{"name":"wp","href":"https:\/\/api.w.org\/{rel}","templated":true}]}}

<p><em>Hijas de algo</em> es una colección de relatos de la periodista Lidia Caro Leal que nace de una idea única: todas y todos venimos de&nbsp;algo. Este libro, la primera referencia de nuestra micro-editorial Festiu, va acompañado de una &#8216;incursión poética&#8217; del escritor Kike Parra y de fotografías realizadas por Kike Taberner, Clara Bayo y la propia escritora.</p>



<p>El libro fue impreso en València, en la imprenta Impresum, en mayo de 2021 con papeles Arjowiggins Keaycolour y Munken Lynx de Unión Papelera, y las tipografías Swear de Ohno Type y Prestige Elite de Howard Kettler.</p>



<figure class="wp-block-image size-large"><img loading="lazy" decoding="async" width="1024" height="683" src="https://estiu.es/wp-content/uploads/2025/01/3_HijasDeAlgo-1024x683.jpeg" alt="" class="wp-image-466" srcset="https://estiu.es/wp-content/uploads/2025/01/3_HijasDeAlgo-1024x683.jpeg 1024w, https://estiu.es/wp-content/uploads/2025/01/3_HijasDeAlgo-300x200.jpeg 300w, https://estiu.es/wp-content/uploads/2025/01/3_HijasDeAlgo-768x512.jpeg 768w, https://estiu.es/wp-content/uploads/2025/01/3_HijasDeAlgo-1536x1025.jpeg 1536w, https://estiu.es/wp-content/uploads/2025/01/3_HijasDeAlgo-2048x1366.jpeg 2048w" sizes="auto, (max-width: 1024px) 100vw, 1024px" /></figure>



<figure class="wp-block-image size-large"><img loading="lazy" decoding="async" width="1024" height="684" src="https://estiu.es/wp-content/uploads/2025/01/9_HijasDeAlgo-1024x684.jpeg" alt="" class="wp-image-467" srcset="https://estiu.es/wp-content/uploads/2025/01/9_HijasDeAlgo-1024x684.jpeg 1024w, https://estiu.es/wp-content/uploads/2025/01/9_HijasDeAlgo-300x200.jpeg 300w, https://estiu.es/wp-content/uploads/2025/01/9_HijasDeAlgo-768x513.jpeg 768w, https://estiu.es/wp-content/uploads/2025/01/9_HijasDeAlgo.jpeg 1200w" sizes="auto, (max-width: 1024px) 100vw, 1024px" /></figure>



<figure class="wp-block-image size-large"><img loading="lazy" decoding="async" width="1024" height="684" src="https://estiu.es/wp-content/uploads/2025/01/7_HijasDeAlgo-1024x684.jpeg" alt="" class="wp-image-468" srcset="https://estiu.es/wp-content/uploads/2025/01/7_HijasDeAlgo-1024x684.jpeg 1024w, https://estiu.es/wp-content/uploads/2025/01/7_HijasDeAlgo-300x200.jpeg 300w, https://estiu.es/wp-content/uploads/2025/01/7_HijasDeAlgo-768x513.jpeg 768w, https://estiu.es/wp-content/uploads/2025/01/7_HijasDeAlgo.jpeg 1200w" sizes="auto, (max-width: 1024px) 100vw, 1024px" /></figure>



<figure class="wp-block-image size-large"><img loading="lazy" decoding="async" width="1024" height="684" src="https://estiu.es/wp-content/uploads/2025/01/8_HijasDeAlgo-1024x684.jpeg" alt="" class="wp-image-469" srcset="https://estiu.es/wp-content/uploads/2025/01/8_HijasDeAlgo-1024x684.jpeg 1024w, https://estiu.es/wp-content/uploads/2025/01/8_HijasDeAlgo-300x200.jpeg 300w, https://estiu.es/wp-content/uploads/2025/01/8_HijasDeAlgo-768x513.jpeg 768w, https://estiu.es/wp-content/uploads/2025/01/8_HijasDeAlgo.jpeg 1200w" sizes="auto, (max-width: 1024px) 100vw, 1024px" /></figure>



<div class="wp-block-columns is-layout-flex wp-container-core-columns-is-layout-9d6595d7 wp-block-columns-is-layout-flex">
<div class="wp-block-column is-layout-flow wp-block-column-is-layout-flow">
<figure class="wp-block-image size-large"><img loading="lazy" decoding="async" width="684" height="1024" src="https://estiu.es/wp-content/uploads/2025/01/11_HijasDeAlgo-684x1024.jpeg" alt="" class="wp-image-471" srcset="https://estiu.es/wp-content/uploads/2025/01/11_HijasDeAlgo-684x1024.jpeg 684w, https://estiu.es/wp-content/uploads/2025/01/11_HijasDeAlgo-200x300.jpeg 200w, https://estiu.es/wp-content/uploads/2025/01/11_HijasDeAlgo-768x1151.jpeg 768w, https://estiu.es/wp-content/uploads/2025/01/11_HijasDeAlgo.jpeg 801w" sizes="auto, (max-width: 684px) 100vw, 684px" /></figure>
</div>



<div class="wp-block-column is-layout-flow wp-block-column-is-layout-flow">
<p></p>



<p>Textos: Lidia Caro Leal y Kike Parra Veïnat (Epílogo)<br>Edición: Diego Obiol — Festiu<br>Diseño: Clara Bayo y Diego Obiol&nbsp;<br>ISBN: 978-84-09-29339-1<br>Depósito Legal: V-1123-2021</p>



<p>Como elementos promocionales que acompañan al libro hemos diseñado e impreso una serie limitada de carteles en risografía, en colaboración con Tutiplenpress, con papeles Fedrigoni Arena Ivory Smooth de 80gr.</p>
</div>
</div>



<figure class="wp-block-image size-large"><img loading="lazy" decoding="async" width="1024" height="684" src="https://estiu.es/wp-content/uploads/2025/01/10_HijasDeAlgo-1024x684.jpeg" alt="" class="wp-image-470" srcset="https://estiu.es/wp-content/uploads/2025/01/10_HijasDeAlgo-1024x684.jpeg 1024w, https://estiu.es/wp-content/uploads/2025/01/10_HijasDeAlgo-300x200.jpeg 300w, https://estiu.es/wp-content/uploads/2025/01/10_HijasDeAlgo-768x513.jpeg 768w, https://estiu.es/wp-content/uploads/2025/01/10_HijasDeAlgo.jpeg 1200w" sizes="auto, (max-width: 1024px) 100vw, 1024px" /></figure>



<figure class="wp-block-image size-large"><img loading="lazy" decoding="async" width="1024" height="684" src="https://estiu.es/wp-content/uploads/2025/01/6_HijasDeAlgo-1024x684.jpeg" alt="" class="wp-image-472" srcset="https://estiu.es/wp-content/uploads/2025/01/6_HijasDeAlgo-1024x684.jpeg 1024w, https://estiu.es/wp-content/uploads/2025/01/6_HijasDeAlgo-300x200.jpeg 300w, https://estiu.es/wp-content/uploads/2025/01/6_HijasDeAlgo-768x513.jpeg 768w, https://estiu.es/wp-content/uploads/2025/01/6_HijasDeAlgo.jpeg 1200w" sizes="auto, (max-width: 1024px) 100vw, 1024px" /></figure>



<figure class="wp-block-image size-large"><img loading="lazy" decoding="async" width="1024" height="684" src="https://estiu.es/wp-content/uploads/2021/06/5_HijasDeAlgo-1024x684.jpeg" alt="" class="wp-image-473" srcset="https://estiu.es/wp-content/uploads/2021/06/5_HijasDeAlgo-1024x684.jpeg 1024w, https://estiu.es/wp-content/uploads/2021/06/5_HijasDeAlgo-300x200.jpeg 300w, https://estiu.es/wp-content/uploads/2021/06/5_HijasDeAlgo-768x513.jpeg 768w, https://estiu.es/wp-content/uploads/2021/06/5_HijasDeAlgo.jpeg 1200w" sizes="auto, (max-width: 1024px) 100vw, 1024px" /></figure>



<p>—</p>



<p>Fotos del proyecto: Vicente Lara</p>
