{"id":454,"date":"2021-07-30T12:57:00","date_gmt":"2021-07-30T10:57:00","guid":{"rendered":"https:\/\/estiu.es\/?post_type=proyecto&#038;p=454"},"modified":"2025-01-23T13:03:18","modified_gmt":"2025-01-23T12:03:18","slug":"recati","status":"publish","type":"proyecto","link":"https:\/\/estiu.es\/ca\/proyecto\/recati\/","title":{"rendered":"Recat\u00ed"},"content":{"rendered":"\n<p>Seguimos con nuestra costumbre de darle la bienvenida al verano con una publicaci\u00f3n. Este a\u00f1o con un proyecto, realizado en colaboraci\u00f3n con Flat Magazine, que reivindica el verano de proximidad, las digestiones de dos horas, el ladrillo caravista y los conserjes, que cuidaban del front\u00f3n \u2014y otras zonas comunes\u2014 para que los morreos entre adolescentes fueran tan largos como aquellos veraneos de tres meses.<\/p>\n\n\n\n<p>Un verano que cabe en una hoja formato A2, plegada, con fotograf\u00edas de Clara Bayo, y textos de Clara S\u00e1ez y Lidia Caro.<\/p>\n\n\n\n<p>\u00abHacia 1950, la incipiente, pero imparable, industria tur\u00edstica iniciaba su despegue en Espa\u00f1a con todos los ingredientes a punto: un sol de justicia, los precios baratos, la irrupci\u00f3n del autom\u00f3vil y una red de carreteras reci\u00e9n creada que conectaba, m\u00e1s o menos, el litoral mediterr\u00e1neo con el ancho mundo. En esa d\u00e9cada, los cuatro kil\u00f3metros de fina arena de la playa del Recat\u00ed, en la pedan\u00eda valenciana de El Perellonet, y sus pescadores habituales de tellinas y llobarros, ve\u00edan llegar a los primeros veraneantes &#8220;forasteros&#8221;\u00bb. (Fragmento del texto de Clara S\u00e1ez).<\/p>\n\n\n\n<figure class=\"wp-block-image size-large\"><img loading=\"lazy\" decoding=\"async\" width=\"1024\" height=\"683\" src=\"https:\/\/estiu.es\/wp-content\/uploads\/2025\/01\/1_Recati-1024x683.jpeg\" alt=\"\" class=\"wp-image-456\" srcset=\"https:\/\/estiu.es\/wp-content\/uploads\/2025\/01\/1_Recati-1024x683.jpeg 1024w, https:\/\/estiu.es\/wp-content\/uploads\/2025\/01\/1_Recati-300x200.jpeg 300w, https:\/\/estiu.es\/wp-content\/uploads\/2025\/01\/1_Recati-768x512.jpeg 768w, https:\/\/estiu.es\/wp-content\/uploads\/2025\/01\/1_Recati-1536x1025.jpeg 1536w, https:\/\/estiu.es\/wp-content\/uploads\/2025\/01\/1_Recati.jpeg 1920w\" sizes=\"auto, (max-width: 1024px) 100vw, 1024px\" \/><\/figure>\n\n\n\n<figure class=\"wp-block-image size-large\"><img loading=\"lazy\" decoding=\"async\" width=\"1024\" height=\"683\" src=\"https:\/\/estiu.es\/wp-content\/uploads\/2025\/01\/7_Recati-1024x683.jpeg\" alt=\"\" class=\"wp-image-457\" srcset=\"https:\/\/estiu.es\/wp-content\/uploads\/2025\/01\/7_Recati-1024x683.jpeg 1024w, https:\/\/estiu.es\/wp-content\/uploads\/2025\/01\/7_Recati-300x200.jpeg 300w, https:\/\/estiu.es\/wp-content\/uploads\/2025\/01\/7_Recati-768x512.jpeg 768w, https:\/\/estiu.es\/wp-content\/uploads\/2025\/01\/7_Recati-1536x1025.jpeg 1536w, https:\/\/estiu.es\/wp-content\/uploads\/2025\/01\/7_Recati.jpeg 1920w\" sizes=\"auto, (max-width: 1024px) 100vw, 1024px\" \/><\/figure>\n\n\n\n<figure class=\"wp-block-image size-large\"><img loading=\"lazy\" decoding=\"async\" width=\"1024\" height=\"684\" src=\"https:\/\/estiu.es\/wp-content\/uploads\/2025\/01\/4_Recati-1024x684.jpeg\" alt=\"\" class=\"wp-image-458\" srcset=\"https:\/\/estiu.es\/wp-content\/uploads\/2025\/01\/4_Recati-1024x684.jpeg 1024w, https:\/\/estiu.es\/wp-content\/uploads\/2025\/01\/4_Recati-300x200.jpeg 300w, https:\/\/estiu.es\/wp-content\/uploads\/2025\/01\/4_Recati-768x513.jpeg 768w, https:\/\/estiu.es\/wp-content\/uploads\/2025\/01\/4_Recati-1536x1025.jpeg 1536w, https:\/\/estiu.es\/wp-content\/uploads\/2025\/01\/4_Recati.jpeg 1919w\" sizes=\"auto, (max-width: 1024px) 100vw, 1024px\" \/><\/figure>\n\n\n\n<figure class=\"wp-block-image size-large\"><img loading=\"lazy\" decoding=\"async\" width=\"1024\" height=\"684\" src=\"https:\/\/estiu.es\/wp-content\/uploads\/2025\/01\/5_Recati-1024x684.jpeg\" alt=\"\" class=\"wp-image-459\" srcset=\"https:\/\/estiu.es\/wp-content\/uploads\/2025\/01\/5_Recati-1024x684.jpeg 1024w, https:\/\/estiu.es\/wp-content\/uploads\/2025\/01\/5_Recati-300x200.jpeg 300w, https:\/\/estiu.es\/wp-content\/uploads\/2025\/01\/5_Recati-768x513.jpeg 768w, https:\/\/estiu.es\/wp-content\/uploads\/2025\/01\/5_Recati-1536x1025.jpeg 1536w, https:\/\/estiu.es\/wp-content\/uploads\/2025\/01\/5_Recati.jpeg 1919w\" sizes=\"auto, (max-width: 1024px) 100vw, 1024px\" \/><\/figure>\n\n\n\n<figure class=\"wp-block-image size-large\"><img loading=\"lazy\" decoding=\"async\" width=\"1024\" height=\"684\" src=\"https:\/\/estiu.es\/wp-content\/uploads\/2025\/01\/6_Recati-1024x684.jpeg\" alt=\"\" class=\"wp-image-460\" srcset=\"https:\/\/estiu.es\/wp-content\/uploads\/2025\/01\/6_Recati-1024x684.jpeg 1024w, https:\/\/estiu.es\/wp-content\/uploads\/2025\/01\/6_Recati-300x200.jpeg 300w, https:\/\/estiu.es\/wp-content\/uploads\/2025\/01\/6_Recati-768x513.jpeg 768w, https:\/\/estiu.es\/wp-content\/uploads\/2025\/01\/6_Recati-1536x1025.jpeg 1536w, https:\/\/estiu.es\/wp-content\/uploads\/2025\/01\/6_Recati.jpeg 1919w\" sizes=\"auto, (max-width: 1024px) 100vw, 1024px\" \/><\/figure>\n\n\n\n<div class=\"wp-block-columns is-layout-flex wp-container-core-columns-is-layout-9d6595d7 wp-block-columns-is-layout-flex\">\n<div class=\"wp-block-column is-layout-flow wp-block-column-is-layout-flow\">\n<figure class=\"wp-block-image size-large\"><img loading=\"lazy\" decoding=\"async\" width=\"684\" height=\"1024\" src=\"https:\/\/estiu.es\/wp-content\/uploads\/2025\/01\/8_Recati-684x1024.jpeg\" alt=\"\" class=\"wp-image-462\" srcset=\"https:\/\/estiu.es\/wp-content\/uploads\/2025\/01\/8_Recati-684x1024.jpeg 684w, https:\/\/estiu.es\/wp-content\/uploads\/2025\/01\/8_Recati-200x300.jpeg 200w, https:\/\/estiu.es\/wp-content\/uploads\/2025\/01\/8_Recati-768x1151.jpeg 768w, https:\/\/estiu.es\/wp-content\/uploads\/2025\/01\/8_Recati-1025x1536.jpeg 1025w, https:\/\/estiu.es\/wp-content\/uploads\/2025\/01\/8_Recati.jpeg 1281w\" sizes=\"auto, (max-width: 684px) 100vw, 684px\" \/><\/figure>\n<\/div>\n\n\n\n<div class=\"wp-block-column is-layout-flow wp-block-column-is-layout-flow\">\n<figure class=\"wp-block-image size-large\"><img loading=\"lazy\" decoding=\"async\" width=\"684\" height=\"1024\" src=\"https:\/\/estiu.es\/wp-content\/uploads\/2025\/01\/9_Recati-684x1024.jpeg\" alt=\"\" class=\"wp-image-463\" srcset=\"https:\/\/estiu.es\/wp-content\/uploads\/2025\/01\/9_Recati-684x1024.jpeg 684w, https:\/\/estiu.es\/wp-content\/uploads\/2025\/01\/9_Recati-200x300.jpeg 200w, https:\/\/estiu.es\/wp-content\/uploads\/2025\/01\/9_Recati-768x1151.jpeg 768w, https:\/\/estiu.es\/wp-content\/uploads\/2025\/01\/9_Recati-1025x1536.jpeg 1025w, https:\/\/estiu.es\/wp-content\/uploads\/2025\/01\/9_Recati.jpeg 1281w\" sizes=\"auto, (max-width: 684px) 100vw, 684px\" \/><\/figure>\n<\/div>\n<\/div>\n\n\n\n<figure class=\"wp-block-image size-large\"><img loading=\"lazy\" decoding=\"async\" width=\"1024\" height=\"683\" src=\"https:\/\/estiu.es\/wp-content\/uploads\/2025\/01\/3_Recati-1024x683.jpeg\" alt=\"\" class=\"wp-image-461\" srcset=\"https:\/\/estiu.es\/wp-content\/uploads\/2025\/01\/3_Recati-1024x683.jpeg 1024w, https:\/\/estiu.es\/wp-content\/uploads\/2025\/01\/3_Recati-300x200.jpeg 300w, https:\/\/estiu.es\/wp-content\/uploads\/2025\/01\/3_Recati-768x512.jpeg 768w, https:\/\/estiu.es\/wp-content\/uploads\/2025\/01\/3_Recati-1536x1025.jpeg 1536w, https:\/\/estiu.es\/wp-content\/uploads\/2025\/01\/3_Recati.jpeg 1920w\" sizes=\"auto, (max-width: 1024px) 100vw, 1024px\" \/><\/figure>\n\n\n\n<p>\u2014<\/p>\n\n\n\n<p>Fotos del proyecto: Vicente Lara<\/p>\n\n\n\n<p>Textos: Clara S\u00e1ez (Flat magazine) y Lidia Caro Fotograf\u00edas: Clara Bayo<br>Edici\u00f3n: Diego Obiol \u2014 Festiu<br>Dise\u00f1o: Clara Bayo y Diego Obiol \u2014 Estiu<br>Impresi\u00f3n: Impresum<br>ISBN:\u00a0978-84-09-32119-3.<\/p>\n\n\n\n<p><br>Cabecera basada en el r\u00f3tulo original del desaparecido Hotel Recat\u00ed.<br>Tirada:\u00a0200 ejemplares.\u00a0<br>Precio:\u00a06\u20ac\u00a0<br>Disponible en <a href=\"https:\/\/festiu.es\/\">festiu.es<\/a><br><\/p>\n","protected":false},"featured_media":455,"template":"","meta":{"_acf_changed":false,"_coblocks_attr":"","_coblocks_dimensions":"","_coblocks_responsive_height":"","_coblocks_accordion_ie_support":""},"categoria-de-proyecto":[7],"class_list":["post-454","proyecto","type-proyecto","status-publish","has-post-thumbnail","hentry","categoria-de-proyecto-autoedicion"],"acf":[],"_links":{"self":[{"href":"https:\/\/estiu.es\/ca\/wp-json\/wp\/v2\/proyecto\/454","targetHints":{"allow":["GET"]}}],"collection":[{"href":"https:\/\/estiu.es\/ca\/wp-json\/wp\/v2\/proyecto"}],"about":[{"href":"https:\/\/estiu.es\/ca\/wp-json\/wp\/v2\/types\/proyecto"}],"wp:featuredmedia":[{"embeddable":true,"href":"https:\/\/estiu.es\/ca\/wp-json\/wp\/v2\/media\/455"}],"wp:attachment":[{"href":"https:\/\/estiu.es\/ca\/wp-json\/wp\/v2\/media?parent=454"}],"wp:term":[{"taxonomy":"categoria-de-proyecto","embeddable":true,"href":"https:\/\/estiu.es\/ca\/wp-json\/wp\/v2\/categoria-de-proyecto?post=454"}],"curies":[{"name":"wp","href":"https:\/\/api.w.org\/{rel}","templated":true}]}}

Recatí

<p>Seguimos con nuestra costumbre de darle la bienvenida al verano con una publicación. Este año con un proyecto, realizado en colaboración con Flat Magazine, que reivindica el verano de proximidad, las digestiones de dos horas, el ladrillo caravista y los conserjes, que cuidaban del frontón —y otras zonas comunes— para que los morreos entre adolescentes fueran tan largos como aquellos veraneos de tres meses.</p>



<p>Un verano que cabe en una hoja formato A2, plegada, con fotografías de Clara Bayo, y textos de Clara Sáez y Lidia Caro.</p>



<p>«Hacia 1950, la incipiente, pero imparable, industria turística iniciaba su despegue en España con todos los ingredientes a punto: un sol de justicia, los precios baratos, la irrupción del automóvil y una red de carreteras recién creada que conectaba, más o menos, el litoral mediterráneo con el ancho mundo. En esa década, los cuatro kilómetros de fina arena de la playa del Recatí, en la pedanía valenciana de El Perellonet, y sus pescadores habituales de tellinas y llobarros, veían llegar a los primeros veraneantes &#8220;forasteros&#8221;». (Fragmento del texto de Clara Sáez).</p>



<figure class="wp-block-image size-large"><img loading="lazy" decoding="async" width="1024" height="683" src="https://estiu.es/wp-content/uploads/2025/01/1_Recati-1024x683.jpeg" alt="" class="wp-image-456" srcset="https://estiu.es/wp-content/uploads/2025/01/1_Recati-1024x683.jpeg 1024w, https://estiu.es/wp-content/uploads/2025/01/1_Recati-300x200.jpeg 300w, https://estiu.es/wp-content/uploads/2025/01/1_Recati-768x512.jpeg 768w, https://estiu.es/wp-content/uploads/2025/01/1_Recati-1536x1025.jpeg 1536w, https://estiu.es/wp-content/uploads/2025/01/1_Recati.jpeg 1920w" sizes="auto, (max-width: 1024px) 100vw, 1024px" /></figure>



<figure class="wp-block-image size-large"><img loading="lazy" decoding="async" width="1024" height="683" src="https://estiu.es/wp-content/uploads/2025/01/7_Recati-1024x683.jpeg" alt="" class="wp-image-457" srcset="https://estiu.es/wp-content/uploads/2025/01/7_Recati-1024x683.jpeg 1024w, https://estiu.es/wp-content/uploads/2025/01/7_Recati-300x200.jpeg 300w, https://estiu.es/wp-content/uploads/2025/01/7_Recati-768x512.jpeg 768w, https://estiu.es/wp-content/uploads/2025/01/7_Recati-1536x1025.jpeg 1536w, https://estiu.es/wp-content/uploads/2025/01/7_Recati.jpeg 1920w" sizes="auto, (max-width: 1024px) 100vw, 1024px" /></figure>



<figure class="wp-block-image size-large"><img loading="lazy" decoding="async" width="1024" height="684" src="https://estiu.es/wp-content/uploads/2025/01/4_Recati-1024x684.jpeg" alt="" class="wp-image-458" srcset="https://estiu.es/wp-content/uploads/2025/01/4_Recati-1024x684.jpeg 1024w, https://estiu.es/wp-content/uploads/2025/01/4_Recati-300x200.jpeg 300w, https://estiu.es/wp-content/uploads/2025/01/4_Recati-768x513.jpeg 768w, https://estiu.es/wp-content/uploads/2025/01/4_Recati-1536x1025.jpeg 1536w, https://estiu.es/wp-content/uploads/2025/01/4_Recati.jpeg 1919w" sizes="auto, (max-width: 1024px) 100vw, 1024px" /></figure>



<figure class="wp-block-image size-large"><img loading="lazy" decoding="async" width="1024" height="684" src="https://estiu.es/wp-content/uploads/2025/01/5_Recati-1024x684.jpeg" alt="" class="wp-image-459" srcset="https://estiu.es/wp-content/uploads/2025/01/5_Recati-1024x684.jpeg 1024w, https://estiu.es/wp-content/uploads/2025/01/5_Recati-300x200.jpeg 300w, https://estiu.es/wp-content/uploads/2025/01/5_Recati-768x513.jpeg 768w, https://estiu.es/wp-content/uploads/2025/01/5_Recati-1536x1025.jpeg 1536w, https://estiu.es/wp-content/uploads/2025/01/5_Recati.jpeg 1919w" sizes="auto, (max-width: 1024px) 100vw, 1024px" /></figure>



<figure class="wp-block-image size-large"><img loading="lazy" decoding="async" width="1024" height="684" src="https://estiu.es/wp-content/uploads/2025/01/6_Recati-1024x684.jpeg" alt="" class="wp-image-460" srcset="https://estiu.es/wp-content/uploads/2025/01/6_Recati-1024x684.jpeg 1024w, https://estiu.es/wp-content/uploads/2025/01/6_Recati-300x200.jpeg 300w, https://estiu.es/wp-content/uploads/2025/01/6_Recati-768x513.jpeg 768w, https://estiu.es/wp-content/uploads/2025/01/6_Recati-1536x1025.jpeg 1536w, https://estiu.es/wp-content/uploads/2025/01/6_Recati.jpeg 1919w" sizes="auto, (max-width: 1024px) 100vw, 1024px" /></figure>



<div class="wp-block-columns is-layout-flex wp-container-core-columns-is-layout-9d6595d7 wp-block-columns-is-layout-flex">
<div class="wp-block-column is-layout-flow wp-block-column-is-layout-flow">
<figure class="wp-block-image size-large"><img loading="lazy" decoding="async" width="684" height="1024" src="https://estiu.es/wp-content/uploads/2025/01/8_Recati-684x1024.jpeg" alt="" class="wp-image-462" srcset="https://estiu.es/wp-content/uploads/2025/01/8_Recati-684x1024.jpeg 684w, https://estiu.es/wp-content/uploads/2025/01/8_Recati-200x300.jpeg 200w, https://estiu.es/wp-content/uploads/2025/01/8_Recati-768x1151.jpeg 768w, https://estiu.es/wp-content/uploads/2025/01/8_Recati-1025x1536.jpeg 1025w, https://estiu.es/wp-content/uploads/2025/01/8_Recati.jpeg 1281w" sizes="auto, (max-width: 684px) 100vw, 684px" /></figure>
</div>



<div class="wp-block-column is-layout-flow wp-block-column-is-layout-flow">
<figure class="wp-block-image size-large"><img loading="lazy" decoding="async" width="684" height="1024" src="https://estiu.es/wp-content/uploads/2025/01/9_Recati-684x1024.jpeg" alt="" class="wp-image-463" srcset="https://estiu.es/wp-content/uploads/2025/01/9_Recati-684x1024.jpeg 684w, https://estiu.es/wp-content/uploads/2025/01/9_Recati-200x300.jpeg 200w, https://estiu.es/wp-content/uploads/2025/01/9_Recati-768x1151.jpeg 768w, https://estiu.es/wp-content/uploads/2025/01/9_Recati-1025x1536.jpeg 1025w, https://estiu.es/wp-content/uploads/2025/01/9_Recati.jpeg 1281w" sizes="auto, (max-width: 684px) 100vw, 684px" /></figure>
</div>
</div>



<figure class="wp-block-image size-large"><img loading="lazy" decoding="async" width="1024" height="683" src="https://estiu.es/wp-content/uploads/2025/01/3_Recati-1024x683.jpeg" alt="" class="wp-image-461" srcset="https://estiu.es/wp-content/uploads/2025/01/3_Recati-1024x683.jpeg 1024w, https://estiu.es/wp-content/uploads/2025/01/3_Recati-300x200.jpeg 300w, https://estiu.es/wp-content/uploads/2025/01/3_Recati-768x512.jpeg 768w, https://estiu.es/wp-content/uploads/2025/01/3_Recati-1536x1025.jpeg 1536w, https://estiu.es/wp-content/uploads/2025/01/3_Recati.jpeg 1920w" sizes="auto, (max-width: 1024px) 100vw, 1024px" /></figure>



<p>—</p>



<p>Fotos del proyecto: Vicente Lara</p>



<p>Textos: Clara Sáez (Flat magazine) y Lidia Caro Fotografías: Clara Bayo<br>Edición: Diego Obiol — Festiu<br>Diseño: Clara Bayo y Diego Obiol — Estiu<br>Impresión: Impresum<br>ISBN: 978-84-09-32119-3.</p>



<p><br>Cabecera basada en el rótulo original del desaparecido Hotel Recatí.<br>Tirada: 200 ejemplares. <br>Precio: 6€ <br>Disponible en <a href="https://festiu.es/">festiu.es</a><br></p>
