{"id":417,"date":"2022-12-04T11:23:00","date_gmt":"2022-12-04T10:23:00","guid":{"rendered":"https:\/\/estiu.es\/?post_type=proyecto&#038;p=417"},"modified":"2025-01-22T11:27:10","modified_gmt":"2025-01-22T10:27:10","slug":"la-gente-no-sabe-el-poder-que-tiene","status":"publish","type":"proyecto","link":"https:\/\/estiu.es\/ca\/proyecto\/la-gente-no-sabe-el-poder-que-tiene\/","title":{"rendered":"La gente no sabe el poder que tiene"},"content":{"rendered":"\n<p>Dise\u00f1o y maquetaci\u00f3n de La gente no sabe de su poder. Una monograf\u00eda\u00a0del cr\u00edtico Aar\u00f3n Rodr\u00edguez Serrano editada por Mostra de Val\u00e8ncia &#8211; Cinema del Mediterrani \u2014en colaboraci\u00f3n con el Institut Valenci\u00e0 de Cultura\u2014 sobre el cineasta marsell\u00e9s Robert Gu\u00e9diguian, este a\u00f1o premio honor\u00edfico Palmera d&#8217;Or del festival.\u00a0<\/p>\n\n\n\n<p>Impreso por La Imprenta CG.<\/p>\n\n\n\n<figure class=\"wp-block-image size-large\"><img loading=\"lazy\" decoding=\"async\" width=\"1024\" height=\"683\" src=\"https:\/\/estiu.es\/wp-content\/uploads\/2025\/01\/2_LaGenteNoSabeElPoderQueTiene-1024x683.jpeg\" alt=\"\" class=\"wp-image-419\" srcset=\"https:\/\/estiu.es\/wp-content\/uploads\/2025\/01\/2_LaGenteNoSabeElPoderQueTiene-1024x683.jpeg 1024w, https:\/\/estiu.es\/wp-content\/uploads\/2025\/01\/2_LaGenteNoSabeElPoderQueTiene-300x200.jpeg 300w, https:\/\/estiu.es\/wp-content\/uploads\/2025\/01\/2_LaGenteNoSabeElPoderQueTiene-768x512.jpeg 768w, https:\/\/estiu.es\/wp-content\/uploads\/2025\/01\/2_LaGenteNoSabeElPoderQueTiene-1536x1025.jpeg 1536w, https:\/\/estiu.es\/wp-content\/uploads\/2025\/01\/2_LaGenteNoSabeElPoderQueTiene.jpeg 1920w\" sizes=\"auto, (max-width: 1024px) 100vw, 1024px\" \/><\/figure>\n\n\n\n<figure class=\"wp-block-image size-large\"><img loading=\"lazy\" decoding=\"async\" width=\"1024\" height=\"683\" src=\"https:\/\/estiu.es\/wp-content\/uploads\/2025\/01\/4_LaGenteNoSabeElPoderQueTiene-1024x683.jpeg\" alt=\"\" class=\"wp-image-420\" srcset=\"https:\/\/estiu.es\/wp-content\/uploads\/2025\/01\/4_LaGenteNoSabeElPoderQueTiene-1024x683.jpeg 1024w, https:\/\/estiu.es\/wp-content\/uploads\/2025\/01\/4_LaGenteNoSabeElPoderQueTiene-300x200.jpeg 300w, https:\/\/estiu.es\/wp-content\/uploads\/2025\/01\/4_LaGenteNoSabeElPoderQueTiene-768x512.jpeg 768w, https:\/\/estiu.es\/wp-content\/uploads\/2025\/01\/4_LaGenteNoSabeElPoderQueTiene-1536x1025.jpeg 1536w, https:\/\/estiu.es\/wp-content\/uploads\/2025\/01\/4_LaGenteNoSabeElPoderQueTiene.jpeg 1920w\" sizes=\"auto, (max-width: 1024px) 100vw, 1024px\" \/><\/figure>\n\n\n\n<figure class=\"wp-block-image size-large\"><img loading=\"lazy\" decoding=\"async\" width=\"1024\" height=\"683\" src=\"https:\/\/estiu.es\/wp-content\/uploads\/2025\/01\/9_LaGenteNoSabeElPoderQueTiene-1024x683.jpeg\" alt=\"\" class=\"wp-image-422\" srcset=\"https:\/\/estiu.es\/wp-content\/uploads\/2025\/01\/9_LaGenteNoSabeElPoderQueTiene-1024x683.jpeg 1024w, https:\/\/estiu.es\/wp-content\/uploads\/2025\/01\/9_LaGenteNoSabeElPoderQueTiene-300x200.jpeg 300w, https:\/\/estiu.es\/wp-content\/uploads\/2025\/01\/9_LaGenteNoSabeElPoderQueTiene-768x512.jpeg 768w, https:\/\/estiu.es\/wp-content\/uploads\/2025\/01\/9_LaGenteNoSabeElPoderQueTiene-1536x1025.jpeg 1536w, https:\/\/estiu.es\/wp-content\/uploads\/2025\/01\/9_LaGenteNoSabeElPoderQueTiene.jpeg 1920w\" sizes=\"auto, (max-width: 1024px) 100vw, 1024px\" \/><\/figure>\n\n\n\n<figure class=\"wp-block-image size-large\"><img loading=\"lazy\" decoding=\"async\" width=\"1024\" height=\"683\" src=\"https:\/\/estiu.es\/wp-content\/uploads\/2025\/01\/5_LaGenteNoSabeElPoderQueTiene-1024x683.jpeg\" alt=\"\" class=\"wp-image-421\" srcset=\"https:\/\/estiu.es\/wp-content\/uploads\/2025\/01\/5_LaGenteNoSabeElPoderQueTiene-1024x683.jpeg 1024w, https:\/\/estiu.es\/wp-content\/uploads\/2025\/01\/5_LaGenteNoSabeElPoderQueTiene-300x200.jpeg 300w, https:\/\/estiu.es\/wp-content\/uploads\/2025\/01\/5_LaGenteNoSabeElPoderQueTiene-768x512.jpeg 768w, https:\/\/estiu.es\/wp-content\/uploads\/2025\/01\/5_LaGenteNoSabeElPoderQueTiene-1536x1025.jpeg 1536w, https:\/\/estiu.es\/wp-content\/uploads\/2025\/01\/5_LaGenteNoSabeElPoderQueTiene.jpeg 1920w\" sizes=\"auto, (max-width: 1024px) 100vw, 1024px\" \/><\/figure>\n\n\n\n<figure class=\"wp-block-image size-large\"><img loading=\"lazy\" decoding=\"async\" width=\"1024\" height=\"683\" src=\"https:\/\/estiu.es\/wp-content\/uploads\/2025\/01\/8_LaGenteNoSabeElPoderQueTiene-1024x683.jpeg\" alt=\"\" class=\"wp-image-423\" srcset=\"https:\/\/estiu.es\/wp-content\/uploads\/2025\/01\/8_LaGenteNoSabeElPoderQueTiene-1024x683.jpeg 1024w, https:\/\/estiu.es\/wp-content\/uploads\/2025\/01\/8_LaGenteNoSabeElPoderQueTiene-300x200.jpeg 300w, https:\/\/estiu.es\/wp-content\/uploads\/2025\/01\/8_LaGenteNoSabeElPoderQueTiene-768x512.jpeg 768w, https:\/\/estiu.es\/wp-content\/uploads\/2025\/01\/8_LaGenteNoSabeElPoderQueTiene-1536x1025.jpeg 1536w, https:\/\/estiu.es\/wp-content\/uploads\/2025\/01\/8_LaGenteNoSabeElPoderQueTiene.jpeg 1920w\" sizes=\"auto, (max-width: 1024px) 100vw, 1024px\" \/><\/figure>\n\n\n\n<figure class=\"wp-block-image size-large\"><img loading=\"lazy\" decoding=\"async\" width=\"1024\" height=\"683\" src=\"https:\/\/estiu.es\/wp-content\/uploads\/2025\/01\/10_LaGenteNoSabeElPoderQueTiene-1024x683.jpeg\" alt=\"\" class=\"wp-image-424\" srcset=\"https:\/\/estiu.es\/wp-content\/uploads\/2025\/01\/10_LaGenteNoSabeElPoderQueTiene-1024x683.jpeg 1024w, https:\/\/estiu.es\/wp-content\/uploads\/2025\/01\/10_LaGenteNoSabeElPoderQueTiene-300x200.jpeg 300w, https:\/\/estiu.es\/wp-content\/uploads\/2025\/01\/10_LaGenteNoSabeElPoderQueTiene-768x512.jpeg 768w, https:\/\/estiu.es\/wp-content\/uploads\/2025\/01\/10_LaGenteNoSabeElPoderQueTiene-1536x1025.jpeg 1536w, https:\/\/estiu.es\/wp-content\/uploads\/2025\/01\/10_LaGenteNoSabeElPoderQueTiene.jpeg 1920w\" sizes=\"auto, (max-width: 1024px) 100vw, 1024px\" \/><\/figure>\n\n\n\n<p>\u2014<\/p>\n\n\n\n<p>Fotos del proyecto:\u00a0Vicente Lara<\/p>\n","protected":false},"featured_media":418,"template":"","meta":{"_acf_changed":false,"_coblocks_attr":"","_coblocks_dimensions":"","_coblocks_responsive_height":"","_coblocks_accordion_ie_support":""},"categoria-de-proyecto":[3],"class_list":["post-417","proyecto","type-proyecto","status-publish","has-post-thumbnail","hentry","categoria-de-proyecto-editorial"],"acf":[],"_links":{"self":[{"href":"https:\/\/estiu.es\/ca\/wp-json\/wp\/v2\/proyecto\/417","targetHints":{"allow":["GET"]}}],"collection":[{"href":"https:\/\/estiu.es\/ca\/wp-json\/wp\/v2\/proyecto"}],"about":[{"href":"https:\/\/estiu.es\/ca\/wp-json\/wp\/v2\/types\/proyecto"}],"wp:featuredmedia":[{"embeddable":true,"href":"https:\/\/estiu.es\/ca\/wp-json\/wp\/v2\/media\/418"}],"wp:attachment":[{"href":"https:\/\/estiu.es\/ca\/wp-json\/wp\/v2\/media?parent=417"}],"wp:term":[{"taxonomy":"categoria-de-proyecto","embeddable":true,"href":"https:\/\/estiu.es\/ca\/wp-json\/wp\/v2\/categoria-de-proyecto?post=417"}],"curies":[{"name":"wp","href":"https:\/\/api.w.org\/{rel}","templated":true}]}}

<p>Diseño y maquetación de La gente no sabe de su poder. Una monografía del crítico Aarón Rodríguez Serrano editada por Mostra de València &#8211; Cinema del Mediterrani —en colaboración con el Institut Valencià de Cultura— sobre el cineasta marsellés Robert Guédiguian, este año premio honorífico Palmera d&#8217;Or del festival. </p>



<p>Impreso por La Imprenta CG.</p>



<figure class="wp-block-image size-large"><img loading="lazy" decoding="async" width="1024" height="683" src="https://estiu.es/wp-content/uploads/2025/01/2_LaGenteNoSabeElPoderQueTiene-1024x683.jpeg" alt="" class="wp-image-419" srcset="https://estiu.es/wp-content/uploads/2025/01/2_LaGenteNoSabeElPoderQueTiene-1024x683.jpeg 1024w, https://estiu.es/wp-content/uploads/2025/01/2_LaGenteNoSabeElPoderQueTiene-300x200.jpeg 300w, https://estiu.es/wp-content/uploads/2025/01/2_LaGenteNoSabeElPoderQueTiene-768x512.jpeg 768w, https://estiu.es/wp-content/uploads/2025/01/2_LaGenteNoSabeElPoderQueTiene-1536x1025.jpeg 1536w, https://estiu.es/wp-content/uploads/2025/01/2_LaGenteNoSabeElPoderQueTiene.jpeg 1920w" sizes="auto, (max-width: 1024px) 100vw, 1024px" /></figure>



<figure class="wp-block-image size-large"><img loading="lazy" decoding="async" width="1024" height="683" src="https://estiu.es/wp-content/uploads/2025/01/4_LaGenteNoSabeElPoderQueTiene-1024x683.jpeg" alt="" class="wp-image-420" srcset="https://estiu.es/wp-content/uploads/2025/01/4_LaGenteNoSabeElPoderQueTiene-1024x683.jpeg 1024w, https://estiu.es/wp-content/uploads/2025/01/4_LaGenteNoSabeElPoderQueTiene-300x200.jpeg 300w, https://estiu.es/wp-content/uploads/2025/01/4_LaGenteNoSabeElPoderQueTiene-768x512.jpeg 768w, https://estiu.es/wp-content/uploads/2025/01/4_LaGenteNoSabeElPoderQueTiene-1536x1025.jpeg 1536w, https://estiu.es/wp-content/uploads/2025/01/4_LaGenteNoSabeElPoderQueTiene.jpeg 1920w" sizes="auto, (max-width: 1024px) 100vw, 1024px" /></figure>



<figure class="wp-block-image size-large"><img loading="lazy" decoding="async" width="1024" height="683" src="https://estiu.es/wp-content/uploads/2025/01/9_LaGenteNoSabeElPoderQueTiene-1024x683.jpeg" alt="" class="wp-image-422" srcset="https://estiu.es/wp-content/uploads/2025/01/9_LaGenteNoSabeElPoderQueTiene-1024x683.jpeg 1024w, https://estiu.es/wp-content/uploads/2025/01/9_LaGenteNoSabeElPoderQueTiene-300x200.jpeg 300w, https://estiu.es/wp-content/uploads/2025/01/9_LaGenteNoSabeElPoderQueTiene-768x512.jpeg 768w, https://estiu.es/wp-content/uploads/2025/01/9_LaGenteNoSabeElPoderQueTiene-1536x1025.jpeg 1536w, https://estiu.es/wp-content/uploads/2025/01/9_LaGenteNoSabeElPoderQueTiene.jpeg 1920w" sizes="auto, (max-width: 1024px) 100vw, 1024px" /></figure>



<figure class="wp-block-image size-large"><img loading="lazy" decoding="async" width="1024" height="683" src="https://estiu.es/wp-content/uploads/2025/01/5_LaGenteNoSabeElPoderQueTiene-1024x683.jpeg" alt="" class="wp-image-421" srcset="https://estiu.es/wp-content/uploads/2025/01/5_LaGenteNoSabeElPoderQueTiene-1024x683.jpeg 1024w, https://estiu.es/wp-content/uploads/2025/01/5_LaGenteNoSabeElPoderQueTiene-300x200.jpeg 300w, https://estiu.es/wp-content/uploads/2025/01/5_LaGenteNoSabeElPoderQueTiene-768x512.jpeg 768w, https://estiu.es/wp-content/uploads/2025/01/5_LaGenteNoSabeElPoderQueTiene-1536x1025.jpeg 1536w, https://estiu.es/wp-content/uploads/2025/01/5_LaGenteNoSabeElPoderQueTiene.jpeg 1920w" sizes="auto, (max-width: 1024px) 100vw, 1024px" /></figure>



<figure class="wp-block-image size-large"><img loading="lazy" decoding="async" width="1024" height="683" src="https://estiu.es/wp-content/uploads/2025/01/8_LaGenteNoSabeElPoderQueTiene-1024x683.jpeg" alt="" class="wp-image-423" srcset="https://estiu.es/wp-content/uploads/2025/01/8_LaGenteNoSabeElPoderQueTiene-1024x683.jpeg 1024w, https://estiu.es/wp-content/uploads/2025/01/8_LaGenteNoSabeElPoderQueTiene-300x200.jpeg 300w, https://estiu.es/wp-content/uploads/2025/01/8_LaGenteNoSabeElPoderQueTiene-768x512.jpeg 768w, https://estiu.es/wp-content/uploads/2025/01/8_LaGenteNoSabeElPoderQueTiene-1536x1025.jpeg 1536w, https://estiu.es/wp-content/uploads/2025/01/8_LaGenteNoSabeElPoderQueTiene.jpeg 1920w" sizes="auto, (max-width: 1024px) 100vw, 1024px" /></figure>



<figure class="wp-block-image size-large"><img loading="lazy" decoding="async" width="1024" height="683" src="https://estiu.es/wp-content/uploads/2025/01/10_LaGenteNoSabeElPoderQueTiene-1024x683.jpeg" alt="" class="wp-image-424" srcset="https://estiu.es/wp-content/uploads/2025/01/10_LaGenteNoSabeElPoderQueTiene-1024x683.jpeg 1024w, https://estiu.es/wp-content/uploads/2025/01/10_LaGenteNoSabeElPoderQueTiene-300x200.jpeg 300w, https://estiu.es/wp-content/uploads/2025/01/10_LaGenteNoSabeElPoderQueTiene-768x512.jpeg 768w, https://estiu.es/wp-content/uploads/2025/01/10_LaGenteNoSabeElPoderQueTiene-1536x1025.jpeg 1536w, https://estiu.es/wp-content/uploads/2025/01/10_LaGenteNoSabeElPoderQueTiene.jpeg 1920w" sizes="auto, (max-width: 1024px) 100vw, 1024px" /></figure>



<p>—</p>



<p>Fotos del proyecto: Vicente Lara</p>
