{"id":395,"date":"2023-01-10T11:10:00","date_gmt":"2023-01-10T10:10:00","guid":{"rendered":"https:\/\/estiu.es\/?post_type=proyecto&#038;p=395"},"modified":"2025-01-22T11:15:48","modified_gmt":"2025-01-22T10:15:48","slug":"paterna-la-memoria-del-horror","status":"publish","type":"proyecto","link":"https:\/\/estiu.es\/ca\/proyecto\/paterna-la-memoria-del-horror\/","title":{"rendered":"Paterna, la memoria del horror"},"content":{"rendered":"\n<p>Dise\u00f1o y maquetaci\u00f3n de Paterna, la memoria del horror. La fotoperiodista Eva M\u00e1\u00f1ez recopila los testimonios de aquellas personas cuyos familiares fueron v\u00edctimas del franquismo. En Paterna, el r\u00e9gimen asesin\u00f3 2.238 opositores al franquismo, muchos de los cuales fueron enterrados en fosas del cementerio de la localidad.\u00a0<\/p>\n\n\n\n<figure class=\"wp-block-image size-large\"><img loading=\"lazy\" decoding=\"async\" width=\"1024\" height=\"683\" src=\"https:\/\/estiu.es\/wp-content\/uploads\/2025\/01\/16_PaternaLaMemoriaDelHorror-1024x683.jpeg\" alt=\"\" class=\"wp-image-396\" srcset=\"https:\/\/estiu.es\/wp-content\/uploads\/2025\/01\/16_PaternaLaMemoriaDelHorror-1024x683.jpeg 1024w, https:\/\/estiu.es\/wp-content\/uploads\/2025\/01\/16_PaternaLaMemoriaDelHorror-300x200.jpeg 300w, https:\/\/estiu.es\/wp-content\/uploads\/2025\/01\/16_PaternaLaMemoriaDelHorror-768x512.jpeg 768w, https:\/\/estiu.es\/wp-content\/uploads\/2025\/01\/16_PaternaLaMemoriaDelHorror-1536x1025.jpeg 1536w, https:\/\/estiu.es\/wp-content\/uploads\/2025\/01\/16_PaternaLaMemoriaDelHorror.jpeg 1920w\" sizes=\"auto, (max-width: 1024px) 100vw, 1024px\" \/><\/figure>\n\n\n\n<figure class=\"wp-block-image size-large\"><img loading=\"lazy\" decoding=\"async\" width=\"1024\" height=\"683\" src=\"https:\/\/estiu.es\/wp-content\/uploads\/2025\/01\/8_PaternaLaMemoriaDelHorror-1024x683.jpeg\" alt=\"\" class=\"wp-image-398\" srcset=\"https:\/\/estiu.es\/wp-content\/uploads\/2025\/01\/8_PaternaLaMemoriaDelHorror-1024x683.jpeg 1024w, https:\/\/estiu.es\/wp-content\/uploads\/2025\/01\/8_PaternaLaMemoriaDelHorror-300x200.jpeg 300w, https:\/\/estiu.es\/wp-content\/uploads\/2025\/01\/8_PaternaLaMemoriaDelHorror-768x512.jpeg 768w, https:\/\/estiu.es\/wp-content\/uploads\/2025\/01\/8_PaternaLaMemoriaDelHorror-1536x1025.jpeg 1536w, https:\/\/estiu.es\/wp-content\/uploads\/2025\/01\/8_PaternaLaMemoriaDelHorror.jpeg 1920w\" sizes=\"auto, (max-width: 1024px) 100vw, 1024px\" \/><\/figure>\n\n\n\n<figure class=\"wp-block-image size-large\"><img loading=\"lazy\" decoding=\"async\" width=\"1024\" height=\"683\" src=\"https:\/\/estiu.es\/wp-content\/uploads\/2025\/01\/1_PaternaLaMemoriaDelHorror-1024x683.jpeg\" alt=\"\" class=\"wp-image-399\" srcset=\"https:\/\/estiu.es\/wp-content\/uploads\/2025\/01\/1_PaternaLaMemoriaDelHorror-1024x683.jpeg 1024w, https:\/\/estiu.es\/wp-content\/uploads\/2025\/01\/1_PaternaLaMemoriaDelHorror-300x200.jpeg 300w, https:\/\/estiu.es\/wp-content\/uploads\/2025\/01\/1_PaternaLaMemoriaDelHorror-768x512.jpeg 768w, https:\/\/estiu.es\/wp-content\/uploads\/2025\/01\/1_PaternaLaMemoriaDelHorror-1536x1025.jpeg 1536w, https:\/\/estiu.es\/wp-content\/uploads\/2025\/01\/1_PaternaLaMemoriaDelHorror.jpeg 1920w\" sizes=\"auto, (max-width: 1024px) 100vw, 1024px\" \/><\/figure>\n\n\n\n<figure class=\"wp-block-image size-large\"><img loading=\"lazy\" decoding=\"async\" width=\"1024\" height=\"683\" src=\"https:\/\/estiu.es\/wp-content\/uploads\/2025\/01\/6_PaternaLaMemoriaDelHorror-1024x683.jpeg\" alt=\"\" class=\"wp-image-400\" srcset=\"https:\/\/estiu.es\/wp-content\/uploads\/2025\/01\/6_PaternaLaMemoriaDelHorror-1024x683.jpeg 1024w, https:\/\/estiu.es\/wp-content\/uploads\/2025\/01\/6_PaternaLaMemoriaDelHorror-300x200.jpeg 300w, https:\/\/estiu.es\/wp-content\/uploads\/2025\/01\/6_PaternaLaMemoriaDelHorror-768x512.jpeg 768w, https:\/\/estiu.es\/wp-content\/uploads\/2025\/01\/6_PaternaLaMemoriaDelHorror-1536x1025.jpeg 1536w, https:\/\/estiu.es\/wp-content\/uploads\/2025\/01\/6_PaternaLaMemoriaDelHorror.jpeg 1920w\" sizes=\"auto, (max-width: 1024px) 100vw, 1024px\" \/><\/figure>\n\n\n\n<figure class=\"wp-block-image size-large\"><img loading=\"lazy\" decoding=\"async\" width=\"1024\" height=\"683\" src=\"https:\/\/estiu.es\/wp-content\/uploads\/2025\/01\/11_PaternaLaMemoriaDelHorror-1024x683.jpeg\" alt=\"\" class=\"wp-image-401\" srcset=\"https:\/\/estiu.es\/wp-content\/uploads\/2025\/01\/11_PaternaLaMemoriaDelHorror-1024x683.jpeg 1024w, https:\/\/estiu.es\/wp-content\/uploads\/2025\/01\/11_PaternaLaMemoriaDelHorror-300x200.jpeg 300w, https:\/\/estiu.es\/wp-content\/uploads\/2025\/01\/11_PaternaLaMemoriaDelHorror-768x512.jpeg 768w, https:\/\/estiu.es\/wp-content\/uploads\/2025\/01\/11_PaternaLaMemoriaDelHorror-1536x1025.jpeg 1536w, https:\/\/estiu.es\/wp-content\/uploads\/2025\/01\/11_PaternaLaMemoriaDelHorror.jpeg 1920w\" sizes=\"auto, (max-width: 1024px) 100vw, 1024px\" \/><\/figure>\n\n\n\n<figure class=\"wp-block-image size-large\"><img loading=\"lazy\" decoding=\"async\" width=\"1024\" height=\"683\" src=\"https:\/\/estiu.es\/wp-content\/uploads\/2025\/01\/2_PaternaLaMemoriaDelHorror-1024x683.jpeg\" alt=\"\" class=\"wp-image-402\" srcset=\"https:\/\/estiu.es\/wp-content\/uploads\/2025\/01\/2_PaternaLaMemoriaDelHorror-1024x683.jpeg 1024w, https:\/\/estiu.es\/wp-content\/uploads\/2025\/01\/2_PaternaLaMemoriaDelHorror-300x200.jpeg 300w, https:\/\/estiu.es\/wp-content\/uploads\/2025\/01\/2_PaternaLaMemoriaDelHorror-768x512.jpeg 768w, https:\/\/estiu.es\/wp-content\/uploads\/2025\/01\/2_PaternaLaMemoriaDelHorror-1536x1025.jpeg 1536w, https:\/\/estiu.es\/wp-content\/uploads\/2025\/01\/2_PaternaLaMemoriaDelHorror.jpeg 1920w\" sizes=\"auto, (max-width: 1024px) 100vw, 1024px\" \/><\/figure>\n\n\n\n<figure class=\"wp-block-image size-large\"><img loading=\"lazy\" decoding=\"async\" width=\"1024\" height=\"683\" src=\"https:\/\/estiu.es\/wp-content\/uploads\/2025\/01\/4_PaternaLaMemoriaDelHorror-1024x683.jpeg\" alt=\"\" class=\"wp-image-403\" srcset=\"https:\/\/estiu.es\/wp-content\/uploads\/2025\/01\/4_PaternaLaMemoriaDelHorror-1024x683.jpeg 1024w, https:\/\/estiu.es\/wp-content\/uploads\/2025\/01\/4_PaternaLaMemoriaDelHorror-300x200.jpeg 300w, https:\/\/estiu.es\/wp-content\/uploads\/2025\/01\/4_PaternaLaMemoriaDelHorror-768x512.jpeg 768w, https:\/\/estiu.es\/wp-content\/uploads\/2025\/01\/4_PaternaLaMemoriaDelHorror-1536x1025.jpeg 1536w, https:\/\/estiu.es\/wp-content\/uploads\/2025\/01\/4_PaternaLaMemoriaDelHorror.jpeg 1920w\" sizes=\"auto, (max-width: 1024px) 100vw, 1024px\" \/><\/figure>\n\n\n\n<figure class=\"wp-block-image size-large\"><img loading=\"lazy\" decoding=\"async\" width=\"1024\" height=\"683\" src=\"https:\/\/estiu.es\/wp-content\/uploads\/2025\/01\/10_PaternaLaMemoriaDelHorror-1024x683.jpeg\" alt=\"\" class=\"wp-image-404\" srcset=\"https:\/\/estiu.es\/wp-content\/uploads\/2025\/01\/10_PaternaLaMemoriaDelHorror-1024x683.jpeg 1024w, https:\/\/estiu.es\/wp-content\/uploads\/2025\/01\/10_PaternaLaMemoriaDelHorror-300x200.jpeg 300w, https:\/\/estiu.es\/wp-content\/uploads\/2025\/01\/10_PaternaLaMemoriaDelHorror-768x512.jpeg 768w, https:\/\/estiu.es\/wp-content\/uploads\/2025\/01\/10_PaternaLaMemoriaDelHorror-1536x1025.jpeg 1536w, https:\/\/estiu.es\/wp-content\/uploads\/2025\/01\/10_PaternaLaMemoriaDelHorror.jpeg 1920w\" sizes=\"auto, (max-width: 1024px) 100vw, 1024px\" \/><\/figure>\n\n\n\n<figure class=\"wp-block-image size-large\"><img loading=\"lazy\" decoding=\"async\" width=\"1024\" height=\"683\" src=\"https:\/\/estiu.es\/wp-content\/uploads\/2025\/01\/17_PaternaLaMemoriaDelHorror-1024x683.jpeg\" alt=\"\" class=\"wp-image-405\" srcset=\"https:\/\/estiu.es\/wp-content\/uploads\/2025\/01\/17_PaternaLaMemoriaDelHorror-1024x683.jpeg 1024w, https:\/\/estiu.es\/wp-content\/uploads\/2025\/01\/17_PaternaLaMemoriaDelHorror-300x200.jpeg 300w, https:\/\/estiu.es\/wp-content\/uploads\/2025\/01\/17_PaternaLaMemoriaDelHorror-768x512.jpeg 768w, https:\/\/estiu.es\/wp-content\/uploads\/2025\/01\/17_PaternaLaMemoriaDelHorror-1536x1025.jpeg 1536w, https:\/\/estiu.es\/wp-content\/uploads\/2025\/01\/17_PaternaLaMemoriaDelHorror.jpeg 1920w\" sizes=\"auto, (max-width: 1024px) 100vw, 1024px\" \/><\/figure>\n\n\n\n<p>\u2014<\/p>\n\n\n\n<p>Editado por la Conselleria de Participaci\u00f3n, Transparencia, Cooperaci\u00f3n y Calidad Democr\u00e1tica.\u00a0<br>Impreso en Impresum con papeles Fedrigoni<br>Fotos del proyecto: Vicente Lara cortes\u00eda de Impresum\u00a0<\/p>\n","protected":false},"featured_media":397,"template":"","meta":{"_acf_changed":false,"_coblocks_attr":"","_coblocks_dimensions":"","_coblocks_responsive_height":"","_coblocks_accordion_ie_support":""},"categoria-de-proyecto":[3],"class_list":["post-395","proyecto","type-proyecto","status-publish","has-post-thumbnail","hentry","categoria-de-proyecto-editorial"],"acf":[],"_links":{"self":[{"href":"https:\/\/estiu.es\/ca\/wp-json\/wp\/v2\/proyecto\/395","targetHints":{"allow":["GET"]}}],"collection":[{"href":"https:\/\/estiu.es\/ca\/wp-json\/wp\/v2\/proyecto"}],"about":[{"href":"https:\/\/estiu.es\/ca\/wp-json\/wp\/v2\/types\/proyecto"}],"wp:featuredmedia":[{"embeddable":true,"href":"https:\/\/estiu.es\/ca\/wp-json\/wp\/v2\/media\/397"}],"wp:attachment":[{"href":"https:\/\/estiu.es\/ca\/wp-json\/wp\/v2\/media?parent=395"}],"wp:term":[{"taxonomy":"categoria-de-proyecto","embeddable":true,"href":"https:\/\/estiu.es\/ca\/wp-json\/wp\/v2\/categoria-de-proyecto?post=395"}],"curies":[{"name":"wp","href":"https:\/\/api.w.org\/{rel}","templated":true}]}}

<p>Diseño y maquetación de Paterna, la memoria del horror. La fotoperiodista Eva Máñez recopila los testimonios de aquellas personas cuyos familiares fueron víctimas del franquismo. En Paterna, el régimen asesinó 2.238 opositores al franquismo, muchos de los cuales fueron enterrados en fosas del cementerio de la localidad. </p>



<figure class="wp-block-image size-large"><img loading="lazy" decoding="async" width="1024" height="683" src="https://estiu.es/wp-content/uploads/2025/01/16_PaternaLaMemoriaDelHorror-1024x683.jpeg" alt="" class="wp-image-396" srcset="https://estiu.es/wp-content/uploads/2025/01/16_PaternaLaMemoriaDelHorror-1024x683.jpeg 1024w, https://estiu.es/wp-content/uploads/2025/01/16_PaternaLaMemoriaDelHorror-300x200.jpeg 300w, https://estiu.es/wp-content/uploads/2025/01/16_PaternaLaMemoriaDelHorror-768x512.jpeg 768w, https://estiu.es/wp-content/uploads/2025/01/16_PaternaLaMemoriaDelHorror-1536x1025.jpeg 1536w, https://estiu.es/wp-content/uploads/2025/01/16_PaternaLaMemoriaDelHorror.jpeg 1920w" sizes="auto, (max-width: 1024px) 100vw, 1024px" /></figure>



<figure class="wp-block-image size-large"><img loading="lazy" decoding="async" width="1024" height="683" src="https://estiu.es/wp-content/uploads/2025/01/8_PaternaLaMemoriaDelHorror-1024x683.jpeg" alt="" class="wp-image-398" srcset="https://estiu.es/wp-content/uploads/2025/01/8_PaternaLaMemoriaDelHorror-1024x683.jpeg 1024w, https://estiu.es/wp-content/uploads/2025/01/8_PaternaLaMemoriaDelHorror-300x200.jpeg 300w, https://estiu.es/wp-content/uploads/2025/01/8_PaternaLaMemoriaDelHorror-768x512.jpeg 768w, https://estiu.es/wp-content/uploads/2025/01/8_PaternaLaMemoriaDelHorror-1536x1025.jpeg 1536w, https://estiu.es/wp-content/uploads/2025/01/8_PaternaLaMemoriaDelHorror.jpeg 1920w" sizes="auto, (max-width: 1024px) 100vw, 1024px" /></figure>



<figure class="wp-block-image size-large"><img loading="lazy" decoding="async" width="1024" height="683" src="https://estiu.es/wp-content/uploads/2025/01/1_PaternaLaMemoriaDelHorror-1024x683.jpeg" alt="" class="wp-image-399" srcset="https://estiu.es/wp-content/uploads/2025/01/1_PaternaLaMemoriaDelHorror-1024x683.jpeg 1024w, https://estiu.es/wp-content/uploads/2025/01/1_PaternaLaMemoriaDelHorror-300x200.jpeg 300w, https://estiu.es/wp-content/uploads/2025/01/1_PaternaLaMemoriaDelHorror-768x512.jpeg 768w, https://estiu.es/wp-content/uploads/2025/01/1_PaternaLaMemoriaDelHorror-1536x1025.jpeg 1536w, https://estiu.es/wp-content/uploads/2025/01/1_PaternaLaMemoriaDelHorror.jpeg 1920w" sizes="auto, (max-width: 1024px) 100vw, 1024px" /></figure>



<figure class="wp-block-image size-large"><img loading="lazy" decoding="async" width="1024" height="683" src="https://estiu.es/wp-content/uploads/2025/01/6_PaternaLaMemoriaDelHorror-1024x683.jpeg" alt="" class="wp-image-400" srcset="https://estiu.es/wp-content/uploads/2025/01/6_PaternaLaMemoriaDelHorror-1024x683.jpeg 1024w, https://estiu.es/wp-content/uploads/2025/01/6_PaternaLaMemoriaDelHorror-300x200.jpeg 300w, https://estiu.es/wp-content/uploads/2025/01/6_PaternaLaMemoriaDelHorror-768x512.jpeg 768w, https://estiu.es/wp-content/uploads/2025/01/6_PaternaLaMemoriaDelHorror-1536x1025.jpeg 1536w, https://estiu.es/wp-content/uploads/2025/01/6_PaternaLaMemoriaDelHorror.jpeg 1920w" sizes="auto, (max-width: 1024px) 100vw, 1024px" /></figure>



<figure class="wp-block-image size-large"><img loading="lazy" decoding="async" width="1024" height="683" src="https://estiu.es/wp-content/uploads/2025/01/11_PaternaLaMemoriaDelHorror-1024x683.jpeg" alt="" class="wp-image-401" srcset="https://estiu.es/wp-content/uploads/2025/01/11_PaternaLaMemoriaDelHorror-1024x683.jpeg 1024w, https://estiu.es/wp-content/uploads/2025/01/11_PaternaLaMemoriaDelHorror-300x200.jpeg 300w, https://estiu.es/wp-content/uploads/2025/01/11_PaternaLaMemoriaDelHorror-768x512.jpeg 768w, https://estiu.es/wp-content/uploads/2025/01/11_PaternaLaMemoriaDelHorror-1536x1025.jpeg 1536w, https://estiu.es/wp-content/uploads/2025/01/11_PaternaLaMemoriaDelHorror.jpeg 1920w" sizes="auto, (max-width: 1024px) 100vw, 1024px" /></figure>



<figure class="wp-block-image size-large"><img loading="lazy" decoding="async" width="1024" height="683" src="https://estiu.es/wp-content/uploads/2025/01/2_PaternaLaMemoriaDelHorror-1024x683.jpeg" alt="" class="wp-image-402" srcset="https://estiu.es/wp-content/uploads/2025/01/2_PaternaLaMemoriaDelHorror-1024x683.jpeg 1024w, https://estiu.es/wp-content/uploads/2025/01/2_PaternaLaMemoriaDelHorror-300x200.jpeg 300w, https://estiu.es/wp-content/uploads/2025/01/2_PaternaLaMemoriaDelHorror-768x512.jpeg 768w, https://estiu.es/wp-content/uploads/2025/01/2_PaternaLaMemoriaDelHorror-1536x1025.jpeg 1536w, https://estiu.es/wp-content/uploads/2025/01/2_PaternaLaMemoriaDelHorror.jpeg 1920w" sizes="auto, (max-width: 1024px) 100vw, 1024px" /></figure>



<figure class="wp-block-image size-large"><img loading="lazy" decoding="async" width="1024" height="683" src="https://estiu.es/wp-content/uploads/2025/01/4_PaternaLaMemoriaDelHorror-1024x683.jpeg" alt="" class="wp-image-403" srcset="https://estiu.es/wp-content/uploads/2025/01/4_PaternaLaMemoriaDelHorror-1024x683.jpeg 1024w, https://estiu.es/wp-content/uploads/2025/01/4_PaternaLaMemoriaDelHorror-300x200.jpeg 300w, https://estiu.es/wp-content/uploads/2025/01/4_PaternaLaMemoriaDelHorror-768x512.jpeg 768w, https://estiu.es/wp-content/uploads/2025/01/4_PaternaLaMemoriaDelHorror-1536x1025.jpeg 1536w, https://estiu.es/wp-content/uploads/2025/01/4_PaternaLaMemoriaDelHorror.jpeg 1920w" sizes="auto, (max-width: 1024px) 100vw, 1024px" /></figure>



<figure class="wp-block-image size-large"><img loading="lazy" decoding="async" width="1024" height="683" src="https://estiu.es/wp-content/uploads/2025/01/10_PaternaLaMemoriaDelHorror-1024x683.jpeg" alt="" class="wp-image-404" srcset="https://estiu.es/wp-content/uploads/2025/01/10_PaternaLaMemoriaDelHorror-1024x683.jpeg 1024w, https://estiu.es/wp-content/uploads/2025/01/10_PaternaLaMemoriaDelHorror-300x200.jpeg 300w, https://estiu.es/wp-content/uploads/2025/01/10_PaternaLaMemoriaDelHorror-768x512.jpeg 768w, https://estiu.es/wp-content/uploads/2025/01/10_PaternaLaMemoriaDelHorror-1536x1025.jpeg 1536w, https://estiu.es/wp-content/uploads/2025/01/10_PaternaLaMemoriaDelHorror.jpeg 1920w" sizes="auto, (max-width: 1024px) 100vw, 1024px" /></figure>



<figure class="wp-block-image size-large"><img loading="lazy" decoding="async" width="1024" height="683" src="https://estiu.es/wp-content/uploads/2025/01/17_PaternaLaMemoriaDelHorror-1024x683.jpeg" alt="" class="wp-image-405" srcset="https://estiu.es/wp-content/uploads/2025/01/17_PaternaLaMemoriaDelHorror-1024x683.jpeg 1024w, https://estiu.es/wp-content/uploads/2025/01/17_PaternaLaMemoriaDelHorror-300x200.jpeg 300w, https://estiu.es/wp-content/uploads/2025/01/17_PaternaLaMemoriaDelHorror-768x512.jpeg 768w, https://estiu.es/wp-content/uploads/2025/01/17_PaternaLaMemoriaDelHorror-1536x1025.jpeg 1536w, https://estiu.es/wp-content/uploads/2025/01/17_PaternaLaMemoriaDelHorror.jpeg 1920w" sizes="auto, (max-width: 1024px) 100vw, 1024px" /></figure>



<p>—</p>



<p>Editado por la Conselleria de Participación, Transparencia, Cooperación y Calidad Democrática. <br>Impreso en Impresum con papeles Fedrigoni<br>Fotos del proyecto: Vicente Lara cortesía de Impresum </p>
