{"id":371,"date":"2023-06-18T09:57:00","date_gmt":"2023-06-18T07:57:00","guid":{"rendered":"https:\/\/estiu.es\/?post_type=proyecto&#038;p=371"},"modified":"2025-01-22T11:00:36","modified_gmt":"2025-01-22T10:00:36","slug":"rediseno-revista-plaza","status":"publish","type":"proyecto","link":"https:\/\/estiu.es\/ca\/proyecto\/rediseno-revista-plaza\/","title":{"rendered":"Redise\u00f1o revista Plaza"},"content":{"rendered":"\n<p>Plaza decidi\u00f3 en noviembre de 2014 llevar a los quioscos una apuesta firme por el periodismo impreso con la revista Plaza. Tras el primer proyecto gr\u00e1fico de la revista, creado por Herminio J. Fern\u00e1ndez, hemos tenido la oportunidad de redise\u00f1ar esta publicaci\u00f3n coincidiendo con sus 100 n\u00fameros.<\/p>\n\n\n\n<p>Un cambio de dise\u00f1o centrado en mantener el eje principal de Plaza, que es contar la actualidad de la Comunitat Valenciana con temas propios y manteniendo el foco en el periodismo.<\/p>\n\n\n\n<p>Y aunque la identidad de Plaza se mantiene, encabezada por el trabajo que realiz\u00f3 en su d\u00eda Laura Meseguer, se renueva la paleta tipogr\u00e1fica como herramienta clave en este redise\u00f1o. La tipograf\u00eda Gerard, de Rafa Jord\u00e1n, manda como titulaci\u00f3n \u2018headline\u2019 en temas de opini\u00f3n y grandes reportajes. Convive con la Schotis de Juanjo L\u00f3pez (tipograf\u00eda principal de cuerpo de texto de la revista) y la BW Fusiona de la fundici\u00f3n Branding With Type que sirve de tipograf\u00eda de apoyo y para especiales.<\/p>\n\n\n\n<p>Los cambios de dise\u00f1o han tra\u00eddo consigo tambi\u00e9n una nueva organizaci\u00f3n de los contenidos dentro de Plaza, que queda reforzada a trav\u00e9s de diferentes bloques que se muestran ordenados gracias a sendas portadillas de temas de econom\u00eda, finanzas e innovaci\u00f3n, y un bloque final centrado en la informaci\u00f3n cultural, la moda y el entretenimiento.<\/p>\n\n\n\n<p>Igualmente se han simplificado al m\u00e1ximo los diferentes elementos de navegaci\u00f3n de la revista (paginaci\u00f3n, cintillos de secci\u00f3n, etc.) para reforzar la unidad de la publicaci\u00f3n y guiar al lector de manera sencilla y clara.<\/p>\n\n\n\n<figure class=\"wp-block-image size-large\"><img loading=\"lazy\" decoding=\"async\" width=\"1024\" height=\"640\" src=\"https:\/\/estiu.es\/wp-content\/uploads\/2023\/06\/21_RedisenoPlaza-1024x640.gif\" alt=\"\" class=\"wp-image-384\" srcset=\"https:\/\/estiu.es\/wp-content\/uploads\/2023\/06\/21_RedisenoPlaza-1024x640.gif 1024w, https:\/\/estiu.es\/wp-content\/uploads\/2023\/06\/21_RedisenoPlaza-300x187.gif 300w, https:\/\/estiu.es\/wp-content\/uploads\/2023\/06\/21_RedisenoPlaza-768x480.gif 768w, https:\/\/estiu.es\/wp-content\/uploads\/2023\/06\/21_RedisenoPlaza-1536x960.gif 1536w, https:\/\/estiu.es\/wp-content\/uploads\/2023\/06\/21_RedisenoPlaza-2048x1280.gif 2048w\" sizes=\"auto, (max-width: 1024px) 100vw, 1024px\" \/><\/figure>\n\n\n\n<figure class=\"wp-block-image size-full\"><img loading=\"lazy\" decoding=\"async\" width=\"2560\" height=\"1600\" src=\"https:\/\/estiu.es\/wp-content\/uploads\/2025\/01\/14_RedisenoPlaza-scaled.jpeg\" alt=\"\" class=\"wp-image-373\" srcset=\"https:\/\/estiu.es\/wp-content\/uploads\/2025\/01\/14_RedisenoPlaza-scaled.jpeg 2560w, https:\/\/estiu.es\/wp-content\/uploads\/2025\/01\/14_RedisenoPlaza-300x187.jpeg 300w, https:\/\/estiu.es\/wp-content\/uploads\/2025\/01\/14_RedisenoPlaza-1024x640.jpeg 1024w, https:\/\/estiu.es\/wp-content\/uploads\/2025\/01\/14_RedisenoPlaza-768x480.jpeg 768w, https:\/\/estiu.es\/wp-content\/uploads\/2025\/01\/14_RedisenoPlaza-1536x960.jpeg 1536w, https:\/\/estiu.es\/wp-content\/uploads\/2025\/01\/14_RedisenoPlaza-2048x1280.jpeg 2048w\" sizes=\"auto, (max-width: 2560px) 100vw, 2560px\" \/><\/figure>\n\n\n\n<figure class=\"wp-block-image size-full\"><img loading=\"lazy\" decoding=\"async\" width=\"2560\" height=\"1707\" src=\"https:\/\/estiu.es\/wp-content\/uploads\/2025\/01\/29_RedisenoPlaza-scaled.jpeg\" alt=\"\" class=\"wp-image-374\" srcset=\"https:\/\/estiu.es\/wp-content\/uploads\/2025\/01\/29_RedisenoPlaza-scaled.jpeg 2560w, https:\/\/estiu.es\/wp-content\/uploads\/2025\/01\/29_RedisenoPlaza-300x200.jpeg 300w, https:\/\/estiu.es\/wp-content\/uploads\/2025\/01\/29_RedisenoPlaza-1024x683.jpeg 1024w, https:\/\/estiu.es\/wp-content\/uploads\/2025\/01\/29_RedisenoPlaza-768x512.jpeg 768w, https:\/\/estiu.es\/wp-content\/uploads\/2025\/01\/29_RedisenoPlaza-1536x1024.jpeg 1536w, https:\/\/estiu.es\/wp-content\/uploads\/2025\/01\/29_RedisenoPlaza-2048x1365.jpeg 2048w\" sizes=\"auto, (max-width: 2560px) 100vw, 2560px\" \/><\/figure>\n\n\n\n<figure class=\"wp-block-image size-full\"><img loading=\"lazy\" decoding=\"async\" width=\"2560\" height=\"1600\" src=\"https:\/\/estiu.es\/wp-content\/uploads\/2025\/01\/6_RedisenoPlaza-scaled.jpeg\" alt=\"\" class=\"wp-image-375\" srcset=\"https:\/\/estiu.es\/wp-content\/uploads\/2025\/01\/6_RedisenoPlaza-scaled.jpeg 2560w, https:\/\/estiu.es\/wp-content\/uploads\/2025\/01\/6_RedisenoPlaza-300x187.jpeg 300w, https:\/\/estiu.es\/wp-content\/uploads\/2025\/01\/6_RedisenoPlaza-1024x640.jpeg 1024w, https:\/\/estiu.es\/wp-content\/uploads\/2025\/01\/6_RedisenoPlaza-768x480.jpeg 768w, https:\/\/estiu.es\/wp-content\/uploads\/2025\/01\/6_RedisenoPlaza-1536x960.jpeg 1536w, https:\/\/estiu.es\/wp-content\/uploads\/2025\/01\/6_RedisenoPlaza-2048x1280.jpeg 2048w\" sizes=\"auto, (max-width: 2560px) 100vw, 2560px\" \/><\/figure>\n\n\n\n<figure class=\"wp-block-image size-full\"><img loading=\"lazy\" decoding=\"async\" width=\"2560\" height=\"1600\" src=\"https:\/\/estiu.es\/wp-content\/uploads\/2025\/01\/10_RedisenoPlaza-scaled.jpeg\" alt=\"\" class=\"wp-image-376\" srcset=\"https:\/\/estiu.es\/wp-content\/uploads\/2025\/01\/10_RedisenoPlaza-scaled.jpeg 2560w, https:\/\/estiu.es\/wp-content\/uploads\/2025\/01\/10_RedisenoPlaza-300x187.jpeg 300w, https:\/\/estiu.es\/wp-content\/uploads\/2025\/01\/10_RedisenoPlaza-1024x640.jpeg 1024w, https:\/\/estiu.es\/wp-content\/uploads\/2025\/01\/10_RedisenoPlaza-768x480.jpeg 768w, https:\/\/estiu.es\/wp-content\/uploads\/2025\/01\/10_RedisenoPlaza-1536x960.jpeg 1536w, https:\/\/estiu.es\/wp-content\/uploads\/2025\/01\/10_RedisenoPlaza-2048x1280.jpeg 2048w\" sizes=\"auto, (max-width: 2560px) 100vw, 2560px\" \/><\/figure>\n\n\n\n<figure class=\"wp-block-image size-full\"><img loading=\"lazy\" decoding=\"async\" width=\"2560\" height=\"1707\" src=\"https:\/\/estiu.es\/wp-content\/uploads\/2025\/01\/28_RedisenoPlaza-scaled.jpeg\" alt=\"\" class=\"wp-image-377\" srcset=\"https:\/\/estiu.es\/wp-content\/uploads\/2025\/01\/28_RedisenoPlaza-scaled.jpeg 2560w, https:\/\/estiu.es\/wp-content\/uploads\/2025\/01\/28_RedisenoPlaza-300x200.jpeg 300w, https:\/\/estiu.es\/wp-content\/uploads\/2025\/01\/28_RedisenoPlaza-1024x683.jpeg 1024w, https:\/\/estiu.es\/wp-content\/uploads\/2025\/01\/28_RedisenoPlaza-768x512.jpeg 768w, https:\/\/estiu.es\/wp-content\/uploads\/2025\/01\/28_RedisenoPlaza-1536x1024.jpeg 1536w, https:\/\/estiu.es\/wp-content\/uploads\/2025\/01\/28_RedisenoPlaza-2048x1365.jpeg 2048w\" sizes=\"auto, (max-width: 2560px) 100vw, 2560px\" \/><\/figure>\n\n\n\n<figure class=\"wp-block-image size-full\"><img loading=\"lazy\" decoding=\"async\" width=\"2560\" height=\"1600\" src=\"https:\/\/estiu.es\/wp-content\/uploads\/2025\/01\/1_RedisenoPlaza-scaled.jpeg\" alt=\"\" class=\"wp-image-378\" srcset=\"https:\/\/estiu.es\/wp-content\/uploads\/2025\/01\/1_RedisenoPlaza-scaled.jpeg 2560w, https:\/\/estiu.es\/wp-content\/uploads\/2025\/01\/1_RedisenoPlaza-300x187.jpeg 300w, https:\/\/estiu.es\/wp-content\/uploads\/2025\/01\/1_RedisenoPlaza-1024x640.jpeg 1024w, https:\/\/estiu.es\/wp-content\/uploads\/2025\/01\/1_RedisenoPlaza-768x480.jpeg 768w, https:\/\/estiu.es\/wp-content\/uploads\/2025\/01\/1_RedisenoPlaza-1536x960.jpeg 1536w, https:\/\/estiu.es\/wp-content\/uploads\/2025\/01\/1_RedisenoPlaza-2048x1280.jpeg 2048w\" sizes=\"auto, (max-width: 2560px) 100vw, 2560px\" \/><\/figure>\n\n\n\n<figure class=\"wp-block-image size-full\"><img loading=\"lazy\" decoding=\"async\" width=\"2560\" height=\"1600\" src=\"https:\/\/estiu.es\/wp-content\/uploads\/2025\/01\/17_RedisenoPlaza-scaled.jpeg\" alt=\"\" class=\"wp-image-379\" srcset=\"https:\/\/estiu.es\/wp-content\/uploads\/2025\/01\/17_RedisenoPlaza-scaled.jpeg 2560w, https:\/\/estiu.es\/wp-content\/uploads\/2025\/01\/17_RedisenoPlaza-300x187.jpeg 300w, https:\/\/estiu.es\/wp-content\/uploads\/2025\/01\/17_RedisenoPlaza-1024x640.jpeg 1024w, https:\/\/estiu.es\/wp-content\/uploads\/2025\/01\/17_RedisenoPlaza-768x480.jpeg 768w, https:\/\/estiu.es\/wp-content\/uploads\/2025\/01\/17_RedisenoPlaza-1536x960.jpeg 1536w, https:\/\/estiu.es\/wp-content\/uploads\/2025\/01\/17_RedisenoPlaza-2048x1280.jpeg 2048w\" sizes=\"auto, (max-width: 2560px) 100vw, 2560px\" \/><\/figure>\n\n\n\n<p><\/p>\n","protected":false},"featured_media":372,"template":"","meta":{"_acf_changed":false,"_coblocks_attr":"","_coblocks_dimensions":"","_coblocks_responsive_height":"","_coblocks_accordion_ie_support":""},"categoria-de-proyecto":[3],"class_list":["post-371","proyecto","type-proyecto","status-publish","has-post-thumbnail","hentry","categoria-de-proyecto-editorial"],"acf":[],"_links":{"self":[{"href":"https:\/\/estiu.es\/ca\/wp-json\/wp\/v2\/proyecto\/371","targetHints":{"allow":["GET"]}}],"collection":[{"href":"https:\/\/estiu.es\/ca\/wp-json\/wp\/v2\/proyecto"}],"about":[{"href":"https:\/\/estiu.es\/ca\/wp-json\/wp\/v2\/types\/proyecto"}],"wp:featuredmedia":[{"embeddable":true,"href":"https:\/\/estiu.es\/ca\/wp-json\/wp\/v2\/media\/372"}],"wp:attachment":[{"href":"https:\/\/estiu.es\/ca\/wp-json\/wp\/v2\/media?parent=371"}],"wp:term":[{"taxonomy":"categoria-de-proyecto","embeddable":true,"href":"https:\/\/estiu.es\/ca\/wp-json\/wp\/v2\/categoria-de-proyecto?post=371"}],"curies":[{"name":"wp","href":"https:\/\/api.w.org\/{rel}","templated":true}]}}

Rediseño revista Plaza

<p>Plaza decidió en noviembre de 2014 llevar a los quioscos una apuesta firme por el periodismo impreso con la revista Plaza. Tras el primer proyecto gráfico de la revista, creado por Herminio J. Fernández, hemos tenido la oportunidad de rediseñar esta publicación coincidiendo con sus 100 números.</p>



<p>Un cambio de diseño centrado en mantener el eje principal de Plaza, que es contar la actualidad de la Comunitat Valenciana con temas propios y manteniendo el foco en el periodismo.</p>



<p>Y aunque la identidad de Plaza se mantiene, encabezada por el trabajo que realizó en su día Laura Meseguer, se renueva la paleta tipográfica como herramienta clave en este rediseño. La tipografía Gerard, de Rafa Jordán, manda como titulación ‘headline’ en temas de opinión y grandes reportajes. Convive con la Schotis de Juanjo López (tipografía principal de cuerpo de texto de la revista) y la BW Fusiona de la fundición Branding With Type que sirve de tipografía de apoyo y para especiales.</p>



<p>Los cambios de diseño han traído consigo también una nueva organización de los contenidos dentro de Plaza, que queda reforzada a través de diferentes bloques que se muestran ordenados gracias a sendas portadillas de temas de economía, finanzas e innovación, y un bloque final centrado en la información cultural, la moda y el entretenimiento.</p>



<p>Igualmente se han simplificado al máximo los diferentes elementos de navegación de la revista (paginación, cintillos de sección, etc.) para reforzar la unidad de la publicación y guiar al lector de manera sencilla y clara.</p>



<figure class="wp-block-image size-large"><img loading="lazy" decoding="async" width="1024" height="640" src="https://estiu.es/wp-content/uploads/2023/06/21_RedisenoPlaza-1024x640.gif" alt="" class="wp-image-384" srcset="https://estiu.es/wp-content/uploads/2023/06/21_RedisenoPlaza-1024x640.gif 1024w, https://estiu.es/wp-content/uploads/2023/06/21_RedisenoPlaza-300x187.gif 300w, https://estiu.es/wp-content/uploads/2023/06/21_RedisenoPlaza-768x480.gif 768w, https://estiu.es/wp-content/uploads/2023/06/21_RedisenoPlaza-1536x960.gif 1536w, https://estiu.es/wp-content/uploads/2023/06/21_RedisenoPlaza-2048x1280.gif 2048w" sizes="auto, (max-width: 1024px) 100vw, 1024px" /></figure>



<figure class="wp-block-image size-full"><img loading="lazy" decoding="async" width="2560" height="1600" src="https://estiu.es/wp-content/uploads/2025/01/14_RedisenoPlaza-scaled.jpeg" alt="" class="wp-image-373" srcset="https://estiu.es/wp-content/uploads/2025/01/14_RedisenoPlaza-scaled.jpeg 2560w, https://estiu.es/wp-content/uploads/2025/01/14_RedisenoPlaza-300x187.jpeg 300w, https://estiu.es/wp-content/uploads/2025/01/14_RedisenoPlaza-1024x640.jpeg 1024w, https://estiu.es/wp-content/uploads/2025/01/14_RedisenoPlaza-768x480.jpeg 768w, https://estiu.es/wp-content/uploads/2025/01/14_RedisenoPlaza-1536x960.jpeg 1536w, https://estiu.es/wp-content/uploads/2025/01/14_RedisenoPlaza-2048x1280.jpeg 2048w" sizes="auto, (max-width: 2560px) 100vw, 2560px" /></figure>



<figure class="wp-block-image size-full"><img loading="lazy" decoding="async" width="2560" height="1707" src="https://estiu.es/wp-content/uploads/2025/01/29_RedisenoPlaza-scaled.jpeg" alt="" class="wp-image-374" srcset="https://estiu.es/wp-content/uploads/2025/01/29_RedisenoPlaza-scaled.jpeg 2560w, https://estiu.es/wp-content/uploads/2025/01/29_RedisenoPlaza-300x200.jpeg 300w, https://estiu.es/wp-content/uploads/2025/01/29_RedisenoPlaza-1024x683.jpeg 1024w, https://estiu.es/wp-content/uploads/2025/01/29_RedisenoPlaza-768x512.jpeg 768w, https://estiu.es/wp-content/uploads/2025/01/29_RedisenoPlaza-1536x1024.jpeg 1536w, https://estiu.es/wp-content/uploads/2025/01/29_RedisenoPlaza-2048x1365.jpeg 2048w" sizes="auto, (max-width: 2560px) 100vw, 2560px" /></figure>



<figure class="wp-block-image size-full"><img loading="lazy" decoding="async" width="2560" height="1600" src="https://estiu.es/wp-content/uploads/2025/01/6_RedisenoPlaza-scaled.jpeg" alt="" class="wp-image-375" srcset="https://estiu.es/wp-content/uploads/2025/01/6_RedisenoPlaza-scaled.jpeg 2560w, https://estiu.es/wp-content/uploads/2025/01/6_RedisenoPlaza-300x187.jpeg 300w, https://estiu.es/wp-content/uploads/2025/01/6_RedisenoPlaza-1024x640.jpeg 1024w, https://estiu.es/wp-content/uploads/2025/01/6_RedisenoPlaza-768x480.jpeg 768w, https://estiu.es/wp-content/uploads/2025/01/6_RedisenoPlaza-1536x960.jpeg 1536w, https://estiu.es/wp-content/uploads/2025/01/6_RedisenoPlaza-2048x1280.jpeg 2048w" sizes="auto, (max-width: 2560px) 100vw, 2560px" /></figure>



<figure class="wp-block-image size-full"><img loading="lazy" decoding="async" width="2560" height="1600" src="https://estiu.es/wp-content/uploads/2025/01/10_RedisenoPlaza-scaled.jpeg" alt="" class="wp-image-376" srcset="https://estiu.es/wp-content/uploads/2025/01/10_RedisenoPlaza-scaled.jpeg 2560w, https://estiu.es/wp-content/uploads/2025/01/10_RedisenoPlaza-300x187.jpeg 300w, https://estiu.es/wp-content/uploads/2025/01/10_RedisenoPlaza-1024x640.jpeg 1024w, https://estiu.es/wp-content/uploads/2025/01/10_RedisenoPlaza-768x480.jpeg 768w, https://estiu.es/wp-content/uploads/2025/01/10_RedisenoPlaza-1536x960.jpeg 1536w, https://estiu.es/wp-content/uploads/2025/01/10_RedisenoPlaza-2048x1280.jpeg 2048w" sizes="auto, (max-width: 2560px) 100vw, 2560px" /></figure>



<figure class="wp-block-image size-full"><img loading="lazy" decoding="async" width="2560" height="1707" src="https://estiu.es/wp-content/uploads/2025/01/28_RedisenoPlaza-scaled.jpeg" alt="" class="wp-image-377" srcset="https://estiu.es/wp-content/uploads/2025/01/28_RedisenoPlaza-scaled.jpeg 2560w, https://estiu.es/wp-content/uploads/2025/01/28_RedisenoPlaza-300x200.jpeg 300w, https://estiu.es/wp-content/uploads/2025/01/28_RedisenoPlaza-1024x683.jpeg 1024w, https://estiu.es/wp-content/uploads/2025/01/28_RedisenoPlaza-768x512.jpeg 768w, https://estiu.es/wp-content/uploads/2025/01/28_RedisenoPlaza-1536x1024.jpeg 1536w, https://estiu.es/wp-content/uploads/2025/01/28_RedisenoPlaza-2048x1365.jpeg 2048w" sizes="auto, (max-width: 2560px) 100vw, 2560px" /></figure>



<figure class="wp-block-image size-full"><img loading="lazy" decoding="async" width="2560" height="1600" src="https://estiu.es/wp-content/uploads/2025/01/1_RedisenoPlaza-scaled.jpeg" alt="" class="wp-image-378" srcset="https://estiu.es/wp-content/uploads/2025/01/1_RedisenoPlaza-scaled.jpeg 2560w, https://estiu.es/wp-content/uploads/2025/01/1_RedisenoPlaza-300x187.jpeg 300w, https://estiu.es/wp-content/uploads/2025/01/1_RedisenoPlaza-1024x640.jpeg 1024w, https://estiu.es/wp-content/uploads/2025/01/1_RedisenoPlaza-768x480.jpeg 768w, https://estiu.es/wp-content/uploads/2025/01/1_RedisenoPlaza-1536x960.jpeg 1536w, https://estiu.es/wp-content/uploads/2025/01/1_RedisenoPlaza-2048x1280.jpeg 2048w" sizes="auto, (max-width: 2560px) 100vw, 2560px" /></figure>



<figure class="wp-block-image size-full"><img loading="lazy" decoding="async" width="2560" height="1600" src="https://estiu.es/wp-content/uploads/2025/01/17_RedisenoPlaza-scaled.jpeg" alt="" class="wp-image-379" srcset="https://estiu.es/wp-content/uploads/2025/01/17_RedisenoPlaza-scaled.jpeg 2560w, https://estiu.es/wp-content/uploads/2025/01/17_RedisenoPlaza-300x187.jpeg 300w, https://estiu.es/wp-content/uploads/2025/01/17_RedisenoPlaza-1024x640.jpeg 1024w, https://estiu.es/wp-content/uploads/2025/01/17_RedisenoPlaza-768x480.jpeg 768w, https://estiu.es/wp-content/uploads/2025/01/17_RedisenoPlaza-1536x960.jpeg 1536w, https://estiu.es/wp-content/uploads/2025/01/17_RedisenoPlaza-2048x1280.jpeg 2048w" sizes="auto, (max-width: 2560px) 100vw, 2560px" /></figure>



<p></p>
