{"id":347,"date":"2023-09-17T09:21:00","date_gmt":"2023-09-17T07:21:00","guid":{"rendered":"https:\/\/estiu.es\/?post_type=proyecto&#038;p=347"},"modified":"2025-01-22T10:58:37","modified_gmt":"2025-01-22T09:58:37","slug":"botijo-estiu","status":"publish","type":"proyecto","link":"https:\/\/estiu.es\/ca\/proyecto\/botijo-estiu\/","title":{"rendered":"Botijo Estiu"},"content":{"rendered":"\n<p>La uni\u00f3n hace el frescor. Y en ESTIU nos hemos juntado con el ceramista JORGE MONTALVO para editar un botijo.&nbsp;<\/p>\n\n\n\n<p>Nuestro tradicional aguinaldo veraniego, con el que felicitamos a socios y clientes, esta vez no es de papel, sino un botiu en tres colores diferentes. Un recipiente para medio litro&nbsp;de agua que tiene un aire a las Bodegas Vinival, ese emblema estival \u2014por lo de la sangr\u00eda y la verbena\u2014 pr\u00f3ximo al taller de Jorge, ubicado en el Cabanyal-Canyamelar.<\/p>\n\n\n\n<p>En esta microautoedici\u00f3n, casi una excusa, de solo veinte piezas hemos unido el dise\u00f1o&nbsp;a los procesos artesanales de producci\u00f3n de este objeto \u00fatil t\u00edpicamente estiuenc.&nbsp;&nbsp;<\/p>\n\n\n\n<p>El asa, la boca estrecha y el pitorro son una revisi\u00f3n del formato tradicional, mientras que el t\u00edpico barro cocido se mantiene para que act\u00fae de filtro natural que enfr\u00eda el agua gradualmente.&nbsp;<\/p>\n\n\n\n<figure class=\"wp-block-video\"><video height=\"628\" style=\"aspect-ratio: 1200 \/ 628;\" width=\"1200\" autoplay loop src=\"https:\/\/estiu.es\/wp-content\/uploads\/2023\/09\/1_BotijoEstiu.mp4\"><\/video><\/figure>\n\n\n\n<figure class=\"wp-block-image size-large\"><img loading=\"lazy\" decoding=\"async\" width=\"1024\" height=\"768\" src=\"https:\/\/estiu.es\/wp-content\/uploads\/2025\/01\/2_BotijoEstiu-1024x768.jpeg\" alt=\"\" class=\"wp-image-349\" srcset=\"https:\/\/estiu.es\/wp-content\/uploads\/2025\/01\/2_BotijoEstiu-1024x768.jpeg 1024w, https:\/\/estiu.es\/wp-content\/uploads\/2025\/01\/2_BotijoEstiu-300x225.jpeg 300w, https:\/\/estiu.es\/wp-content\/uploads\/2025\/01\/2_BotijoEstiu-768x576.jpeg 768w, https:\/\/estiu.es\/wp-content\/uploads\/2025\/01\/2_BotijoEstiu-1536x1152.jpeg 1536w, https:\/\/estiu.es\/wp-content\/uploads\/2025\/01\/2_BotijoEstiu-2048x1536.jpeg 2048w\" sizes=\"auto, (max-width: 1024px) 100vw, 1024px\" \/><\/figure>\n\n\n\n<div class=\"wp-block-columns is-layout-flex wp-container-core-columns-is-layout-9d6595d7 wp-block-columns-is-layout-flex\">\n<div class=\"wp-block-column is-vertically-aligned-bottom is-layout-flow wp-block-column-is-layout-flow\" style=\"flex-basis:50%\">\n<figure class=\"wp-block-image size-large\"><img loading=\"lazy\" decoding=\"async\" width=\"768\" height=\"1024\" src=\"https:\/\/estiu.es\/wp-content\/uploads\/2025\/01\/3_BotijoEstiu-768x1024.gif\" alt=\"\" class=\"wp-image-350\" srcset=\"https:\/\/estiu.es\/wp-content\/uploads\/2025\/01\/3_BotijoEstiu-768x1024.gif 768w, https:\/\/estiu.es\/wp-content\/uploads\/2025\/01\/3_BotijoEstiu-225x300.gif 225w\" sizes=\"auto, (max-width: 768px) 100vw, 768px\" \/><\/figure>\n<\/div>\n\n\n\n<div class=\"wp-block-column is-vertically-aligned-bottom is-layout-flow wp-block-column-is-layout-flow\" style=\"flex-basis:50%\">\n<p>El verano cabe en un botijo.<\/p>\n\n\n\n<p>\u2014<\/p>\n\n\n\n<p>Tirada limitada de 20 ejemplares. Para m\u00e1s encargos contactar por e-mail a <a href=\"mailto:ceramicamontalvo@gmail.com\">ceramicamontalvo@gmail.com<\/a> y por mensaje directo en su Instagram&nbsp;<a href=\"https:\/\/www.instagram.com\/ceramicamontalvo?utm_source=ig_web_button_share_sheet&amp;igsh=ZDNlZDc0MzIxNw==\">@ceramicamontalvo<\/a><\/p>\n\n\n\n<p><\/p>\n<\/div>\n<\/div>\n\n\n\n<p><\/p>\n","protected":false},"featured_media":348,"template":"","meta":{"_acf_changed":false,"_coblocks_attr":"","_coblocks_dimensions":"","_coblocks_responsive_height":"","_coblocks_accordion_ie_support":""},"categoria-de-proyecto":[7],"class_list":["post-347","proyecto","type-proyecto","status-publish","has-post-thumbnail","hentry","categoria-de-proyecto-autoedicion"],"acf":[],"_links":{"self":[{"href":"https:\/\/estiu.es\/ca\/wp-json\/wp\/v2\/proyecto\/347","targetHints":{"allow":["GET"]}}],"collection":[{"href":"https:\/\/estiu.es\/ca\/wp-json\/wp\/v2\/proyecto"}],"about":[{"href":"https:\/\/estiu.es\/ca\/wp-json\/wp\/v2\/types\/proyecto"}],"wp:featuredmedia":[{"embeddable":true,"href":"https:\/\/estiu.es\/ca\/wp-json\/wp\/v2\/media\/348"}],"wp:attachment":[{"href":"https:\/\/estiu.es\/ca\/wp-json\/wp\/v2\/media?parent=347"}],"wp:term":[{"taxonomy":"categoria-de-proyecto","embeddable":true,"href":"https:\/\/estiu.es\/ca\/wp-json\/wp\/v2\/categoria-de-proyecto?post=347"}],"curies":[{"name":"wp","href":"https:\/\/api.w.org\/{rel}","templated":true}]}}

<p>La unión hace el frescor. Y en ESTIU nos hemos juntado con el ceramista JORGE MONTALVO para editar un botijo.&nbsp;</p>



<p>Nuestro tradicional aguinaldo veraniego, con el que felicitamos a socios y clientes, esta vez no es de papel, sino un botiu en tres colores diferentes. Un recipiente para medio litro&nbsp;de agua que tiene un aire a las Bodegas Vinival, ese emblema estival —por lo de la sangría y la verbena— próximo al taller de Jorge, ubicado en el Cabanyal-Canyamelar.</p>



<p>En esta microautoedición, casi una excusa, de solo veinte piezas hemos unido el diseño&nbsp;a los procesos artesanales de producción de este objeto útil típicamente estiuenc.&nbsp;&nbsp;</p>



<p>El asa, la boca estrecha y el pitorro son una revisión del formato tradicional, mientras que el típico barro cocido se mantiene para que actúe de filtro natural que enfría el agua gradualmente.&nbsp;</p>



<figure class="wp-block-video"><video height="628" style="aspect-ratio: 1200 / 628;" width="1200" autoplay loop src="https://estiu.es/wp-content/uploads/2023/09/1_BotijoEstiu.mp4"></video></figure>



<figure class="wp-block-image size-large"><img loading="lazy" decoding="async" width="1024" height="768" src="https://estiu.es/wp-content/uploads/2025/01/2_BotijoEstiu-1024x768.jpeg" alt="" class="wp-image-349" srcset="https://estiu.es/wp-content/uploads/2025/01/2_BotijoEstiu-1024x768.jpeg 1024w, https://estiu.es/wp-content/uploads/2025/01/2_BotijoEstiu-300x225.jpeg 300w, https://estiu.es/wp-content/uploads/2025/01/2_BotijoEstiu-768x576.jpeg 768w, https://estiu.es/wp-content/uploads/2025/01/2_BotijoEstiu-1536x1152.jpeg 1536w, https://estiu.es/wp-content/uploads/2025/01/2_BotijoEstiu-2048x1536.jpeg 2048w" sizes="auto, (max-width: 1024px) 100vw, 1024px" /></figure>



<div class="wp-block-columns is-layout-flex wp-container-core-columns-is-layout-9d6595d7 wp-block-columns-is-layout-flex">
<div class="wp-block-column is-vertically-aligned-bottom is-layout-flow wp-block-column-is-layout-flow" style="flex-basis:50%">
<figure class="wp-block-image size-large"><img loading="lazy" decoding="async" width="768" height="1024" src="https://estiu.es/wp-content/uploads/2025/01/3_BotijoEstiu-768x1024.gif" alt="" class="wp-image-350" srcset="https://estiu.es/wp-content/uploads/2025/01/3_BotijoEstiu-768x1024.gif 768w, https://estiu.es/wp-content/uploads/2025/01/3_BotijoEstiu-225x300.gif 225w" sizes="auto, (max-width: 768px) 100vw, 768px" /></figure>
</div>



<div class="wp-block-column is-vertically-aligned-bottom is-layout-flow wp-block-column-is-layout-flow" style="flex-basis:50%">
<p>El verano cabe en un botijo.</p>



<p>—</p>



<p>Tirada limitada de 20 ejemplares. Para más encargos contactar por e-mail a <a href="mailto:ceramicamontalvo@gmail.com">ceramicamontalvo@gmail.com</a> y por mensaje directo en su Instagram&nbsp;<a href="https://www.instagram.com/ceramicamontalvo?utm_source=ig_web_button_share_sheet&amp;igsh=ZDNlZDc0MzIxNw==">@ceramicamontalvo</a></p>



<p></p>
</div>
</div>



<p></p>
