{"id":333,"date":"2024-09-24T12:47:00","date_gmt":"2024-09-24T10:47:00","guid":{"rendered":"https:\/\/estiu.es\/?post_type=proyecto&#038;p=333"},"modified":"2025-01-20T12:52:08","modified_gmt":"2025-01-20T11:52:08","slug":"local-1-lebrel","status":"publish","type":"proyecto","link":"https:\/\/estiu.es\/ca\/proyecto\/local-1-lebrel\/","title":{"rendered":"Local 1 &#8211; Lebrel"},"content":{"rendered":"\n<p>LOCAL es la nueva publicaci\u00f3n de Impresum que env\u00eda a cada trimestre gratuitamente. Nos encargamos del dise\u00f1o y coordinaci\u00f3n editorial de este peque\u00f1o bolet\u00edn impreso en formato A5 que toma el relevo de la anterior PRINT.<\/p>\n\n\n\n<p>Nueva cabecera, nuevo enfoque con una mirada puesta en los oficios y la artesan\u00eda, y nuevo dise\u00f1o con la tipograf\u00eda Chamber\u00ed de ExtraType como principal protagonista.<\/p>\n\n\n\n<p>Este primer n\u00famero est\u00e1 protagonizado por Fernando Abellanas (Lebrel), y se destaca el proyecto editorial Grupo Residencial Malvarrosa\u00a0de Bianca Cifre y Clara Che que hemos editado a trav\u00e9s de nuestra editorial Festiu.<\/p>\n\n\n\n<p>Esta publicaci\u00f3n peri\u00f3dica en papel se complementa con IM. News, una edici\u00f3n digital que llega cada mes v\u00eda mail con contenidos propios a los suscriptores y clientes de esta imprenta online.<\/p>\n\n\n\n<figure class=\"wp-block-image size-large\"><img loading=\"lazy\" decoding=\"async\" width=\"1024\" height=\"683\" src=\"https:\/\/estiu.es\/wp-content\/uploads\/2025\/01\/6_Local1Lebrel-1024x683.jpeg\" alt=\"\" class=\"wp-image-335\" srcset=\"https:\/\/estiu.es\/wp-content\/uploads\/2025\/01\/6_Local1Lebrel-1024x683.jpeg 1024w, https:\/\/estiu.es\/wp-content\/uploads\/2025\/01\/6_Local1Lebrel-300x200.jpeg 300w, https:\/\/estiu.es\/wp-content\/uploads\/2025\/01\/6_Local1Lebrel-768x512.jpeg 768w, https:\/\/estiu.es\/wp-content\/uploads\/2025\/01\/6_Local1Lebrel.jpeg 1280w\" sizes=\"auto, (max-width: 1024px) 100vw, 1024px\" \/><\/figure>\n\n\n\n<figure class=\"wp-block-image size-large\"><img loading=\"lazy\" decoding=\"async\" width=\"1024\" height=\"683\" src=\"https:\/\/estiu.es\/wp-content\/uploads\/2025\/01\/8_Local1Lebrel-1024x683.jpeg\" alt=\"\" class=\"wp-image-336\" srcset=\"https:\/\/estiu.es\/wp-content\/uploads\/2025\/01\/8_Local1Lebrel-1024x683.jpeg 1024w, https:\/\/estiu.es\/wp-content\/uploads\/2025\/01\/8_Local1Lebrel-300x200.jpeg 300w, https:\/\/estiu.es\/wp-content\/uploads\/2025\/01\/8_Local1Lebrel-768x512.jpeg 768w, https:\/\/estiu.es\/wp-content\/uploads\/2025\/01\/8_Local1Lebrel.jpeg 1280w\" sizes=\"auto, (max-width: 1024px) 100vw, 1024px\" \/><\/figure>\n\n\n\n<figure class=\"wp-block-image size-large\"><img loading=\"lazy\" decoding=\"async\" width=\"1024\" height=\"683\" src=\"https:\/\/estiu.es\/wp-content\/uploads\/2025\/01\/9_Local1Lebrel-1024x683.jpeg\" alt=\"\" class=\"wp-image-337\" srcset=\"https:\/\/estiu.es\/wp-content\/uploads\/2025\/01\/9_Local1Lebrel-1024x683.jpeg 1024w, https:\/\/estiu.es\/wp-content\/uploads\/2025\/01\/9_Local1Lebrel-300x200.jpeg 300w, https:\/\/estiu.es\/wp-content\/uploads\/2025\/01\/9_Local1Lebrel-768x512.jpeg 768w, https:\/\/estiu.es\/wp-content\/uploads\/2025\/01\/9_Local1Lebrel.jpeg 1280w\" sizes=\"auto, (max-width: 1024px) 100vw, 1024px\" \/><\/figure>\n\n\n\n<figure class=\"wp-block-image size-large\"><img loading=\"lazy\" decoding=\"async\" width=\"1024\" height=\"683\" src=\"https:\/\/estiu.es\/wp-content\/uploads\/2025\/01\/21_Local1Lebrel-1024x683.jpeg\" alt=\"\" class=\"wp-image-338\" srcset=\"https:\/\/estiu.es\/wp-content\/uploads\/2025\/01\/21_Local1Lebrel-1024x683.jpeg 1024w, https:\/\/estiu.es\/wp-content\/uploads\/2025\/01\/21_Local1Lebrel-300x200.jpeg 300w, https:\/\/estiu.es\/wp-content\/uploads\/2025\/01\/21_Local1Lebrel-768x512.jpeg 768w, https:\/\/estiu.es\/wp-content\/uploads\/2025\/01\/21_Local1Lebrel.jpeg 1280w\" sizes=\"auto, (max-width: 1024px) 100vw, 1024px\" \/><\/figure>\n\n\n\n<figure class=\"wp-block-image size-large\"><img loading=\"lazy\" decoding=\"async\" width=\"1024\" height=\"683\" src=\"https:\/\/estiu.es\/wp-content\/uploads\/2025\/01\/7_Local1Lebrel-1024x683.jpeg\" alt=\"\" class=\"wp-image-339\" srcset=\"https:\/\/estiu.es\/wp-content\/uploads\/2025\/01\/7_Local1Lebrel-1024x683.jpeg 1024w, https:\/\/estiu.es\/wp-content\/uploads\/2025\/01\/7_Local1Lebrel-300x200.jpeg 300w, https:\/\/estiu.es\/wp-content\/uploads\/2025\/01\/7_Local1Lebrel-768x512.jpeg 768w, https:\/\/estiu.es\/wp-content\/uploads\/2025\/01\/7_Local1Lebrel.jpeg 1280w\" sizes=\"auto, (max-width: 1024px) 100vw, 1024px\" \/><\/figure>\n\n\n\n<figure class=\"wp-block-image size-large\"><img loading=\"lazy\" decoding=\"async\" width=\"1024\" height=\"683\" src=\"https:\/\/estiu.es\/wp-content\/uploads\/2025\/01\/19_Local1Lebrel-1024x683.jpeg\" alt=\"\" class=\"wp-image-340\" srcset=\"https:\/\/estiu.es\/wp-content\/uploads\/2025\/01\/19_Local1Lebrel-1024x683.jpeg 1024w, https:\/\/estiu.es\/wp-content\/uploads\/2025\/01\/19_Local1Lebrel-300x200.jpeg 300w, https:\/\/estiu.es\/wp-content\/uploads\/2025\/01\/19_Local1Lebrel-768x512.jpeg 768w, https:\/\/estiu.es\/wp-content\/uploads\/2025\/01\/19_Local1Lebrel.jpeg 1280w\" sizes=\"auto, (max-width: 1024px) 100vw, 1024px\" \/><\/figure>\n\n\n\n<figure class=\"wp-block-image size-large\"><img loading=\"lazy\" decoding=\"async\" width=\"1024\" height=\"683\" src=\"https:\/\/estiu.es\/wp-content\/uploads\/2025\/01\/3_Local1Lebrel-1024x683.jpeg\" alt=\"\" class=\"wp-image-341\" srcset=\"https:\/\/estiu.es\/wp-content\/uploads\/2025\/01\/3_Local1Lebrel-1024x683.jpeg 1024w, https:\/\/estiu.es\/wp-content\/uploads\/2025\/01\/3_Local1Lebrel-300x200.jpeg 300w, https:\/\/estiu.es\/wp-content\/uploads\/2025\/01\/3_Local1Lebrel-768x512.jpeg 768w, https:\/\/estiu.es\/wp-content\/uploads\/2025\/01\/3_Local1Lebrel.jpeg 1280w\" sizes=\"auto, (max-width: 1024px) 100vw, 1024px\" \/><\/figure>\n\n\n\n<figure class=\"wp-block-image size-large\"><img loading=\"lazy\" decoding=\"async\" width=\"1024\" height=\"683\" src=\"https:\/\/estiu.es\/wp-content\/uploads\/2025\/01\/20_Local1Lebrel-1024x683.jpeg\" alt=\"\" class=\"wp-image-342\" srcset=\"https:\/\/estiu.es\/wp-content\/uploads\/2025\/01\/20_Local1Lebrel-1024x683.jpeg 1024w, https:\/\/estiu.es\/wp-content\/uploads\/2025\/01\/20_Local1Lebrel-300x200.jpeg 300w, https:\/\/estiu.es\/wp-content\/uploads\/2025\/01\/20_Local1Lebrel-768x512.jpeg 768w, https:\/\/estiu.es\/wp-content\/uploads\/2025\/01\/20_Local1Lebrel.jpeg 1280w\" sizes=\"auto, (max-width: 1024px) 100vw, 1024px\" \/><\/figure>\n\n\n\n<p>\u2014<\/p>\n\n\n\n<p>Proyecto realizado en colaboraci\u00f3n con Clara S\u00e1ez (redacci\u00f3n), Marta Salvador (correcci\u00f3n de textos) y Mar\u00eda Mira (fotograf\u00eda). Fotos del proyecto: Sara Azor\u00edn.<\/p>\n","protected":false},"featured_media":334,"template":"","meta":{"_acf_changed":false,"_coblocks_attr":"","_coblocks_dimensions":"","_coblocks_responsive_height":"","_coblocks_accordion_ie_support":""},"categoria-de-proyecto":[5,3],"class_list":["post-333","proyecto","type-proyecto","status-publish","has-post-thumbnail","hentry","categoria-de-proyecto-contenidos","categoria-de-proyecto-editorial"],"acf":[],"_links":{"self":[{"href":"https:\/\/estiu.es\/ca\/wp-json\/wp\/v2\/proyecto\/333","targetHints":{"allow":["GET"]}}],"collection":[{"href":"https:\/\/estiu.es\/ca\/wp-json\/wp\/v2\/proyecto"}],"about":[{"href":"https:\/\/estiu.es\/ca\/wp-json\/wp\/v2\/types\/proyecto"}],"wp:featuredmedia":[{"embeddable":true,"href":"https:\/\/estiu.es\/ca\/wp-json\/wp\/v2\/media\/334"}],"wp:attachment":[{"href":"https:\/\/estiu.es\/ca\/wp-json\/wp\/v2\/media?parent=333"}],"wp:term":[{"taxonomy":"categoria-de-proyecto","embeddable":true,"href":"https:\/\/estiu.es\/ca\/wp-json\/wp\/v2\/categoria-de-proyecto?post=333"}],"curies":[{"name":"wp","href":"https:\/\/api.w.org\/{rel}","templated":true}]}}

<p>LOCAL es la nueva publicación de Impresum que envía a cada trimestre gratuitamente. Nos encargamos del diseño y coordinación editorial de este pequeño boletín impreso en formato A5 que toma el relevo de la anterior PRINT.</p>



<p>Nueva cabecera, nuevo enfoque con una mirada puesta en los oficios y la artesanía, y nuevo diseño con la tipografía Chamberí de ExtraType como principal protagonista.</p>



<p>Este primer número está protagonizado por Fernando Abellanas (Lebrel), y se destaca el proyecto editorial Grupo Residencial Malvarrosa de Bianca Cifre y Clara Che que hemos editado a través de nuestra editorial Festiu.</p>



<p>Esta publicación periódica en papel se complementa con IM. News, una edición digital que llega cada mes vía mail con contenidos propios a los suscriptores y clientes de esta imprenta online.</p>



<figure class="wp-block-image size-large"><img loading="lazy" decoding="async" width="1024" height="683" src="https://estiu.es/wp-content/uploads/2025/01/6_Local1Lebrel-1024x683.jpeg" alt="" class="wp-image-335" srcset="https://estiu.es/wp-content/uploads/2025/01/6_Local1Lebrel-1024x683.jpeg 1024w, https://estiu.es/wp-content/uploads/2025/01/6_Local1Lebrel-300x200.jpeg 300w, https://estiu.es/wp-content/uploads/2025/01/6_Local1Lebrel-768x512.jpeg 768w, https://estiu.es/wp-content/uploads/2025/01/6_Local1Lebrel.jpeg 1280w" sizes="auto, (max-width: 1024px) 100vw, 1024px" /></figure>



<figure class="wp-block-image size-large"><img loading="lazy" decoding="async" width="1024" height="683" src="https://estiu.es/wp-content/uploads/2025/01/8_Local1Lebrel-1024x683.jpeg" alt="" class="wp-image-336" srcset="https://estiu.es/wp-content/uploads/2025/01/8_Local1Lebrel-1024x683.jpeg 1024w, https://estiu.es/wp-content/uploads/2025/01/8_Local1Lebrel-300x200.jpeg 300w, https://estiu.es/wp-content/uploads/2025/01/8_Local1Lebrel-768x512.jpeg 768w, https://estiu.es/wp-content/uploads/2025/01/8_Local1Lebrel.jpeg 1280w" sizes="auto, (max-width: 1024px) 100vw, 1024px" /></figure>



<figure class="wp-block-image size-large"><img loading="lazy" decoding="async" width="1024" height="683" src="https://estiu.es/wp-content/uploads/2025/01/9_Local1Lebrel-1024x683.jpeg" alt="" class="wp-image-337" srcset="https://estiu.es/wp-content/uploads/2025/01/9_Local1Lebrel-1024x683.jpeg 1024w, https://estiu.es/wp-content/uploads/2025/01/9_Local1Lebrel-300x200.jpeg 300w, https://estiu.es/wp-content/uploads/2025/01/9_Local1Lebrel-768x512.jpeg 768w, https://estiu.es/wp-content/uploads/2025/01/9_Local1Lebrel.jpeg 1280w" sizes="auto, (max-width: 1024px) 100vw, 1024px" /></figure>



<figure class="wp-block-image size-large"><img loading="lazy" decoding="async" width="1024" height="683" src="https://estiu.es/wp-content/uploads/2025/01/21_Local1Lebrel-1024x683.jpeg" alt="" class="wp-image-338" srcset="https://estiu.es/wp-content/uploads/2025/01/21_Local1Lebrel-1024x683.jpeg 1024w, https://estiu.es/wp-content/uploads/2025/01/21_Local1Lebrel-300x200.jpeg 300w, https://estiu.es/wp-content/uploads/2025/01/21_Local1Lebrel-768x512.jpeg 768w, https://estiu.es/wp-content/uploads/2025/01/21_Local1Lebrel.jpeg 1280w" sizes="auto, (max-width: 1024px) 100vw, 1024px" /></figure>



<figure class="wp-block-image size-large"><img loading="lazy" decoding="async" width="1024" height="683" src="https://estiu.es/wp-content/uploads/2025/01/7_Local1Lebrel-1024x683.jpeg" alt="" class="wp-image-339" srcset="https://estiu.es/wp-content/uploads/2025/01/7_Local1Lebrel-1024x683.jpeg 1024w, https://estiu.es/wp-content/uploads/2025/01/7_Local1Lebrel-300x200.jpeg 300w, https://estiu.es/wp-content/uploads/2025/01/7_Local1Lebrel-768x512.jpeg 768w, https://estiu.es/wp-content/uploads/2025/01/7_Local1Lebrel.jpeg 1280w" sizes="auto, (max-width: 1024px) 100vw, 1024px" /></figure>



<figure class="wp-block-image size-large"><img loading="lazy" decoding="async" width="1024" height="683" src="https://estiu.es/wp-content/uploads/2025/01/19_Local1Lebrel-1024x683.jpeg" alt="" class="wp-image-340" srcset="https://estiu.es/wp-content/uploads/2025/01/19_Local1Lebrel-1024x683.jpeg 1024w, https://estiu.es/wp-content/uploads/2025/01/19_Local1Lebrel-300x200.jpeg 300w, https://estiu.es/wp-content/uploads/2025/01/19_Local1Lebrel-768x512.jpeg 768w, https://estiu.es/wp-content/uploads/2025/01/19_Local1Lebrel.jpeg 1280w" sizes="auto, (max-width: 1024px) 100vw, 1024px" /></figure>



<figure class="wp-block-image size-large"><img loading="lazy" decoding="async" width="1024" height="683" src="https://estiu.es/wp-content/uploads/2025/01/3_Local1Lebrel-1024x683.jpeg" alt="" class="wp-image-341" srcset="https://estiu.es/wp-content/uploads/2025/01/3_Local1Lebrel-1024x683.jpeg 1024w, https://estiu.es/wp-content/uploads/2025/01/3_Local1Lebrel-300x200.jpeg 300w, https://estiu.es/wp-content/uploads/2025/01/3_Local1Lebrel-768x512.jpeg 768w, https://estiu.es/wp-content/uploads/2025/01/3_Local1Lebrel.jpeg 1280w" sizes="auto, (max-width: 1024px) 100vw, 1024px" /></figure>



<figure class="wp-block-image size-large"><img loading="lazy" decoding="async" width="1024" height="683" src="https://estiu.es/wp-content/uploads/2025/01/20_Local1Lebrel-1024x683.jpeg" alt="" class="wp-image-342" srcset="https://estiu.es/wp-content/uploads/2025/01/20_Local1Lebrel-1024x683.jpeg 1024w, https://estiu.es/wp-content/uploads/2025/01/20_Local1Lebrel-300x200.jpeg 300w, https://estiu.es/wp-content/uploads/2025/01/20_Local1Lebrel-768x512.jpeg 768w, https://estiu.es/wp-content/uploads/2025/01/20_Local1Lebrel.jpeg 1280w" sizes="auto, (max-width: 1024px) 100vw, 1024px" /></figure>



<p>—</p>



<p>Proyecto realizado en colaboración con Clara Sáez (redacción), Marta Salvador (corrección de textos) y María Mira (fotografía). Fotos del proyecto: Sara Azorín.</p>
