{"id":301,"date":"2023-07-07T18:00:00","date_gmt":"2023-07-07T16:00:00","guid":{"rendered":"https:\/\/estiu.es\/?post_type=proyecto&#038;p=301"},"modified":"2025-01-08T18:21:42","modified_gmt":"2025-01-08T17:21:42","slug":"cim-benimaclet","status":"publish","type":"proyecto","link":"https:\/\/estiu.es\/ca\/proyecto\/cim-benimaclet\/","title":{"rendered":"CIM Benimaclet"},"content":{"rendered":"\n<p>Dise\u00f1o de la nueva identidad gr\u00e1fica y p\u00e1gina web del CIM Benimaclet.<\/p>\n\n\n\n<p>El Centro Instructivo Musical de Benimaclet, conocido popularmente como &#8216;El Musical&#8217; o &#8216;El CIM&#8217;, es la Sociedad Musical hist\u00f3rica del antiguo pueblo de Benimaclet, hoy d\u00eda barrio del norte de la ciudad de Valencia.&nbsp;<\/p>\n\n\n\n<p>Pertenecer al CIM de Benimaclet, como socio, como m\u00fasico o como alumno, es mucho m\u00e1s que aprender, interpretar o apoyar la m\u00fasica. Es formar parte de un gran grupo humano de intercambio social, solidario y cooperativo, que ha terminado convirti\u00e9ndose en el centro cultural del barrio.<\/p>\n\n\n\n<figure class=\"wp-block-image size-large\"><img loading=\"lazy\" decoding=\"async\" width=\"1024\" height=\"683\" src=\"https:\/\/estiu.es\/wp-content\/uploads\/2025\/01\/3_CIMBenimaclet-1024x683.jpeg\" alt=\"\" class=\"wp-image-304\" srcset=\"https:\/\/estiu.es\/wp-content\/uploads\/2025\/01\/3_CIMBenimaclet-1024x683.jpeg 1024w, https:\/\/estiu.es\/wp-content\/uploads\/2025\/01\/3_CIMBenimaclet-300x200.jpeg 300w, https:\/\/estiu.es\/wp-content\/uploads\/2025\/01\/3_CIMBenimaclet-768x512.jpeg 768w, https:\/\/estiu.es\/wp-content\/uploads\/2025\/01\/3_CIMBenimaclet.jpeg 1280w\" sizes=\"auto, (max-width: 1024px) 100vw, 1024px\" \/><\/figure>\n\n\n\n<figure class=\"wp-block-image size-large\"><img loading=\"lazy\" decoding=\"async\" width=\"1024\" height=\"683\" src=\"https:\/\/estiu.es\/wp-content\/uploads\/2025\/01\/4_CIMBenimaclet-1024x683.jpeg\" alt=\"\" class=\"wp-image-303\" srcset=\"https:\/\/estiu.es\/wp-content\/uploads\/2025\/01\/4_CIMBenimaclet-1024x683.jpeg 1024w, https:\/\/estiu.es\/wp-content\/uploads\/2025\/01\/4_CIMBenimaclet-300x200.jpeg 300w, https:\/\/estiu.es\/wp-content\/uploads\/2025\/01\/4_CIMBenimaclet-768x512.jpeg 768w, https:\/\/estiu.es\/wp-content\/uploads\/2025\/01\/4_CIMBenimaclet.jpeg 1280w\" sizes=\"auto, (max-width: 1024px) 100vw, 1024px\" \/><\/figure>\n\n\n\n<figure class=\"wp-block-image size-full\"><img decoding=\"async\" src=\"https:\/\/estiu.es\/wp-content\/uploads\/2023\/07\/6_CIMBenimaclet-ezgif.com-resize-video.mp4\" alt=\"\" class=\"wp-image-310\"\/><\/figure>\n","protected":false},"featured_media":309,"template":"","meta":{"_acf_changed":false,"_coblocks_attr":"","_coblocks_dimensions":"","_coblocks_responsive_height":"","_coblocks_accordion_ie_support":""},"categoria-de-proyecto":[4],"class_list":["post-301","proyecto","type-proyecto","status-publish","has-post-thumbnail","hentry","categoria-de-proyecto-identidad"],"acf":[],"_links":{"self":[{"href":"https:\/\/estiu.es\/ca\/wp-json\/wp\/v2\/proyecto\/301","targetHints":{"allow":["GET"]}}],"collection":[{"href":"https:\/\/estiu.es\/ca\/wp-json\/wp\/v2\/proyecto"}],"about":[{"href":"https:\/\/estiu.es\/ca\/wp-json\/wp\/v2\/types\/proyecto"}],"wp:featuredmedia":[{"embeddable":true,"href":"https:\/\/estiu.es\/ca\/wp-json\/wp\/v2\/media\/309"}],"wp:attachment":[{"href":"https:\/\/estiu.es\/ca\/wp-json\/wp\/v2\/media?parent=301"}],"wp:term":[{"taxonomy":"categoria-de-proyecto","embeddable":true,"href":"https:\/\/estiu.es\/ca\/wp-json\/wp\/v2\/categoria-de-proyecto?post=301"}],"curies":[{"name":"wp","href":"https:\/\/api.w.org\/{rel}","templated":true}]}}

<p>Diseño de la nueva identidad gráfica y página web del CIM Benimaclet.</p>



<p>El Centro Instructivo Musical de Benimaclet, conocido popularmente como &#8216;El Musical&#8217; o &#8216;El CIM&#8217;, es la Sociedad Musical histórica del antiguo pueblo de Benimaclet, hoy día barrio del norte de la ciudad de Valencia.&nbsp;</p>



<p>Pertenecer al CIM de Benimaclet, como socio, como músico o como alumno, es mucho más que aprender, interpretar o apoyar la música. Es formar parte de un gran grupo humano de intercambio social, solidario y cooperativo, que ha terminado convirtiéndose en el centro cultural del barrio.</p>



<figure class="wp-block-image size-large"><img loading="lazy" decoding="async" width="1024" height="683" src="https://estiu.es/wp-content/uploads/2025/01/3_CIMBenimaclet-1024x683.jpeg" alt="" class="wp-image-304" srcset="https://estiu.es/wp-content/uploads/2025/01/3_CIMBenimaclet-1024x683.jpeg 1024w, https://estiu.es/wp-content/uploads/2025/01/3_CIMBenimaclet-300x200.jpeg 300w, https://estiu.es/wp-content/uploads/2025/01/3_CIMBenimaclet-768x512.jpeg 768w, https://estiu.es/wp-content/uploads/2025/01/3_CIMBenimaclet.jpeg 1280w" sizes="auto, (max-width: 1024px) 100vw, 1024px" /></figure>



<figure class="wp-block-image size-large"><img loading="lazy" decoding="async" width="1024" height="683" src="https://estiu.es/wp-content/uploads/2025/01/4_CIMBenimaclet-1024x683.jpeg" alt="" class="wp-image-303" srcset="https://estiu.es/wp-content/uploads/2025/01/4_CIMBenimaclet-1024x683.jpeg 1024w, https://estiu.es/wp-content/uploads/2025/01/4_CIMBenimaclet-300x200.jpeg 300w, https://estiu.es/wp-content/uploads/2025/01/4_CIMBenimaclet-768x512.jpeg 768w, https://estiu.es/wp-content/uploads/2025/01/4_CIMBenimaclet.jpeg 1280w" sizes="auto, (max-width: 1024px) 100vw, 1024px" /></figure>



<figure class="wp-block-image size-full"><img decoding="async" src="https://estiu.es/wp-content/uploads/2023/07/6_CIMBenimaclet-ezgif.com-resize-video.mp4" alt="" class="wp-image-310"/></figure>
