{"id":2878,"date":"2025-11-29T10:21:00","date_gmt":"2025-11-29T09:21:00","guid":{"rendered":"https:\/\/estiu.es\/?post_type=proyecto&#038;p=2878"},"modified":"2026-01-29T10:22:47","modified_gmt":"2026-01-29T09:22:47","slug":"cuina-oberta-de-la-cuina","status":"publish","type":"proyecto","link":"https:\/\/estiu.es\/ca\/proyecto\/cuina-oberta-de-la-cuina\/","title":{"rendered":"&#8216;Cuina Oberta&#8217; de La Cuina"},"content":{"rendered":"\n<p>Para la primera&nbsp;<em><strong>Cuina Oberta<\/strong><\/em>&nbsp;de <a href=\"https:\/\/www.instagram.com\/lacuina___\/?hl=es\" target=\"_blank\" rel=\"noreferrer noopener\"><strong>La Cuina<\/strong><\/a>, un proyecto de <a href=\"https:\/\/www.instagram.com\/musictotakeaway\/?hl=es\" target=\"_blank\" rel=\"noreferrer noopener\"><strong>Music to take away<\/strong><\/a>, nos encargamos de la direcci\u00f3n creativa y la fotograf\u00eda, as\u00ed como del dise\u00f1o de papeler\u00eda y distintos elementos de identidad. Fue un encuentro reducido para invitados, pensado para capturar la vida en la cocina: las planchas en funcionamiento, las mesas que se ponen y se quitan y la energ\u00eda de un espacio en movimiento.<\/p>\n\n\n\n<p><em><strong>Cuina Oberta<\/strong><\/em>&nbsp;nace como una serie de encuentros que llevan la cocina al centro de la experiencia sonora, explorando c\u00f3mo un espacio gastron\u00f3mico puede convertirse en escenario de creatividad y experimentaci\u00f3n musical, con la idea de repetir la experiencia en futuras ediciones.<\/p>\n\n\n\n<figure class=\"wp-block-image size-full is-resized\"><img loading=\"lazy\" decoding=\"async\" width=\"600\" height=\"750\" src=\"https:\/\/estiu.es\/wp-content\/uploads\/2026\/01\/6-LaCuina2-2.gif\" alt=\"\" class=\"wp-image-2986\" style=\"width:840px;height:auto\"\/><\/figure>\n\n\n\n<figure class=\"wp-block-image size-full\"><img loading=\"lazy\" decoding=\"async\" width=\"2048\" height=\"2560\" src=\"https:\/\/estiu.es\/wp-content\/uploads\/2026\/01\/2-LaCuina_DonGuillo_ScanB-scaled.jpg\" alt=\"\" class=\"wp-image-2980\" srcset=\"https:\/\/estiu.es\/wp-content\/uploads\/2026\/01\/2-LaCuina_DonGuillo_ScanB-scaled.jpg 2048w, https:\/\/estiu.es\/wp-content\/uploads\/2026\/01\/2-LaCuina_DonGuillo_ScanB-240x300.jpg 240w, https:\/\/estiu.es\/wp-content\/uploads\/2026\/01\/2-LaCuina_DonGuillo_ScanB-819x1024.jpg 819w, https:\/\/estiu.es\/wp-content\/uploads\/2026\/01\/2-LaCuina_DonGuillo_ScanB-768x960.jpg 768w, https:\/\/estiu.es\/wp-content\/uploads\/2026\/01\/2-LaCuina_DonGuillo_ScanB-1229x1536.jpg 1229w, https:\/\/estiu.es\/wp-content\/uploads\/2026\/01\/2-LaCuina_DonGuillo_ScanB-1638x2048.jpg 1638w\" sizes=\"auto, (max-width: 2048px) 100vw, 2048px\" \/><\/figure>\n\n\n\n<figure class=\"wp-block-image size-full\"><img loading=\"lazy\" decoding=\"async\" width=\"2048\" height=\"2560\" src=\"https:\/\/estiu.es\/wp-content\/uploads\/2026\/01\/5-SesionDonGuillo-62C-scaled.jpg\" alt=\"\" class=\"wp-image-2983\" srcset=\"https:\/\/estiu.es\/wp-content\/uploads\/2026\/01\/5-SesionDonGuillo-62C-scaled.jpg 2048w, https:\/\/estiu.es\/wp-content\/uploads\/2026\/01\/5-SesionDonGuillo-62C-240x300.jpg 240w, https:\/\/estiu.es\/wp-content\/uploads\/2026\/01\/5-SesionDonGuillo-62C-819x1024.jpg 819w, https:\/\/estiu.es\/wp-content\/uploads\/2026\/01\/5-SesionDonGuillo-62C-768x960.jpg 768w, https:\/\/estiu.es\/wp-content\/uploads\/2026\/01\/5-SesionDonGuillo-62C-1229x1536.jpg 1229w, https:\/\/estiu.es\/wp-content\/uploads\/2026\/01\/5-SesionDonGuillo-62C-1638x2048.jpg 1638w\" sizes=\"auto, (max-width: 2048px) 100vw, 2048px\" \/><\/figure>\n\n\n\n<figure class=\"wp-block-image size-large\"><img loading=\"lazy\" decoding=\"async\" width=\"1024\" height=\"683\" src=\"https:\/\/estiu.es\/wp-content\/uploads\/2026\/01\/SesionDonGuillo-4B-1024x683.jpg\" alt=\"\" class=\"wp-image-2989\" srcset=\"https:\/\/estiu.es\/wp-content\/uploads\/2026\/01\/SesionDonGuillo-4B-1024x683.jpg 1024w, https:\/\/estiu.es\/wp-content\/uploads\/2026\/01\/SesionDonGuillo-4B-300x200.jpg 300w, https:\/\/estiu.es\/wp-content\/uploads\/2026\/01\/SesionDonGuillo-4B-768x512.jpg 768w, https:\/\/estiu.es\/wp-content\/uploads\/2026\/01\/SesionDonGuillo-4B-1536x1024.jpg 1536w, https:\/\/estiu.es\/wp-content\/uploads\/2026\/01\/SesionDonGuillo-4B-2048x1365.jpg 2048w\" sizes=\"auto, (max-width: 1024px) 100vw, 1024px\" \/><\/figure>\n","protected":false},"featured_media":2970,"template":"","meta":{"_acf_changed":false,"_coblocks_attr":"","_coblocks_dimensions":"","_coblocks_responsive_height":"","_coblocks_accordion_ie_support":""},"categoria-de-proyecto":[24],"class_list":["post-2878","proyecto","type-proyecto","status-publish","has-post-thumbnail","hentry","categoria-de-proyecto-comunicacion"],"acf":[],"_links":{"self":[{"href":"https:\/\/estiu.es\/ca\/wp-json\/wp\/v2\/proyecto\/2878","targetHints":{"allow":["GET"]}}],"collection":[{"href":"https:\/\/estiu.es\/ca\/wp-json\/wp\/v2\/proyecto"}],"about":[{"href":"https:\/\/estiu.es\/ca\/wp-json\/wp\/v2\/types\/proyecto"}],"wp:featuredmedia":[{"embeddable":true,"href":"https:\/\/estiu.es\/ca\/wp-json\/wp\/v2\/media\/2970"}],"wp:attachment":[{"href":"https:\/\/estiu.es\/ca\/wp-json\/wp\/v2\/media?parent=2878"}],"wp:term":[{"taxonomy":"categoria-de-proyecto","embeddable":true,"href":"https:\/\/estiu.es\/ca\/wp-json\/wp\/v2\/categoria-de-proyecto?post=2878"}],"curies":[{"name":"wp","href":"https:\/\/api.w.org\/{rel}","templated":true}]}}

<p>Para la primera&nbsp;<em><strong>Cuina Oberta</strong></em>&nbsp;de <a href="https://www.instagram.com/lacuina___/?hl=es" target="_blank" rel="noreferrer noopener"><strong>La Cuina</strong></a>, un proyecto de <a href="https://www.instagram.com/musictotakeaway/?hl=es" target="_blank" rel="noreferrer noopener"><strong>Music to take away</strong></a>, nos encargamos de la dirección creativa y la fotografía, así como del diseño de papelería y distintos elementos de identidad. Fue un encuentro reducido para invitados, pensado para capturar la vida en la cocina: las planchas en funcionamiento, las mesas que se ponen y se quitan y la energía de un espacio en movimiento.</p>



<p><em><strong>Cuina Oberta</strong></em>&nbsp;nace como una serie de encuentros que llevan la cocina al centro de la experiencia sonora, explorando cómo un espacio gastronómico puede convertirse en escenario de creatividad y experimentación musical, con la idea de repetir la experiencia en futuras ediciones.</p>



<figure class="wp-block-image size-full is-resized"><img loading="lazy" decoding="async" width="600" height="750" src="https://estiu.es/wp-content/uploads/2026/01/6-LaCuina2-2.gif" alt="" class="wp-image-2986" style="width:840px;height:auto"/></figure>



<figure class="wp-block-image size-full"><img loading="lazy" decoding="async" width="2048" height="2560" src="https://estiu.es/wp-content/uploads/2026/01/2-LaCuina_DonGuillo_ScanB-scaled.jpg" alt="" class="wp-image-2980" srcset="https://estiu.es/wp-content/uploads/2026/01/2-LaCuina_DonGuillo_ScanB-scaled.jpg 2048w, https://estiu.es/wp-content/uploads/2026/01/2-LaCuina_DonGuillo_ScanB-240x300.jpg 240w, https://estiu.es/wp-content/uploads/2026/01/2-LaCuina_DonGuillo_ScanB-819x1024.jpg 819w, https://estiu.es/wp-content/uploads/2026/01/2-LaCuina_DonGuillo_ScanB-768x960.jpg 768w, https://estiu.es/wp-content/uploads/2026/01/2-LaCuina_DonGuillo_ScanB-1229x1536.jpg 1229w, https://estiu.es/wp-content/uploads/2026/01/2-LaCuina_DonGuillo_ScanB-1638x2048.jpg 1638w" sizes="auto, (max-width: 2048px) 100vw, 2048px" /></figure>



<figure class="wp-block-image size-full"><img loading="lazy" decoding="async" width="2048" height="2560" src="https://estiu.es/wp-content/uploads/2026/01/5-SesionDonGuillo-62C-scaled.jpg" alt="" class="wp-image-2983" srcset="https://estiu.es/wp-content/uploads/2026/01/5-SesionDonGuillo-62C-scaled.jpg 2048w, https://estiu.es/wp-content/uploads/2026/01/5-SesionDonGuillo-62C-240x300.jpg 240w, https://estiu.es/wp-content/uploads/2026/01/5-SesionDonGuillo-62C-819x1024.jpg 819w, https://estiu.es/wp-content/uploads/2026/01/5-SesionDonGuillo-62C-768x960.jpg 768w, https://estiu.es/wp-content/uploads/2026/01/5-SesionDonGuillo-62C-1229x1536.jpg 1229w, https://estiu.es/wp-content/uploads/2026/01/5-SesionDonGuillo-62C-1638x2048.jpg 1638w" sizes="auto, (max-width: 2048px) 100vw, 2048px" /></figure>



<figure class="wp-block-image size-large"><img loading="lazy" decoding="async" width="1024" height="683" src="https://estiu.es/wp-content/uploads/2026/01/SesionDonGuillo-4B-1024x683.jpg" alt="" class="wp-image-2989" srcset="https://estiu.es/wp-content/uploads/2026/01/SesionDonGuillo-4B-1024x683.jpg 1024w, https://estiu.es/wp-content/uploads/2026/01/SesionDonGuillo-4B-300x200.jpg 300w, https://estiu.es/wp-content/uploads/2026/01/SesionDonGuillo-4B-768x512.jpg 768w, https://estiu.es/wp-content/uploads/2026/01/SesionDonGuillo-4B-1536x1024.jpg 1536w, https://estiu.es/wp-content/uploads/2026/01/SesionDonGuillo-4B-2048x1365.jpg 2048w" sizes="auto, (max-width: 1024px) 100vw, 1024px" /></figure>
