{"id":278,"date":"2024-11-05T17:51:00","date_gmt":"2024-11-05T16:51:00","guid":{"rendered":"https:\/\/estiu.es\/?post_type=proyecto&#038;p=278"},"modified":"2025-01-08T17:59:54","modified_gmt":"2025-01-08T16:59:54","slug":"des-del-cel-a-labisme","status":"publish","type":"proyecto","link":"https:\/\/estiu.es\/ca\/proyecto\/des-del-cel-a-labisme\/","title":{"rendered":"Des del cel a l\u2019abisme"},"content":{"rendered":"\n<p>Dise\u00f1o y maquetaci\u00f3n del fotolibro <em>Des del cel a l\u2019abisme<\/em>, de Julio Balaguer. Una publicaci\u00f3n que retrata los barrios del distrito de la Zaid\u00eda (Sa\u00efdia) en Val\u00e8ncia.<\/p>\n\n\n\n<p>\u2014<\/p>\n\n\n\n<p>Editado por Armand Ll\u00e0cer<br>Textos de Carles Dol\u00e7, Carles Fenollosa y Clara S\u00e1ez<br>Tipografia Pliego &#8211; Juanjo L\u00f3pez&nbsp;<br>Impreso en La Imprenta CG<\/p>\n\n\n\n<figure class=\"wp-block-image size-large\"><img loading=\"lazy\" decoding=\"async\" width=\"1024\" height=\"683\" src=\"https:\/\/estiu.es\/wp-content\/uploads\/2025\/01\/CelAbisme-6-1024x683.jpeg\" alt=\"\" class=\"wp-image-285\" srcset=\"https:\/\/estiu.es\/wp-content\/uploads\/2025\/01\/CelAbisme-6-1024x683.jpeg 1024w, https:\/\/estiu.es\/wp-content\/uploads\/2025\/01\/CelAbisme-6-300x200.jpeg 300w, https:\/\/estiu.es\/wp-content\/uploads\/2025\/01\/CelAbisme-6-768x512.jpeg 768w, https:\/\/estiu.es\/wp-content\/uploads\/2025\/01\/CelAbisme-6.jpeg 1280w\" sizes=\"auto, (max-width: 1024px) 100vw, 1024px\" \/><\/figure>\n\n\n\n<figure class=\"wp-block-image size-large\"><img loading=\"lazy\" decoding=\"async\" width=\"1024\" height=\"683\" src=\"https:\/\/estiu.es\/wp-content\/uploads\/2025\/01\/CelAbisme-7-1024x683.jpeg\" alt=\"\" class=\"wp-image-286\" srcset=\"https:\/\/estiu.es\/wp-content\/uploads\/2025\/01\/CelAbisme-7-1024x683.jpeg 1024w, https:\/\/estiu.es\/wp-content\/uploads\/2025\/01\/CelAbisme-7-300x200.jpeg 300w, https:\/\/estiu.es\/wp-content\/uploads\/2025\/01\/CelAbisme-7-768x512.jpeg 768w, https:\/\/estiu.es\/wp-content\/uploads\/2025\/01\/CelAbisme-7.jpeg 1280w\" sizes=\"auto, (max-width: 1024px) 100vw, 1024px\" \/><\/figure>\n\n\n\n<figure class=\"wp-block-image size-large\"><img loading=\"lazy\" decoding=\"async\" width=\"1024\" height=\"683\" src=\"https:\/\/estiu.es\/wp-content\/uploads\/2025\/01\/CelAbisme-10-1024x683.jpeg\" alt=\"\" class=\"wp-image-289\" srcset=\"https:\/\/estiu.es\/wp-content\/uploads\/2025\/01\/CelAbisme-10-1024x683.jpeg 1024w, https:\/\/estiu.es\/wp-content\/uploads\/2025\/01\/CelAbisme-10-300x200.jpeg 300w, https:\/\/estiu.es\/wp-content\/uploads\/2025\/01\/CelAbisme-10-768x512.jpeg 768w, https:\/\/estiu.es\/wp-content\/uploads\/2025\/01\/CelAbisme-10.jpeg 1280w\" sizes=\"auto, (max-width: 1024px) 100vw, 1024px\" \/><\/figure>\n\n\n\n<figure class=\"wp-block-image size-large\"><img loading=\"lazy\" decoding=\"async\" width=\"1024\" height=\"683\" src=\"https:\/\/estiu.es\/wp-content\/uploads\/2025\/01\/CelAbisme-15-1024x683.jpeg\" alt=\"\" class=\"wp-image-294\" srcset=\"https:\/\/estiu.es\/wp-content\/uploads\/2025\/01\/CelAbisme-15-1024x683.jpeg 1024w, https:\/\/estiu.es\/wp-content\/uploads\/2025\/01\/CelAbisme-15-300x200.jpeg 300w, https:\/\/estiu.es\/wp-content\/uploads\/2025\/01\/CelAbisme-15-768x512.jpeg 768w, https:\/\/estiu.es\/wp-content\/uploads\/2025\/01\/CelAbisme-15.jpeg 1280w\" sizes=\"auto, (max-width: 1024px) 100vw, 1024px\" \/><\/figure>\n\n\n\n<figure class=\"wp-block-image size-large\"><img loading=\"lazy\" decoding=\"async\" width=\"1024\" height=\"683\" src=\"https:\/\/estiu.es\/wp-content\/uploads\/2025\/01\/CelAbisme-19-1024x683.jpeg\" alt=\"\" class=\"wp-image-298\" srcset=\"https:\/\/estiu.es\/wp-content\/uploads\/2025\/01\/CelAbisme-19-1024x683.jpeg 1024w, https:\/\/estiu.es\/wp-content\/uploads\/2025\/01\/CelAbisme-19-300x200.jpeg 300w, https:\/\/estiu.es\/wp-content\/uploads\/2025\/01\/CelAbisme-19-768x512.jpeg 768w, https:\/\/estiu.es\/wp-content\/uploads\/2025\/01\/CelAbisme-19.jpeg 1280w\" sizes=\"auto, (max-width: 1024px) 100vw, 1024px\" \/><\/figure>\n","protected":false},"featured_media":281,"template":"","meta":{"_acf_changed":false,"_coblocks_attr":"","_coblocks_dimensions":"","_coblocks_responsive_height":"","_coblocks_accordion_ie_support":""},"categoria-de-proyecto":[3],"class_list":["post-278","proyecto","type-proyecto","status-publish","has-post-thumbnail","hentry","categoria-de-proyecto-editorial"],"acf":[],"_links":{"self":[{"href":"https:\/\/estiu.es\/ca\/wp-json\/wp\/v2\/proyecto\/278","targetHints":{"allow":["GET"]}}],"collection":[{"href":"https:\/\/estiu.es\/ca\/wp-json\/wp\/v2\/proyecto"}],"about":[{"href":"https:\/\/estiu.es\/ca\/wp-json\/wp\/v2\/types\/proyecto"}],"wp:featuredmedia":[{"embeddable":true,"href":"https:\/\/estiu.es\/ca\/wp-json\/wp\/v2\/media\/281"}],"wp:attachment":[{"href":"https:\/\/estiu.es\/ca\/wp-json\/wp\/v2\/media?parent=278"}],"wp:term":[{"taxonomy":"categoria-de-proyecto","embeddable":true,"href":"https:\/\/estiu.es\/ca\/wp-json\/wp\/v2\/categoria-de-proyecto?post=278"}],"curies":[{"name":"wp","href":"https:\/\/api.w.org\/{rel}","templated":true}]}}

<p>Diseño y maquetación del fotolibro <em>Des del cel a l’abisme</em>, de Julio Balaguer. Una publicación que retrata los barrios del distrito de la Zaidía (Saïdia) en València.</p>



<p>—</p>



<p>Editado por Armand Llàcer<br>Textos de Carles Dolç, Carles Fenollosa y Clara Sáez<br>Tipografia Pliego &#8211; Juanjo López&nbsp;<br>Impreso en La Imprenta CG</p>



<figure class="wp-block-image size-large"><img loading="lazy" decoding="async" width="1024" height="683" src="https://estiu.es/wp-content/uploads/2025/01/CelAbisme-6-1024x683.jpeg" alt="" class="wp-image-285" srcset="https://estiu.es/wp-content/uploads/2025/01/CelAbisme-6-1024x683.jpeg 1024w, https://estiu.es/wp-content/uploads/2025/01/CelAbisme-6-300x200.jpeg 300w, https://estiu.es/wp-content/uploads/2025/01/CelAbisme-6-768x512.jpeg 768w, https://estiu.es/wp-content/uploads/2025/01/CelAbisme-6.jpeg 1280w" sizes="auto, (max-width: 1024px) 100vw, 1024px" /></figure>



<figure class="wp-block-image size-large"><img loading="lazy" decoding="async" width="1024" height="683" src="https://estiu.es/wp-content/uploads/2025/01/CelAbisme-7-1024x683.jpeg" alt="" class="wp-image-286" srcset="https://estiu.es/wp-content/uploads/2025/01/CelAbisme-7-1024x683.jpeg 1024w, https://estiu.es/wp-content/uploads/2025/01/CelAbisme-7-300x200.jpeg 300w, https://estiu.es/wp-content/uploads/2025/01/CelAbisme-7-768x512.jpeg 768w, https://estiu.es/wp-content/uploads/2025/01/CelAbisme-7.jpeg 1280w" sizes="auto, (max-width: 1024px) 100vw, 1024px" /></figure>



<figure class="wp-block-image size-large"><img loading="lazy" decoding="async" width="1024" height="683" src="https://estiu.es/wp-content/uploads/2025/01/CelAbisme-10-1024x683.jpeg" alt="" class="wp-image-289" srcset="https://estiu.es/wp-content/uploads/2025/01/CelAbisme-10-1024x683.jpeg 1024w, https://estiu.es/wp-content/uploads/2025/01/CelAbisme-10-300x200.jpeg 300w, https://estiu.es/wp-content/uploads/2025/01/CelAbisme-10-768x512.jpeg 768w, https://estiu.es/wp-content/uploads/2025/01/CelAbisme-10.jpeg 1280w" sizes="auto, (max-width: 1024px) 100vw, 1024px" /></figure>



<figure class="wp-block-image size-large"><img loading="lazy" decoding="async" width="1024" height="683" src="https://estiu.es/wp-content/uploads/2025/01/CelAbisme-15-1024x683.jpeg" alt="" class="wp-image-294" srcset="https://estiu.es/wp-content/uploads/2025/01/CelAbisme-15-1024x683.jpeg 1024w, https://estiu.es/wp-content/uploads/2025/01/CelAbisme-15-300x200.jpeg 300w, https://estiu.es/wp-content/uploads/2025/01/CelAbisme-15-768x512.jpeg 768w, https://estiu.es/wp-content/uploads/2025/01/CelAbisme-15.jpeg 1280w" sizes="auto, (max-width: 1024px) 100vw, 1024px" /></figure>



<figure class="wp-block-image size-large"><img loading="lazy" decoding="async" width="1024" height="683" src="https://estiu.es/wp-content/uploads/2025/01/CelAbisme-19-1024x683.jpeg" alt="" class="wp-image-298" srcset="https://estiu.es/wp-content/uploads/2025/01/CelAbisme-19-1024x683.jpeg 1024w, https://estiu.es/wp-content/uploads/2025/01/CelAbisme-19-300x200.jpeg 300w, https://estiu.es/wp-content/uploads/2025/01/CelAbisme-19-768x512.jpeg 768w, https://estiu.es/wp-content/uploads/2025/01/CelAbisme-19.jpeg 1280w" sizes="auto, (max-width: 1024px) 100vw, 1024px" /></figure>
