{"id":2477,"date":"2025-03-09T12:36:00","date_gmt":"2025-03-09T11:36:00","guid":{"rendered":"https:\/\/estiu.es\/?post_type=proyecto&#038;p=2477"},"modified":"2025-05-09T13:06:26","modified_gmt":"2025-05-09T11:06:26","slug":"mtta","status":"publish","type":"proyecto","link":"https:\/\/estiu.es\/ca\/proyecto\/mtta\/","title":{"rendered":"MTTA"},"content":{"rendered":"\n<p><a href=\"https:\/\/www.instagram.com\/musictotakeaway\/\" data-type=\"link\" data-id=\"https:\/\/www.instagram.com\/musictotakeaway\/\" target=\"_blank\" rel=\"noreferrer noopener\">Music To Take Away<\/a>, une la experiencia de la m\u00fasica house con el concepto de \u2018para llevar\u2019 con una imagen formal y flexible, que permite su adaptaci\u00f3n a las diferentes necesidades del universo MTTA.<\/p>\n\n\n\n<p>Inspirado en la est\u00e9tica del <em>streetwear<\/em>, el arte urbano y la iconograf\u00eda musical, el proyecto se materializa en una serie de dise\u00f1os que evocan la nostalgia de los cassettes, los vinilos y los reproductores port\u00e1tiles, reinterpretados con un enfoque contempor\u00e1neo.<\/p>\n\n\n\n<p>Nos encargamos del dise\u00f1o de todas sus propuestas de identidad y difusi\u00f3n de eventos, que se despliegan principalmente en redes sociales, en colaboraci\u00f3n con la periodista <a href=\"https:\/\/www.esthermoya.com\" data-type=\"link\" data-id=\"https:\/\/www.esthermoya.com\" target=\"_blank\" rel=\"noreferrer noopener\">Esther Moya<\/a>.<\/p>\n","protected":false},"featured_media":2478,"template":"","meta":{"_acf_changed":false,"_coblocks_attr":"","_coblocks_dimensions":"","_coblocks_responsive_height":"","_coblocks_accordion_ie_support":""},"categoria-de-proyecto":[8,4],"class_list":["post-2477","proyecto","type-proyecto","status-publish","has-post-thumbnail","hentry","categoria-de-proyecto-grafico","categoria-de-proyecto-identidad"],"acf":[],"_links":{"self":[{"href":"https:\/\/estiu.es\/ca\/wp-json\/wp\/v2\/proyecto\/2477","targetHints":{"allow":["GET"]}}],"collection":[{"href":"https:\/\/estiu.es\/ca\/wp-json\/wp\/v2\/proyecto"}],"about":[{"href":"https:\/\/estiu.es\/ca\/wp-json\/wp\/v2\/types\/proyecto"}],"wp:featuredmedia":[{"embeddable":true,"href":"https:\/\/estiu.es\/ca\/wp-json\/wp\/v2\/media\/2478"}],"wp:attachment":[{"href":"https:\/\/estiu.es\/ca\/wp-json\/wp\/v2\/media?parent=2477"}],"wp:term":[{"taxonomy":"categoria-de-proyecto","embeddable":true,"href":"https:\/\/estiu.es\/ca\/wp-json\/wp\/v2\/categoria-de-proyecto?post=2477"}],"curies":[{"name":"wp","href":"https:\/\/api.w.org\/{rel}","templated":true}]}}

<p><a href="https://www.instagram.com/musictotakeaway/" data-type="link" data-id="https://www.instagram.com/musictotakeaway/" target="_blank" rel="noreferrer noopener">Music To Take Away</a>, une la experiencia de la música house con el concepto de ‘para llevar’ con una imagen formal y flexible, que permite su adaptación a las diferentes necesidades del universo MTTA.</p>



<p>Inspirado en la estética del <em>streetwear</em>, el arte urbano y la iconografía musical, el proyecto se materializa en una serie de diseños que evocan la nostalgia de los cassettes, los vinilos y los reproductores portátiles, reinterpretados con un enfoque contemporáneo.</p>



<p>Nos encargamos del diseño de todas sus propuestas de identidad y difusión de eventos, que se despliegan principalmente en redes sociales, en colaboración con la periodista <a href="https://www.esthermoya.com" data-type="link" data-id="https://www.esthermoya.com" target="_blank" rel="noreferrer noopener">Esther Moya</a>.</p>
